000
CXUS51 KCLE 030041
CLMCLE


CLIMATE REPORT
NATIONAL WEATHER SERVICE CLEVELAND OH
736 PM EST MON MAR 2 2015

...................................

...THE CLEVELAND OH CLIMATE SUMMARY FOR THE MONTH OF FEBRUARY 2015...

CLIMATE NORMAL PERIOD 1981 TO 2010
CLIMATE RECORD PERIOD 1871 TO 2015

WEATHER         OBSERVED          NORMAL  DEPART  LAST YEAR`S
                 VALUE   DATE(S)  VALUE   FROM    VALUE
                                          NORMAL
.............................................................
TEMPERATURE (F)
RECORD
 HIGH              74   02/26/2000
 LOW              -17   02/20/2015
HIGHEST            47   02/08
LOWEST            -17R  02/20
AVG. MAXIMUM     23.4              37.5   -14.1     30.9
AVG. MINIMUM      5.2              23.6   -18.4     14.2
MEAN             14.3              30.5   -16.2     22.5
DAYS MAX >= 90      0               0.0     0.0        0
DAYS MAX <= 32     24               9.2    14.8       19
DAYS MIN <= 32     28              22.1     5.9       26
DAYS MIN <= 0      10               0.5     9.5        4

PRECIPITATION (INCHES)
RECORD
 MAXIMUM         7.73   1887
 MINIMUM         0.18   1877
TOTALS           1.86              2.34   -0.48     3.03
DAYS >= .01        14              13.9     0.1       19
DAYS >= .10         4               6.4    -2.4       10
DAYS >= .50         1               1.0     0.0        2
DAYS >= 1.00        0               0.1    -0.1        0
GREATEST
 24 HR. TOTAL    0.84   02/01 TO 02/01              0.86
                        02/01 TO 02/02

SNOWFALL (INCHES)
RECORDS
 TOTAL           39.1   1993
TOTALS           26.0              14.9    11.1     23.8
SINCE 7/1        61.4              52.2     9.2     69.7
DAYS >= 1.0         5               4.4     0.6       10
GREATEST
 24 HR TOTAL      7.2   MM

DEGREE_DAYS
HEATING TOTAL    1414               965     449     1183
 SINCE 7/1       4950              4217     733     4681
COOLING TOTAL       0                 0       0        0
 SINCE 1/1          0                 0       0        0
..............................................................

WIND (MPH)
AVERAGE WIND SPEED              10.2
HIGHEST WIND SPEED/DIRECTION    33/350    DATE  02/14
HIGHEST GUST SPEED/DIRECTION    43/350    DATE  02/14

SKY COVER
AVERAGE SKY COVER           0.70

AVERAGE RH (PERCENT)     69

WEATHER CONDITIONS. NUMBER OF DAYS WITH
THUNDERSTORM              0     MIXED PRECIP               0
HEAVY RAIN                0     RAIN                       0
LIGHT RAIN                1     FREEZING RAIN              0
LT FREEZING RAIN          5     HAIL                       0
HEAVY SNOW                0     SNOW                       9
LIGHT SNOW               22     SLEET                      2
FOG                      17     FOG W/VIS <= 1/4 MILE      5
HAZE                     11

-  INDICATES NEGATIVE NUMBERS.
R  INDICATES RECORD WAS SET OR TIED.
MM INDICATES DATA IS MISSING.
T  INDICATES TRACE AMOUNT.

$$
