000
CXUS51 KCLE 021924
CLMCLE


CLIMATE REPORT
NATIONAL WEATHER SERVICE CLEVELAND OH
322 PM EDT TUE JUL 2 2013

...................................

...THE CLEVELAND OH CLIMATE SUMMARY FOR THE MONTH OF JUNE 2013...

CLIMATE NORMAL PERIOD 1981 TO 2010
CLIMATE RECORD PERIOD 1871 TO 2013

WEATHER         OBSERVED          NORMAL  DEPART  LAST YEAR`S
                 VALUE   DATE(S)  VALUE   FROM    VALUE
                                          NORMAL
.............................................................
TEMPERATURE (F)
RECORD
 HIGH             104   06/25/1988
 LOW               31   06/11/1972
HIGHEST            91   06/25
                        06/23
LOWEST             45   06/04
AVG. MAXIMUM     77.0              78.6    -1.6     81.9
AVG. MINIMUM     60.7              59.8     0.9     60.8
MEAN             68.8              69.2    -0.4     71.4
DAYS MAX >= 90      2               2.1    -0.1        7
DAYS MAX <= 32      0               0.0     0.0        0
DAYS MIN <= 32      0               0.0     0.0        0
DAYS MIN <= 0       0               0.0     0.0        0

PRECIPITATION (INCHES)
RECORD
 MAXIMUM         9.77   1902
 MINIMUM         0.39   1933
TOTALS           7.90              3.43    4.47     2.04
DAYS >= .01        12              11.1     0.9        6
DAYS >= .10         9               6.7     2.3        4
DAYS >= .50         6               2.2     3.8        2
DAYS >= 1.00        2               0.7     1.3        0
GREATEST
 24 HR. TOTAL    2.43   06/25 TO 06/26              0.90

SNOWFALL (INCHES)
RECORDS
 TOTAL             MM   MM
TOTALS            0.0               0.0     0.0      0.0
SINCE 7/1        51.7              68.1   -16.4     38.9
DAYS >= 1.0         0               0.0     0.0        0
GREATEST
 24 HR TOTAL      0.0   06/30 TO 06/30

DEGREE_DAYS
HEATING TOTAL      39                42      -3       25
 SINCE 7/1       5809              5762      47     4683
COOLING TOTAL     164               168      -4      223
 SINCE 1/1        278               227      51      364
..............................................................

WIND (MPH)
AVERAGE WIND SPEED              8.5
HIGHEST WIND SPEED/DIRECTION    43/300    DATE  06/25
HIGHEST GUST SPEED/DIRECTION    58/310    DATE  06/25

SKY COVER
AVERAGE SKY COVER           0.60

AVERAGE RH (PERCENT)     68

WEATHER CONDITIONS. NUMBER OF DAYS WITH
THUNDERSTORM              0     MIXED PRECIP               0
HEAVY RAIN                5     RAIN                       7
LIGHT RAIN               17     FREEZING RAIN              0
LT FREEZING RAIN          0     HAIL                       0
HEAVY SNOW                0     SNOW                       0
LIGHT SNOW                0     SLEET                      0
FOG                      15     FOG W/VIS <= 1/4 MILE      1
HAZE                      2

-  INDICATES NEGATIVE NUMBERS.
R  INDICATES RECORD WAS SET OR TIED.
MM INDICATES DATA IS MISSING.
T  INDICATES TRACE AMOUNT.

$$
