000
CXUS51 KCLE 040535
CLMCLE


CLIMATE REPORT
NATIONAL WEATHER SERVICE CLEVELAND OH
1231 AM EST MON JAN 4 2016

...................................

...THE CLEVELAND OH CLIMATE SUMMARY FOR THE MONTH OF DECEMBER 2015...

CLIMATE NORMAL PERIOD 1981 TO 2010
CLIMATE RECORD PERIOD 1871 TO 2016

WEATHER         OBSERVED          NORMAL  DEPART  LAST YEAR`S
                 VALUE   DATE(S)  VALUE   FROM    VALUE
                                          NORMAL
.............................................................
TEMPERATURE (F)
RECORD
 HIGH              77   12/03/1982
 LOW              -15   12/22/1989
HIGHEST            70   12/12
LOWEST             21   12/20
AVG. MAXIMUM     51.3              38.3    13.0     40.7
AVG. MINIMUM     36.5              26.4    10.1     30.2
MEAN             43.9              32.4    11.5     35.5
DAYS MAX >= 90      0               0.0     0.0        0
DAYS MAX <= 32      0               8.7    -8.7        8
DAYS MIN <= 32      9              22.2   -13.2       21
DAYS MIN <= 0       0               0.5    -0.5        0

PRECIPITATION (INCHES)
RECORD
 MAXIMUM         8.59   1990
 MINIMUM         0.71   1958
TOTALS           2.96              3.10   -0.14     1.95
DAYS >= .01        13              16.0    -3.0       15
DAYS >= .10         9               8.1     0.9        5
DAYS >= .50         1               1.6    -0.6        1
DAYS >= 1.00        1               0.4     0.6        0
GREATEST
 24 HR. TOTAL    1.50   12/26 TO 12/27              0.82

SNOWFALL (INCHES)
RECORDS
 TOTAL           35.1   2004
TOTALS            0.3              14.1   -13.8      0.9
SINCE 7/1         1.2              18.6   -17.4     20.3
DAYS >= 1.0         0               4.2    -4.2        0
GREATEST
 24 HR TOTAL      0.3   MM

DEGREE_DAYS
HEATING TOTAL     647              1012    -365      907
 SINCE 7/1       1512              2107    -595     2241
COOLING TOTAL       0                 0       0        0
 SINCE 1/1        831               817      14      657
..............................................................

WIND (MPH)
AVERAGE WIND SPEED              10.6
HIGHEST WIND SPEED/DIRECTION    33/150    DATE  12/29
HIGHEST GUST SPEED/DIRECTION    44/160    DATE  12/28

SKY COVER
AVERAGE SKY COVER           0.80

AVERAGE RH (PERCENT)     74

WEATHER CONDITIONS. NUMBER OF DAYS WITH
THUNDERSTORM              0     MIXED PRECIP               0
HEAVY RAIN                0     RAIN                       3
LIGHT RAIN               14     FREEZING RAIN              0
LT FREEZING RAIN          1     HAIL                       0
HEAVY SNOW                0     SNOW                       3
LIGHT SNOW                5     SLEET                      0
FOG                      19     FOG W/VIS <= 1/4 MILE      4
HAZE                      7

-  INDICATES NEGATIVE NUMBERS.
R  INDICATES RECORD WAS SET OR TIED.
MM INDICATES DATA IS MISSING.
T  INDICATES TRACE AMOUNT.

$$
