000
CXUS51 KCLE 011542
CLMCLE


CLIMATE REPORT
NATIONAL WEATHER SERVICE CLEVELAND OH
1037 AM EST TUE MAR 1 2016

...................................

...THE CLEVELAND OH CLIMATE SUMMARY FOR THE MONTH OF FEBRUARY 2016...

CLIMATE NORMAL PERIOD 1981 TO 2010
CLIMATE RECORD PERIOD 1871 TO 2016

WEATHER         OBSERVED          NORMAL  DEPART  LAST YEAR`S
                 VALUE   DATE(S)  VALUE   FROM    VALUE
                                          NORMAL
.............................................................
TEMPERATURE (F)
RECORD
 HIGH              74   02/26/2000
 LOW              -17   02/20/2015
HIGHEST            67   02/20
LOWEST              1   02/14
AVG. MAXIMUM     40.6              37.5     3.1     23.4
AVG. MINIMUM     24.0              23.6     0.4      5.2
MEAN             32.3              30.5     1.8     14.3
DAYS MAX >= 90      0               0.0     0.0        0
DAYS MAX <= 32      9               9.2    -0.2       24
DAYS MIN <= 32     26              22.1     3.9       28
DAYS MIN <= 0       0               0.5    -0.5       10

PRECIPITATION (INCHES)
RECORD
 MAXIMUM         7.73   1887
 MINIMUM         0.18   1877
TOTALS           3.22              2.34    0.88     1.86
DAYS >= .01        15              13.9     1.1       14
DAYS >= .10         8               6.4     1.6        4
DAYS >= .50         2               1.0     1.0        1
DAYS >= 1.00        1               0.1     0.9        0
GREATEST
 24 HR. TOTAL    1.20   02/24 TO 02/24              0.84

SNOWFALL (INCHES)
RECORDS
 TOTAL           39.1   1993
TOTALS           13.0              14.9    -1.9     26.0
SINCE 7/1        21.8              52.2   -30.4     61.4
DAYS >= 1.0         5               4.4     0.6        5
GREATEST
 24 HR TOTAL      3.8   MM

DEGREE_DAYS
HEATING TOTAL     940               965     -25     1414
 SINCE 7/1       3591              4249    -658     4950
COOLING TOTAL       0                 0       0        0
 SINCE 1/1          0                 0       0        0
..............................................................

WIND (MPH)
AVERAGE WIND SPEED              11.8
HIGHEST WIND SPEED/DIRECTION    45/250    DATE  02/19
HIGHEST GUST SPEED/DIRECTION    56/250    DATE  02/20

SKY COVER
AVERAGE SKY COVER           0.70

AVERAGE RH (PERCENT)     69

WEATHER CONDITIONS. NUMBER OF DAYS WITH
THUNDERSTORM              0     MIXED PRECIP               0
HEAVY RAIN                0     RAIN                       2
LIGHT RAIN                7     FREEZING RAIN              0
LT FREEZING RAIN          1     HAIL                       0
HEAVY SNOW                1     SNOW                       6
LIGHT SNOW               14     SLEET                      0
FOG                      18     FOG W/VIS <= 1/4 MILE      4
HAZE                      8

-  INDICATES NEGATIVE NUMBERS.
R  INDICATES RECORD WAS SET OR TIED.
MM INDICATES DATA IS MISSING.
T  INDICATES TRACE AMOUNT.

$$
