000
CXUS51 KCLE 272003
CLMCLE


CLIMATE REPORT
NATIONAL WEATHER SERVICE CLEVELAND OH
400 PM EDT MON JUN 27 2016

...................................

...THE CLEVELAND OH CLIMATE SUMMARY FOR THE SEASON, FROM
3/1/2016 TO 5/31/2016...

CLIMATE NORMAL PERIOD 1981 TO 2010
CLIMATE RECORD PERIOD 1871 TO 2016

WEATHER         OBSERVED          NORMAL  DEPART
                 VALUE   DATE(S)  VALUE   FROM
                                          NORMAL
................................................
TEMPERATURE (F)
RECORD
 HIGH              92   05/28/2012
                        05/06/1959
                        05/31/1944
 LOW               -5   03/09/1984
                        03/12/1948
HIGHEST            90   05/28
LOWEST             19   03/03
AVG. MAXIMUM     60.7              58.4     2.3
AVG. MINIMUM     41.2              40.2     1.0
MEAN             50.9              49.3     1.6
DAYS MAX >= 90      1               0.2
DAYS MAX <= 32      1               3.8
DAYS MIN <= 32     26              24.7
DAYS MIN <= 0       0               0.0

PRECIPITATION (INCHES)
RECORD
 MAXIMUM        18.21   2011
 MINIMUM         4.45   1895
TOTALS          11.34             10.08    1.26
DAYS >= .01        44              41.8
DAYS >= .10        25              24.2
DAYS >= .50         8               6.2
DAYS >= 1.00        1               1.5

SNOWFALL (INCHES)
RECORDS
 TOTAL           30.8   2005
TOTALS           11.0              15.9
DAYS >= TRACE      14
DAYS >= 1.0         4               4.6

DEGREE_DAYS
HEATING TOTAL    1355              1503    -148
COOLING TOTAL      81                60      21
.................................................

WIND (MPH)
HIGHEST GUST SPEED/DIRECTION    51/250    DATE  03/28

SKY COVER
POSSIBLE SUNSHINE (PERCENT)   53
AVERAGE SKY COVER           0.70
NUMBER OF DAYS FAIR           14
NUMBER OF DAYS PC             29
NUMBER OF DAYS CLOUDY         49


WEATHER CONDITIONS. NUMBER OF DAYS WITH
THUNDERSTORM              0     MIXED PRECIP               0
HEAVY RAIN                5     RAIN                      19
LIGHT RAIN               42     FREEZING RAIN              0
LT FREEZING RAIN          0     HAIL                       0
HEAVY SNOW                1     SNOW                       4
LIGHT SNOW               14     SLEET                      0
FOG                      42     FOG W/VIS <= 1/4 MILE      3
HAZE                      8

-  INDICATES NEGATIVE NUMBERS.
R  INDICATES RECORD WAS SET OR TIED.
MM INDICATES DATA IS MISSING.
T  INDICATES TRACE AMOUNT.

$$
