000
CXUS51 KCLE 051802
CLMCLE


CLIMATE REPORT
NATIONAL WEATHER SERVICE CLEVELAND OH
101 PM EST THU FEB 5 2015

...................................

...THE CLEVELAND OH CLIMATE SUMMARY FOR THE MONTH OF JANUARY 2015...

CLIMATE NORMAL PERIOD 1981 TO 2010
CLIMATE RECORD PERIOD 1871 TO 2015

WEATHER         OBSERVED          NORMAL  DEPART  LAST YEAR`S
                 VALUE   DATE(S)  VALUE   FROM    VALUE
                                          NORMAL
.............................................................
TEMPERATURE (F)
RECORD
 HIGH              73   01/25/1950
 LOW              -20   01/19/1994
HIGHEST            57   01/04
LOWEST             -5   01/14
AVG. MAXIMUM     30.4              34.4    -4.0     29.7
AVG. MINIMUM     15.5              21.7    -6.2     13.7
MEAN             23.0              28.1    -5.1     21.7
DAYS MAX >= 90      0               0.0     0.0        0
DAYS MAX <= 32     18              13.1     4.9       15
DAYS MIN <= 32     30              25.0     5.0       26
DAYS MIN <= 0       3               1.4     1.6        6

PRECIPITATION (INCHES)
RECORD
 MAXIMUM         7.01   1950
 MINIMUM         0.31   1871
TOTALS           2.94              2.72    0.22     2.00
DAYS >= .01        18              17.1     0.9       21
DAYS >= .10         6               7.5    -1.5        7
DAYS >= .50         2               1.1     0.9        0
DAYS >= 1.00        1               0.2     0.8        0
GREATEST
 24 HR. TOTAL    1.69   01/03 TO 01/04              0.39

SNOWFALL (INCHES)
RECORDS
 TOTAL           42.8   1978
TOTALS           15.1              18.7    -3.6     23.7
SINCE 7/1        35.4              37.3    -1.9     45.9
DAYS >= 1.0         5               5.8    -0.8        5
GREATEST
 24 HR TOTAL      2.7   MM

DEGREE_DAYS
HEATING TOTAL    1295              1145     150     1334
 SINCE 7/1       3536              3252     284     3498
COOLING TOTAL       0                 0       0        0
 SINCE 1/1          0                 0       0        0
..............................................................

WIND (MPH)
AVERAGE WIND SPEED              11.4
HIGHEST WIND SPEED/DIRECTION    38/250    DATE  01/04
HIGHEST GUST SPEED/DIRECTION    49/250    DATE  01/04

SKY COVER
AVERAGE SKY COVER           0.80

AVERAGE RH (PERCENT)     73

WEATHER CONDITIONS. NUMBER OF DAYS WITH
THUNDERSTORM              0     MIXED PRECIP               0
HEAVY RAIN                1     RAIN                       3
LIGHT RAIN                5     FREEZING RAIN              0
LT FREEZING RAIN          1     HAIL                       0
HEAVY SNOW                2     SNOW                       4
LIGHT SNOW               22     SLEET                      1
FOG                      20     FOG W/VIS <= 1/4 MILE      2
HAZE                     15

-  INDICATES NEGATIVE NUMBERS.
R  INDICATES RECORD WAS SET OR TIED.
MM INDICATES DATA IS MISSING.
T  INDICATES TRACE AMOUNT.

$$
