000
CXUS51 KCLE 011858
CLMCLE


CLIMATE REPORT
NATIONAL WEATHER SERVICE CLEVELAND OH
149 PM EST SAT FEB 1 2014

...................................

...THE CLEVELAND OH CLIMATE SUMMARY FOR THE MONTH OF JANUARY 2014...

CLIMATE NORMAL PERIOD 1981 TO 2010
CLIMATE RECORD PERIOD 1871 TO 2014

WEATHER         OBSERVED          NORMAL  DEPART  LAST YEAR`S
                 VALUE   DATE(S)  VALUE   FROM    VALUE
                                          NORMAL
.............................................................
TEMPERATURE (F)
RECORD
 HIGH              73   01/25/1950
 LOW              -20   01/19/1994
HIGHEST            51   01/11
LOWEST            -11   01/07
                        01/06
AVG. MAXIMUM     29.7              34.4    -4.7     37.2
AVG. MINIMUM     13.7              21.7    -8.0     23.6
MEAN             21.7              28.1    -6.4     30.4
DAYS MAX >= 90      0               0.0     0.0        0
DAYS MAX <= 32     15              13.1     1.9       12
DAYS MIN <= 32     26              25.0     1.0       25
DAYS MIN <= 0       6               1.4     4.6        0

PRECIPITATION (INCHES)
RECORD
 MAXIMUM         7.01   1950
 MINIMUM         0.31   1871
TOTALS           2.00              2.72   -0.72     2.17
DAYS >= .01        21              17.1     3.9       14
DAYS >= .10         7               7.5    -0.5        6
DAYS >= .50         0               1.1    -1.1        2
DAYS >= 1.00        0               0.2    -0.2        0
GREATEST
 24 HR. TOTAL    0.39   01/05 TO 01/06              0.56

SNOWFALL (INCHES)
RECORDS
 TOTAL           42.8   1978
TOTALS           23.7              18.7     5.0      5.4
SINCE 7/1        45.9              37.3     8.6     20.9
DAYS >= 1.0         5               5.8    -0.8        2
GREATEST
 24 HR TOTAL      5.3   01/25 TO 01/25

DEGREE_DAYS
HEATING TOTAL    1334              1145     189     1065
 SINCE 7/1       3498              3252     246     3146
COOLING TOTAL       0                 0       0        0
 SINCE 1/1          0                 0       0        0
..............................................................

WIND (MPH)
AVERAGE WIND SPEED              13.3
HIGHEST WIND SPEED/DIRECTION    44/280    DATE  01/27
HIGHEST GUST SPEED/DIRECTION    53/280    DATE  01/27

SKY COVER
AVERAGE SKY COVER           0.80

AVERAGE RH (PERCENT)     67

WEATHER CONDITIONS. NUMBER OF DAYS WITH
THUNDERSTORM              0     MIXED PRECIP               1
HEAVY RAIN                0     RAIN                       0
LIGHT RAIN                4     FREEZING RAIN              0
LT FREEZING RAIN          0     HAIL                       0
HEAVY SNOW                3     SNOW                       8
LIGHT SNOW               22     SLEET                      0
FOG                      11     FOG W/VIS <= 1/4 MILE      0
HAZE                     12

-  INDICATES NEGATIVE NUMBERS.
R  INDICATES RECORD WAS SET OR TIED.
MM INDICATES DATA IS MISSING.
T  INDICATES TRACE AMOUNT.

$$
