000
CXUS51 KCLE 070231
CLMCLE


CLIMATE REPORT
NATIONAL WEATHER SERVICE CLEVELAND OH
912 PM EST SAT DEC 6 2014

...................................

...THE CLEVELAND OH CLIMATE SUMMARY FOR THE MONTH OF NOVEMBER 2014...

CLIMATE NORMAL PERIOD 1981 TO 2010
CLIMATE RECORD PERIOD 1871 TO 2014

WEATHER         OBSERVED          NORMAL  DEPART  LAST YEAR`S
                 VALUE   DATE(S)  VALUE   FROM    VALUE
                                          NORMAL
.............................................................
TEMPERATURE (F)
RECORD
 HIGH              82   11/01/1950
 LOW                0   11/22/1880
HIGHEST            66   11/11
LOWEST             10   11/18
AVG. MAXIMUM     43.9              50.8    -6.9     47.1
AVG. MINIMUM     30.2              36.9    -6.7     33.2
MEAN             37.1              43.9    -6.8     40.1
DAYS MAX >= 90      0               0.0     0.0        0
DAYS MAX <= 32      6               0.9     5.1        2
DAYS MIN <= 32     19               9.4     9.6       17
DAYS MIN <= 0       0               0.0     0.0        0

PRECIPITATION (INCHES)
RECORD
 MAXIMUM         8.80   1985
 MINIMUM         0.41   1904
TOTALS           3.68              3.62    0.06     2.88
DAYS >= .01        18              13.5     4.5       14
DAYS >= .10        11               8.2     2.8        8
DAYS >= .50         3               2.2     0.8        2
DAYS >= 1.00        0               0.7    -0.7        0
GREATEST
 24 HR. TOTAL    0.87   10/31 TO 11/01              0.73

SNOWFALL (INCHES)
RECORDS
 TOTAL           23.4   1996
TOTALS           19.4               4.3    15.1      4.7
SINCE 7/1        19.4               4.5    14.9      4.7
DAYS >= 1.0         5               1.5     3.5        1
GREATEST
 24 HR TOTAL      7.0   11/27 TO 11/27

DEGREE_DAYS
HEATING TOTAL     834               635     199      738
 SINCE 7/1       1334              1095     239     1149
COOLING TOTAL       0                 1      -1        0
 SINCE 1/1        657               817    -160      889
..............................................................

WIND (MPH)
AVERAGE WIND SPEED              12.4
HIGHEST WIND SPEED/DIRECTION    48/230    DATE  11/24
HIGHEST GUST SPEED/DIRECTION    64/220    DATE  11/24

SKY COVER
AVERAGE SKY COVER           0.80

AVERAGE RH (PERCENT)     69

WEATHER CONDITIONS. NUMBER OF DAYS WITH
THUNDERSTORM              0     MIXED PRECIP               0
HEAVY RAIN                1     RAIN                       3
LIGHT RAIN               12     FREEZING RAIN              0
LT FREEZING RAIN          0     HAIL                       0
HEAVY SNOW                1     SNOW                       6
LIGHT SNOW               11     SLEET                      0
FOG                      15     FOG W/VIS <= 1/4 MILE      2
HAZE                      6

-  INDICATES NEGATIVE NUMBERS.
R  INDICATES RECORD WAS SET OR TIED.
MM INDICATES DATA IS MISSING.
T  INDICATES TRACE AMOUNT.

$$
