000
CXUS51 KCLE 011554
CLMCLE


CLIMATE REPORT
NATIONAL WEATHER SERVICE CLEVELAND OH
1145 AM EDT FRI NOV 1 2013

...................................

...THE CLEVELAND OH CLIMATE SUMMARY FOR THE MONTH OF OCTOBER 2013...

CLIMATE NORMAL PERIOD 1981 TO 2010
CLIMATE RECORD PERIOD 1871 TO 2013

WEATHER         OBSERVED          NORMAL  DEPART  LAST YEAR`S
                 VALUE   DATE(S)  VALUE   FROM    VALUE
                                          NORMAL
.............................................................
TEMPERATURE (F)
RECORD
 HIGH              90   10/06/1946
 LOW               19   10/31/1988
HIGHEST            80   10/06
                        10/04
                        10/03
LOWEST             32   10/29
AVG. MAXIMUM     64.9              62.3     2.6     60.5
AVG. MINIMUM     46.4              45.4     1.0     45.5
MEAN             55.6              53.8     1.8     53.0
DAYS MAX >= 90      0               0.0     0.0        0
DAYS MAX <= 32      0               0.0     0.0        0
DAYS MIN <= 32      1               0.9     0.1        0
DAYS MIN <= 0       0               0.0     0.0        0

PRECIPITATION (INCHES)
RECORD
 MAXIMUM        10.40   2012
 MINIMUM         0.47   1886
TOTALS           4.70              3.07    1.63    10.40
DAYS >= .01        13              11.4     1.6       20
DAYS >= .10        11               6.9     4.1       14
DAYS >= .50         3               1.9     1.1        8
DAYS >= 1.00        1               0.4     0.6        3
GREATEST
 24 HR. TOTAL    1.89   10/06 TO 10/07              2.51

SNOWFALL (INCHES)
RECORDS
 TOTAL            8.0   1962
TOTALS              T               0.2    -0.2      0.0
SINCE 7/1           T               0.2    -0.2      0.0
DAYS >= 1.0         0               0.1    -0.1        0
GREATEST
 24 HR TOTAL        T   10/25 TO 10/25

DEGREE_DAYS
HEATING TOTAL     317               357     -40      372
 SINCE 7/1        411               460     -49      511
COOLING TOTAL      34                12      22       10
 SINCE 1/1        889               816      73     1096
..............................................................

WIND (MPH)
AVERAGE WIND SPEED              8.4
HIGHEST WIND SPEED/DIRECTION    33/220    DATE  10/06
HIGHEST GUST SPEED/DIRECTION    56/190    DATE  10/06

SKY COVER
AVERAGE SKY COVER           0.60

AVERAGE RH (PERCENT)     70

WEATHER CONDITIONS. NUMBER OF DAYS WITH
THUNDERSTORM              0     MIXED PRECIP               0
HEAVY RAIN                5     RAIN                       8
LIGHT RAIN               14     FREEZING RAIN              0
LT FREEZING RAIN          0     HAIL                       0
HEAVY SNOW                0     SNOW                       1
LIGHT SNOW                2     SLEET                      1
FOG                      13     FOG W/VIS <= 1/4 MILE      1
HAZE                      6

-  INDICATES NEGATIVE NUMBERS.
R  INDICATES RECORD WAS SET OR TIED.
MM INDICATES DATA IS MISSING.
T  INDICATES TRACE AMOUNT.

$$
