000
CXUS51 KCLE 021328
CLMCLE


CLIMATE REPORT
NATIONAL WEATHER SERVICE CLEVELAND OH
927 AM EDT FRI OCT 2 2015

...................................

...THE CLEVELAND OH CLIMATE SUMMARY FOR THE MONTH OF SEPTEMBER 2015...

CLIMATE NORMAL PERIOD 1981 TO 2010
CLIMATE RECORD PERIOD 1871 TO 2015

WEATHER         OBSERVED          NORMAL  DEPART  LAST YEAR`S
                 VALUE   DATE(S)  VALUE   FROM    VALUE
                                          NORMAL
.............................................................
TEMPERATURE (F)
RECORD
 HIGH             101   09/03/1953
                        09/02/1953
                        09/01/1953
 LOW               32   09/29/1942
HIGHEST            90   09/07
                        09/03
LOWEST             48   09/14
AVG. MAXIMUM     78.0              73.9     4.1     72.8
AVG. MINIMUM     59.6              56.0     3.6     53.1
MEAN             68.8              65.0     3.8     63.0
DAYS MAX >= 90      2               0.6     1.4        1
DAYS MAX <= 32      0               0.0     0.0        0
DAYS MIN <= 32      0               0.0     0.0        0
DAYS MIN <= 0       0               0.0     0.0        0

PRECIPITATION (INCHES)
RECORD
 MAXIMUM        11.05   1996
 MINIMUM         0.48   1908
TOTALS           4.91              3.81    1.10     4.47
DAYS >= .01         9              10.0    -1.0       11
DAYS >= .10         8               6.7     1.3        7
DAYS >= .50         3               2.8     0.2        2
DAYS >= 1.00        3               1.0     2.0        2
GREATEST
 24 HR. TOTAL    2.48   09/11 TO 09/12              1.86

SNOWFALL (INCHES)
RECORDS
 TOTAL             MM   MM
TOTALS            0.0               0.0     0.0      0.0
SINCE 7/1         0.0               0.0     0.0      0.0
DAYS >= 1.0         0               0.0     0.0        0
GREATEST
 24 HR TOTAL      0.0   09/30 TO 09/30

DEGREE_DAYS
HEATING TOTAL      36                91     -55      118
 SINCE 7/1         50               103     -53      143
COOLING TOTAL     158                89      69       63
 SINCE 1/1        827               804      23      653
..............................................................

WIND (MPH)
AVERAGE WIND SPEED              8.1
HIGHEST WIND SPEED/DIRECTION    28/030    DATE  09/29
HIGHEST GUST SPEED/DIRECTION    37/040    DATE  09/29

SKY COVER
AVERAGE SKY COVER           0.50

AVERAGE RH (PERCENT)     69

WEATHER CONDITIONS. NUMBER OF DAYS WITH
THUNDERSTORM              0     MIXED PRECIP               0
HEAVY RAIN                3     RAIN                       3
LIGHT RAIN               10     FREEZING RAIN              0
LT FREEZING RAIN          0     HAIL                       0
HEAVY SNOW                0     SNOW                       0
LIGHT SNOW                0     SLEET                      0
FOG                       8     FOG W/VIS <= 1/4 MILE      0
HAZE                      0

-  INDICATES NEGATIVE NUMBERS.
R  INDICATES RECORD WAS SET OR TIED.
MM INDICATES DATA IS MISSING.
T  INDICATES TRACE AMOUNT.

$$
