000
CXUS51 KCLE 041950
CLMCLE


CLIMATE REPORT
NATIONAL WEATHER SERVICE CLEVELAND OH
350 PM EDT MON MAY 4 2015

...................................

...THE CLEVELAND OH CLIMATE SUMMARY FOR THE MONTH OF APRIL 2015...

CLIMATE NORMAL PERIOD 1981 TO 2010
CLIMATE RECORD PERIOD 1871 TO 2015

WEATHER         OBSERVED          NORMAL  DEPART  LAST YEAR`S
                 VALUE   DATE(S)  VALUE   FROM    VALUE
                                          NORMAL
.............................................................
TEMPERATURE (F)
RECORD
 HIGH              88   04/28/1986
                        04/30/1942
                        04/24/1925
 LOW               10   04/01/1964
HIGHEST            79   04/13
LOWEST             27   04/24
AVG. MAXIMUM     59.5              59.1     0.4     60.7
AVG. MINIMUM     40.0              40.4    -0.4     41.0
MEAN             49.7              49.8    -0.1     50.8
DAYS MAX >= 90      0               0.0     0.0        0
DAYS MAX <= 32      0               0.2    -0.2        0
DAYS MIN <= 32      4               5.6    -1.6        3
DAYS MIN <= 0       0               0.0     0.0        0

PRECIPITATION (INCHES)
RECORD
 MAXIMUM         6.89   2011
 MINIMUM         0.65   1915
TOTALS           2.77              3.49   -0.72     4.96
DAYS >= .01        17              14.4     2.6       14
DAYS >= .10         7               8.1    -1.1       12
DAYS >= .50         1               2.3    -1.3        3
DAYS >= 1.00        0               0.6    -0.6        1
GREATEST
 24 HR. TOTAL    0.75   04/09 TO 04/10              1.20

SNOWFALL (INCHES)
RECORDS
 TOTAL           19.0   2005
TOTALS            0.9               3.3    -2.4      1.3
SINCE 7/1        67.1              68.1    -1.0     86.1
DAYS >= 1.0         0               1.0    -1.0        1
GREATEST
 24 HR TOTAL      0.8   MM

DEGREE_DAYS
HEATING TOTAL     450               468     -18      425
 SINCE 7/1       6355              5511     844     6115
COOLING TOTAL       1                10      -9        7
 SINCE 1/1          1                11     -10        7
..............................................................

WIND (MPH)
AVERAGE WIND SPEED              10.4
HIGHEST WIND SPEED/DIRECTION    38/240    DATE  04/21
HIGHEST GUST SPEED/DIRECTION    51/230    DATE  04/21

SKY COVER
AVERAGE SKY COVER           0.70

AVERAGE RH (PERCENT)     64

WEATHER CONDITIONS. NUMBER OF DAYS WITH
THUNDERSTORM              0     MIXED PRECIP               0
HEAVY RAIN                3     RAIN                       8
LIGHT RAIN               17     FREEZING RAIN              0
LT FREEZING RAIN          0     HAIL                       0
HEAVY SNOW                0     SNOW                       1
LIGHT SNOW                2     SLEET                      0
FOG                      14     FOG W/VIS <= 1/4 MILE      1
HAZE                      5

-  INDICATES NEGATIVE NUMBERS.
R  INDICATES RECORD WAS SET OR TIED.
MM INDICATES DATA IS MISSING.
T  INDICATES TRACE AMOUNT.

$$
