000
CXUS51 KCLE 021848
CLMCLE


CLIMATE REPORT
NATIONAL WEATHER SERVICE CLEVELAND OH
245 PM EDT THU JUN 2 2016

...................................

...THE CLEVELAND OH CLIMATE SUMMARY FOR THE MONTH OF MAY 2016...

CLIMATE NORMAL PERIOD 1981 TO 2010
CLIMATE RECORD PERIOD 1871 TO 2016

WEATHER         OBSERVED          NORMAL  DEPART  LAST YEAR`S
                 VALUE   DATE(S)  VALUE   FROM    VALUE
                                          NORMAL
.............................................................
TEMPERATURE (F)
RECORD
 HIGH              92   05/28/2012
                        05/06/1959
                        05/31/1944
 LOW               25   05/10/1966
HIGHEST            90   05/28
LOWEST             37   05/16
AVG. MAXIMUM     70.5              69.5     1.0     74.6
AVG. MINIMUM     50.6              50.1     0.5     53.6
MEAN             60.5              59.8     0.7     64.1
DAYS MAX >= 90      1               0.2     0.8        0
DAYS MAX <= 32      0               0.0     0.0        0
DAYS MIN <= 32      0               0.2    -0.2        0
DAYS MIN <= 0       0               0.0     0.0        0

PRECIPITATION (INCHES)
RECORD
 MAXIMUM         9.14   1989
 MINIMUM         0.58   1934
TOTALS           3.31              3.66   -0.35     4.09
DAYS >= .01        13              13.2    -0.2       13
DAYS >= .10         7               8.3    -1.3        5
DAYS >= .50         3               2.3     0.7        4
DAYS >= 1.00        0               0.7    -0.7        1
GREATEST
 24 HR. TOTAL    0.85   05/01 TO 05/02              1.41

SNOWFALL (INCHES)
RECORDS
 TOTAL            2.1   1974
TOTALS              T               0.0     0.0      0.0
SINCE 7/1        32.8              68.1   -35.3     67.1
DAYS >= 1.0         0               0.0     0.0        0
GREATEST
 24 HR TOTAL        T   05/15 TO 05/15

DEGREE_DAYS
HEATING TOTAL     212               209       3      138
 SINCE 7/1       4946              5720    -774     6493
COOLING TOTAL      81                48      33      120
 SINCE 1/1         81                59      22      121
..............................................................

WIND (MPH)
AVERAGE WIND SPEED              8.1
HIGHEST WIND SPEED/DIRECTION    31/300    DATE  05/29
HIGHEST GUST SPEED/DIRECTION    40/300    DATE  05/29

SKY COVER
AVERAGE SKY COVER           0.60

AVERAGE RH (PERCENT)     64

WEATHER CONDITIONS. NUMBER OF DAYS WITH
THUNDERSTORM              0     MIXED PRECIP               0
HEAVY RAIN                2     RAIN                       7
LIGHT RAIN               15     FREEZING RAIN              0
LT FREEZING RAIN          0     HAIL                       0
HEAVY SNOW                0     SNOW                       0
LIGHT SNOW                1     SLEET                      0
FOG                      12     FOG W/VIS <= 1/4 MILE      1
HAZE                      2

-  INDICATES NEGATIVE NUMBERS.
R  INDICATES RECORD WAS SET OR TIED.
MM INDICATES DATA IS MISSING.
T  INDICATES TRACE AMOUNT.

$$
