000
CXUS51 KCLE 021741
CLMCLE


CLIMATE REPORT
NATIONAL WEATHER SERVICE CLEVELAND OH
138 PM EDT TUE SEP 2 2014

...................................

...THE CLEVELAND OH CLIMATE SUMMARY FOR THE SUMMER SEASON, FROM
6/1/2014 TO 8/31/2014...

CLIMATE NORMAL PERIOD 1981 TO 2010
CLIMATE RECORD PERIOD 1871 TO 2014

WEATHER         OBSERVED          NORMAL  DEPART
                 VALUE   DATE(S)  VALUE   FROM
                                          NORMAL
................................................
TEMPERATURE (F)
RECORD
 HIGH             104   06/25/1988
 LOW               31   06/11/1972
HIGHEST            90   06/28
                        06/17
                        06/18
LOWEST             46   06/06
AVG. MAXIMUM     78.8              80.7    -1.9
AVG. MINIMUM     61.1              62.5    -1.4
MEAN             69.9              71.6    -1.7
DAYS MAX >= 90      3               8.2
DAYS MAX <= 32      0               0.0
DAYS MIN <= 32      0               0.0
DAYS MIN <= 0       0               0.0

PRECIPITATION (INCHES)
RECORD
 MAXIMUM        19.88   1972
 MINIMUM         3.63   1933
TOTALS          14.84             10.40    4.44
DAYS >= .01        38              31.2
DAYS >= .10        27              19.2
DAYS >= .50         7               6.6
DAYS >= 1.00        3               2.4

SNOWFALL (INCHES)
RECORDS
 TOTAL             MM   MM
TOTALS            0.0               0.0
DAYS >= TRACE       0
DAYS >= 1.0         0               0.0

DEGREE_DAYS
HEATING TOTAL      45                53      -8
COOLING TOTAL     524               656    -132
.................................................

WIND (MPH)
HIGHEST GUST SPEED/DIRECTION    52/250    DATE  06/18

SKY COVER
POSSIBLE SUNSHINE (PERCENT)   63
AVERAGE SKY COVER           0.60
NUMBER OF DAYS FAIR           19
NUMBER OF DAYS PC             50
NUMBER OF DAYS CLOUDY         23


WEATHER CONDITIONS. NUMBER OF DAYS WITH
THUNDERSTORM              0     MIXED PRECIP               0
HEAVY RAIN               15     RAIN                      19
LIGHT RAIN               47     FREEZING RAIN              0
LT FREEZING RAIN          0     HAIL                       0
HEAVY SNOW                0     SNOW                       0
LIGHT SNOW                0     SLEET                      0
FOG                      52     FOG W/VIS <= 1/4 MILE      1
HAZE                     21

-  INDICATES NEGATIVE NUMBERS.
R  INDICATES RECORD WAS SET OR TIED.
MM INDICATES DATA IS MISSING.
T  INDICATES TRACE AMOUNT.

$$
