000
CXUS51 KCLE 030241
CLMCLE


CLIMATE REPORT
NATIONAL WEATHER SERVICE CLEVELAND OH
1038 PM EDT SUN JUL 2 2017

...................................

...THE CLEVELAND OH CLIMATE SUMMARY FOR THE MONTH OF JUNE 2017...

CLIMATE NORMAL PERIOD 1981 TO 2010
CLIMATE RECORD PERIOD 1871 TO 2017

WEATHER         OBSERVED          NORMAL  DEPART  LAST YEAR`S
                 VALUE   DATE(S)  VALUE   FROM    VALUE
                                          NORMAL
.............................................................
TEMPERATURE (F)
RECORD
 HIGH             104   06/25/1988
 LOW               31   06/11/1972
HIGHEST            93   06/13
                        06/12
LOWEST             50   06/08
AVG. MAXIMUM     81.8              78.6     3.2     82.0
AVG. MINIMUM     62.6              59.8     2.8     61.8
MEAN             72.2              69.2     3.0     71.9
DAYS MAX >= 90      6               2.1     3.9        4
DAYS MAX <= 32      0               0.0     0.0        0
DAYS MIN <= 32      0               0.0     0.0        0
DAYS MIN <= 0       0               0.0     0.0        0

PRECIPITATION (INCHES)
RECORD
 MAXIMUM         9.77   1902
 MINIMUM         0.39   1933
TOTALS           5.85              3.43    2.42     2.12
DAYS >= .01        13              11.1     1.9        9
DAYS >= .10         7               6.7     0.3        3
DAYS >= .50         3               2.2     0.8        1
DAYS >= 1.00        2               0.7     1.3        1
GREATEST
 24 HR. TOTAL    2.60   06/30 TO 06/30              1.26

SNOWFALL (INCHES)
RECORDS
 TOTAL             MM   MM
TOTALS            0.0               0.0     0.0      0.0
SINCE 7/1        37.3              68.1   -30.8     32.8
DAYS >= 1.0         0               0.0     0.0        0
GREATEST
 24 HR TOTAL      0.0   06/30 TO 06/30

DEGREE_DAYS
HEATING TOTAL      17                42     -25       13
 SINCE 7/1       4567              5762   -1195     4959
COOLING TOTAL     237               168      69      227
 SINCE 1/1        325               227      98      308
..............................................................

WIND (MPH)
AVERAGE WIND SPEED              9.4
HIGHEST WIND SPEED/DIRECTION    40/290    DATE  06/30
HIGHEST GUST SPEED/DIRECTION    47/290    DATE  06/30

SKY COVER
AVERAGE SKY COVER           0.60

AVERAGE RH (PERCENT)     62

WEATHER CONDITIONS. NUMBER OF DAYS WITH
THUNDERSTORM              0     MIXED PRECIP               0
HEAVY RAIN                6     RAIN                       6
LIGHT RAIN               14     FREEZING RAIN              0
LT FREEZING RAIN          0     HAIL                       0
HEAVY SNOW                0     SNOW                       0
LIGHT SNOW                0     SLEET                      0
FOG                       9     FOG W/VIS <= 1/4 MILE      1
HAZE                      1

-  INDICATES NEGATIVE NUMBERS.
R  INDICATES RECORD WAS SET OR TIED.
MM INDICATES DATA IS MISSING.
T  INDICATES TRACE AMOUNT.

$$
