000
CXUS51 KCLE 041741
CLMCLE


CLIMATE REPORT...CORRECTED
NATIONAL WEATHER SERVICE CLEVELAND OH
139 PM EDT WED JUN 4 2014

...................................

...THE CLEVELAND OH CLIMATE SUMMARY FOR THE MONTH OF MAY 2014...

CLIMATE NORMAL PERIOD 1981 TO 2010
CLIMATE RECORD PERIOD 1871 TO 2014

WEATHER         OBSERVED          NORMAL  DEPART  LAST YEAR`S
                 VALUE   DATE(S)  VALUE   FROM    VALUE
                                          NORMAL
.............................................................
TEMPERATURE (F)
RECORD
 HIGH              92   05/28/2012
                        05/06/1959
                        05/31/1944
 LOW               25   05/10/1966
HIGHEST            88   05/13
LOWEST             38   05/18
                        05/06
AVG. MAXIMUM     70.5              69.5     1.0     73.5
AVG. MINIMUM     51.3              50.1     1.2     53.2
MEAN             60.9              59.8     1.1     63.3
DAYS MAX >= 90      0               0.2    -0.2        0
DAYS MAX <= 32      0               0.0     0.0        0
DAYS MIN <= 32      0               0.2    -0.2        0
DAYS MIN <= 0       0               0.0     0.0        0

PRECIPITATION (INCHES)
RECORD
 MAXIMUM         9.14   1989
 MINIMUM         0.58   1934
TOTALS           4.08              3.66    0.42     2.37
DAYS >= .01        12              13.2    -1.2       12
DAYS >= .10         4               8.3    -4.3        6
DAYS >= .50         2               2.3    -0.3        1
DAYS >= 1.00        1               0.7     0.3        0
GREATEST
 24 HR. TOTAL    2.64   05/12 TO 05/12              0.74
                        05/11 TO 05/12
                        05/12 TO 05/12

SNOWFALL (INCHES)
RECORDS
 TOTAL            2.1   1974
TOTALS            0.0               0.0     0.0      0.0
SINCE 7/1        86.1              68.1    18.0     51.7
DAYS >= 1.0         0               0.0     0.0        0
GREATEST
 24 HR TOTAL      0.0   05/31 TO 05/31

DEGREE_DAYS
HEATING TOTAL     180               209     -29      155
 SINCE 7/1       6295              5720     575     5770
COOLING TOTAL      59                48      11      112
 SINCE 1/1         66                59       7      114
..............................................................

WIND (MPH)
AVERAGE WIND SPEED              8.6
HIGHEST WIND SPEED/DIRECTION    33/290    DATE  05/09
HIGHEST GUST SPEED/DIRECTION    41/290    DATE  05/09

SKY COVER
AVERAGE SKY COVER           0.60

AVERAGE RH (PERCENT)     65

WEATHER CONDITIONS. NUMBER OF DAYS WITH
THUNDERSTORM              0     MIXED PRECIP               0
HEAVY RAIN                4     RAIN                       3
LIGHT RAIN               15     FREEZING RAIN              0
LT FREEZING RAIN          0     HAIL                       0
HEAVY SNOW                0     SNOW                       0
LIGHT SNOW                0     SLEET                      0
FOG                       9     FOG W/VIS <= 1/4 MILE      1
HAZE                      3

-  INDICATES NEGATIVE NUMBERS.
R  INDICATES RECORD WAS SET OR TIED.
MM INDICATES DATA IS MISSING.
T  INDICATES TRACE AMOUNT.

*CORRECTED OBSERVED PRECIPITATION TOTAL*

$$
