000
CXUS51 KCLE 011323
CLMCLE


CLIMATE REPORT
NATIONAL WEATHER SERVICE CLEVELAND OH
923 AM EDT TUE JUL 1 2014

...................................

...THE CLEVELAND OH CLIMATE SUMMARY FOR THE MONTH OF JUNE 2014...

CLIMATE NORMAL PERIOD 1981 TO 2010
CLIMATE RECORD PERIOD 1871 TO 2014

WEATHER         OBSERVED          NORMAL  DEPART  LAST YEAR`S
                 VALUE   DATE(S)  VALUE   FROM    VALUE
                                          NORMAL
.............................................................
TEMPERATURE (F)
RECORD
 HIGH             104   06/25/1988
 LOW               31   06/11/1972
HIGHEST            90   06/28
                        06/18
                        06/17
LOWEST             46   06/06
AVG. MAXIMUM     79.3              78.6     0.7     77.0
AVG. MINIMUM     60.9              59.8     1.1     60.7
MEAN             70.1              69.2     0.9     68.8
DAYS MAX >= 90      3               2.1     0.9        2
DAYS MAX <= 32      0               0.0     0.0        0
DAYS MIN <= 32      0               0.0     0.0        0
DAYS MIN <= 0       0               0.0     0.0        0

PRECIPITATION (INCHES)
RECORD
 MAXIMUM         9.77   1902
 MINIMUM         0.39   1933
TOTALS           6.26              3.43    2.83     7.90
DAYS >= .01        14              11.1     2.9       12
DAYS >= .10         9               6.7     2.3        9
DAYS >= .50         2               2.2    -0.2        6
DAYS >= 1.00        1               0.7     0.3        2
GREATEST
 24 HR. TOTAL    4.05   06/24 TO 06/25              2.43

SNOWFALL (INCHES)
RECORDS
 TOTAL             MM   MM
TOTALS            0.0               0.0     0.0      0.0
SINCE 7/1        86.1              68.1    18.0     51.7
DAYS >= 1.0         0               0.0     0.0        0
GREATEST
 24 HR TOTAL      0.0   06/30 TO 06/30

DEGREE_DAYS
HEATING TOTAL      20                42     -22       39
 SINCE 7/1       6315              5762     553     5809
COOLING TOTAL     182               168      14      164
 SINCE 1/1        248               227      21      278
..............................................................

WIND (MPH)
AVERAGE WIND SPEED              8.0
HIGHEST WIND SPEED/DIRECTION    39/260    DATE  06/18
HIGHEST GUST SPEED/DIRECTION    52/250    DATE  06/18

SKY COVER
AVERAGE SKY COVER           0.60

AVERAGE RH (PERCENT)     69

WEATHER CONDITIONS. NUMBER OF DAYS WITH
THUNDERSTORM              0     MIXED PRECIP               0
HEAVY RAIN                3     RAIN                       6
LIGHT RAIN               16     FREEZING RAIN              0
LT FREEZING RAIN          0     HAIL                       0
HEAVY SNOW                0     SNOW                       0
LIGHT SNOW                0     SLEET                      0
FOG                      17     FOG W/VIS <= 1/4 MILE      0
HAZE                      5

-  INDICATES NEGATIVE NUMBERS.
R  INDICATES RECORD WAS SET OR TIED.
MM INDICATES DATA IS MISSING.
T  INDICATES TRACE AMOUNT.

$$
