000
CXUS51 KCLE 012245
CLMCLE


CLIMATE REPORT
NATIONAL WEATHER SERVICE CLEVELAND OH
639 PM EDT MON AUG 1 2016

...................................

...THE CLEVELAND OH CLIMATE SUMMARY FOR THE MONTH OF JULY 2016...

CLIMATE NORMAL PERIOD 1981 TO 2010
CLIMATE RECORD PERIOD 1871 TO 2016

WEATHER         OBSERVED          NORMAL  DEPART  LAST YEAR`S
                 VALUE   DATE(S)  VALUE   FROM    VALUE
                                          NORMAL
.............................................................
TEMPERATURE (F)
RECORD
 HIGH             103   07/27/1941
 LOW               41   07/04/1968
HIGHEST            95   07/22
                        07/13
LOWEST             56   07/03
                        07/02
AVG. MAXIMUM     86.5              82.6     3.9     80.9
AVG. MINIMUM     67.0              64.3     2.7     61.8
MEAN             76.8              73.5     3.3     71.4
DAYS MAX >= 90     10               3.8     6.2        1
DAYS MAX <= 32      0               0.0     0.0        0
DAYS MIN <= 32      0               0.0     0.0        0
DAYS MIN <= 0       0               0.0     0.0        0

PRECIPITATION (INCHES)
RECORD
 MAXIMUM         9.12   1992
 MINIMUM         0.68   2001
TOTALS           1.82              3.46   -1.64     2.72
DAYS >= .01        11              10.3     0.7       11
DAYS >= .10         6               6.5    -0.5        6
DAYS >= .50         1               2.4    -1.4        2
DAYS >= 1.00        0               0.8    -0.8        1
GREATEST
 24 HR. TOTAL    0.51   07/08 TO 07/08              1.11

SNOWFALL (INCHES)
RECORDS
 TOTAL
TOTALS            0.0               0.0     0.0      0.0
SINCE 7/1         0.0               0.0     0.0      0.0
DAYS >= 1.0         0               0.0     0.0        0
GREATEST
 24 HR TOTAL      0.0   07/31 TO 07/31

DEGREE_DAYS
HEATING TOTAL       0                 4      -4        3
 SINCE 7/1          0                 4      -4        3
COOLING TOTAL     372               265     107      210
 SINCE 1/1        680               492     188      478
..............................................................

WIND (MPH)
AVERAGE WIND SPEED              7.5
HIGHEST WIND SPEED/DIRECTION    37/260    DATE  07/13
HIGHEST GUST SPEED/DIRECTION    51/260    DATE  07/13

SKY COVER
AVERAGE SKY COVER           0.50

AVERAGE RH (PERCENT)     62

WEATHER CONDITIONS. NUMBER OF DAYS WITH
THUNDERSTORM              0     MIXED PRECIP               0
HEAVY RAIN                3     RAIN                       5
LIGHT RAIN               12     FREEZING RAIN              0
LT FREEZING RAIN          0     HAIL                       0
HEAVY SNOW                0     SNOW                       0
LIGHT SNOW                0     SLEET                      0
FOG                       7     FOG W/VIS <= 1/4 MILE      1
HAZE                      5

-  INDICATES NEGATIVE NUMBERS.
R  INDICATES RECORD WAS SET OR TIED.
MM INDICATES DATA IS MISSING.
T  INDICATES TRACE AMOUNT.

$$
