000
CDUS41 KCLE 262114
CLIERI


CLIMATE REPORT
NATIONAL WEATHER SERVICE CLEVELAND OH
513 PM EDT SUN OCT 26 2014


...................................

...THE ERIE PA CLIMATE SUMMARY FOR OCTOBER 26 2014...
VALID TODAY AS OF 0500 PM LOCAL TIME.

CLIMATE NORMAL PERIOD 1981 TO 2010
CLIMATE RECORD PERIOD 1873 TO 2014


WEATHER ITEM   OBSERVED TIME   RECORD YEAR NORMAL DEPARTURE LAST
                VALUE   (LST)  VALUE       VALUE  FROM      YEAR
                                                  NORMAL
..................................................................
TEMPERATURE (F)
 TODAY
  MAXIMUM         57   1205 AM  79    1991  58     -1       47
  MINIMUM         52   1129 AM  26    1887  42     10       39
  AVERAGE         55                        50      5       43

PRECIPITATION (IN)
  TODAY            0.00                      0.12  -0.12     0.19
  MONTH TO DATE    4.08                      3.43   0.65     5.60
  SINCE SEP 1      6.87                      8.04  -1.17     9.58
  SINCE JAN 1     34.58                     33.87   0.71    43.45

SNOWFALL (IN)
  TODAY            0.0                       0.0    0.0      0.0
  MONTH TO DATE    0.0                       0.1   -0.1      0.3
  SINCE SEP 1      0.0                       0.1   -0.1      0.3
  SINCE JUL 1      0.0                       0.1   -0.1      0.3
  SNOW DEPTH       0

DEGREE DAYS
 HEATING
  TODAY           10                        15     -5       22
  MONTH TO DATE  260                       300    -40      230
  SINCE SEP 1    359                       406    -47      350
  SINCE JUL 1    377                       424    -47      362

 COOLING
  TODAY            0                         0      0        0
  MONTH TO DATE    7                         7      0       20
  SINCE SEP 1     87                        78      9       85
  SINCE JAN 1    603                       636    -33      706
..................................................................


WIND (MPH)
  HIGHEST WIND SPEED    20   HIGHEST WIND DIRECTION     W (280)
  HIGHEST GUST SPEED    28   HIGHEST GUST DIRECTION     W (290)


SKY COVER
  POSSIBLE SUNSHINE  MM
  AVERAGE SKY COVER 0.5


WEATHER CONDITIONS
 THE FOLLOWING WEATHER WAS RECORDED TODAY.
  NO SIGNIFICANT WEATHER WAS OBSERVED.


RELATIVE HUMIDITY (PERCENT)
 HIGHEST    59          1000 AM
 LOWEST     43          1200 AM
 AVERAGE    51

..........................................................


THE ERIE PA CLIMATE NORMALS FOR TOMORROW
                         NORMAL    RECORD    YEAR
 MAXIMUM TEMPERATURE (F)   57        80      1947
 MINIMUM TEMPERATURE (F)   42        27      1942


SUNRISE AND SUNSET
OCTOBER 26 2014.......SUNRISE   746 AM EDT   SUNSET   623 PM EDT
OCTOBER 27 2014.......SUNRISE   747 AM EDT   SUNSET   621 PM EDT


-  INDICATES NEGATIVE NUMBERS.
R  INDICATES RECORD WAS SET OR TIED.
MM INDICATES DATA IS MISSING.
T  INDICATES TRACE AMOUNT.




$$
