000
CDUS41 KCLE 222113
CLIERI


CLIMATE REPORT
NATIONAL WEATHER SERVICE CLEVELAND OH
511 PM EDT THU SEP 22 2016


...................................

...THE ERIE PA CLIMATE SUMMARY FOR SEPTEMBER 22 2016...
VALID TODAY AS OF 0500 PM LOCAL TIME.

CLIMATE NORMAL PERIOD 1981 TO 2010
CLIMATE RECORD PERIOD 1873 TO 2016


WEATHER ITEM   OBSERVED TIME   RECORD YEAR NORMAL DEPARTURE LAST
                VALUE   (LST)  VALUE       VALUE  FROM      YEAR
                                                  NORMAL
..................................................................
TEMPERATURE (F)
 TODAY
  MAXIMUM         84    220 PM  89    1965  70     14       73
                                      1931
                                      1895
  MINIMUM         63    641 AM  37    1904  54      9       54
  AVERAGE         74                        62     12       64

PRECIPITATION (IN)
  TODAY            0.00                      0.17  -0.17     0.00
  MONTH TO DATE    4.47                      3.27   1.20     4.56
  SINCE SEP 1      4.47                      3.27   1.20     4.56
  SINCE JAN 1     31.53                     29.10   2.43    28.27

SNOWFALL (IN)
  TODAY            0.0                       0.0    0.0      0.0
  MONTH TO DATE    0.0                       0.0    0.0      0.0
  SINCE SEP 1      0.0                       0.0    0.0      0.0
  SINCE JUL 1      0.0                       0.0    0.0      0.0
  SNOW DEPTH       0

DEGREE DAYS
 HEATING
  TODAY            0                         5     -5        1
  MONTH TO DATE    4                        55    -51       25
  SINCE SEP 1      4                        55    -51       25
  SINCE JUL 1      4                        73    -69       43

 COOLING
  TODAY            9                         1      8        0
  MONTH TO DATE  129                        62     67      150
  SINCE SEP 1    129                        62     67      150
  SINCE JAN 1    978                       620    358      756
..................................................................


WIND (MPH)
  HIGHEST WIND SPEED    12   HIGHEST WIND DIRECTION     W (280)
  HIGHEST GUST SPEED    14   HIGHEST GUST DIRECTION     S (170)


SKY COVER
  POSSIBLE SUNSHINE  MM
  AVERAGE SKY COVER 0.0


WEATHER CONDITIONS
 THE FOLLOWING WEATHER WAS RECORDED TODAY.
  NO SIGNIFICANT WEATHER WAS OBSERVED.


RELATIVE HUMIDITY (PERCENT)
 HIGHEST    78          1200 AM
 LOWEST     47           100 PM
 AVERAGE    63

..........................................................


THE ERIE PA CLIMATE NORMALS FOR TOMORROW
                         NORMAL    RECORD    YEAR
 MAXIMUM TEMPERATURE (F)   69        92      1936
 MINIMUM TEMPERATURE (F)   53        33      1974


SUNRISE AND SUNSET
SEPTEMBER 22 2016.....SUNRISE   709 AM EDT   SUNSET   717 PM EDT
SEPTEMBER 23 2016.....SUNRISE   710 AM EDT   SUNSET   715 PM EDT


-  INDICATES NEGATIVE NUMBERS.
R  INDICATES RECORD WAS SET OR TIED.
MM INDICATES DATA IS MISSING.
T  INDICATES TRACE AMOUNT.




$$
