433
CDUS41 KCLE 210536
CLIERI


CLIMATE REPORT
NATIONAL WEATHER SERVICE CLEVELAND OH
126 AM EDT WED JUN 21 2017


...................................

...THE ERIE PA CLIMATE SUMMARY FOR JUNE 20 2017...

CLIMATE NORMAL PERIOD 1981 TO 2010
CLIMATE RECORD PERIOD 1873 TO 2017


WEATHER ITEM   OBSERVED TIME   RECORD YEAR NORMAL DEPARTURE LAST
                VALUE   (LST)  VALUE       VALUE  FROM      YEAR
                                                  NORMAL
..................................................................
TEMPERATURE (F)
 YESTERDAY
  MAXIMUM         73    610 PM  92    2016  77     -4       92
                                      1931
  MINIMUM         60    632 AM  42    1970  60      0       71
  AVERAGE         67                        68     -1       82

PRECIPITATION (IN)
  YESTERDAY        0.23                      0.12   0.11     0.01
  MONTH TO DATE    5.92                      2.52   3.40     1.07
  SINCE JUN 1      5.92                      2.52   3.40     1.07
  SINCE JAN 1     25.91                     17.58   8.33    13.84

SNOWFALL (IN)
  YESTERDAY        0.0                       0.0    0.0      0.0
  MONTH TO DATE    0.0                       0.0    0.0      0.0
  SINCE JUN 1      0.0                       0.0    0.0      0.0
  SINCE JUL 1     78.6                     100.9  -22.3     71.2
  SNOW DEPTH       0

DEGREE DAYS
 HEATING
  YESTERDAY        0                         1     -1        0
  MONTH TO DATE   38                        52    -14       40
  SINCE JUN 1     38                        52    -14       40
  SINCE JUL 1   5095                      6138  -1043     5210

 COOLING
  YESTERDAY        2                         5     -3       17
  MONTH TO DATE  110                        67     43       95
  SINCE JUN 1    110                        67     43       95
  SINCE JAN 1    154                       106     48      170
..................................................................


WIND (MPH)
  HIGHEST WIND SPEED    22   HIGHEST WIND DIRECTION     W (260)
  HIGHEST GUST SPEED    31   HIGHEST GUST DIRECTION     W (260)
  AVERAGE WIND SPEED    11.5


SKY COVER
  POSSIBLE SUNSHINE  MM
  AVERAGE SKY COVER 0.5


WEATHER CONDITIONS
 THE FOLLOWING WEATHER WAS RECORDED YESTERDAY.
  THUNDERSTORM
  LIGHT RAIN
  FOG


RELATIVE HUMIDITY (PERCENT)
 HIGHEST    90           200 AM
 LOWEST     46           500 PM
 AVERAGE    68

..........................................................


THE ERIE PA CLIMATE NORMALS FOR TODAY
                         NORMAL    RECORD    YEAR
 MAXIMUM TEMPERATURE (F)   77        95      1933
 MINIMUM TEMPERATURE (F)   60        42      1969
                                             1968


SUNRISE AND SUNSET
JUNE 21 2017..........SUNRISE   545 AM EDT   SUNSET   900 PM EDT
JUNE 22 2017..........SUNRISE   545 AM EDT   SUNSET   900 PM EDT


-  INDICATES NEGATIVE NUMBERS.
R  INDICATES RECORD WAS SET OR TIED.
MM INDICATES DATA IS MISSING.
T  INDICATES TRACE AMOUNT.




$$
