000
CDUS41 KCLE 240548
CLIERI


CLIMATE REPORT
NATIONAL WEATHER SERVICE CLEVELAND OH
1247 AM EST WED DEC 24 2014


...................................

...THE ERIE PA CLIMATE SUMMARY FOR DECEMBER 23 2014...

CLIMATE NORMAL PERIOD 1981 TO 2010
CLIMATE RECORD PERIOD 1873 TO 2014


WEATHER ITEM   OBSERVED TIME   RECORD YEAR NORMAL DEPARTURE LAST
                VALUE   (LST)  VALUE       VALUE  FROM      YEAR
                                                  NORMAL
..................................................................
TEMPERATURE (F)
 YESTERDAY
  MAXIMUM         51    758 PM  58    1957  36     15       39
                                      1885
  MINIMUM         37   1213 AM  -1    1960  24     13       30
  AVERAGE         44                        30     14       35

PRECIPITATION (IN)
  YESTERDAY        0.01                      0.12  -0.11     0.01
  MONTH TO DATE    1.81                      2.82  -1.01     5.00
  SINCE DEC 1      1.81                      2.82  -1.01     5.00
  SINCE JAN 1     40.04                     41.24  -1.20    53.50

SNOWFALL (IN)
  YESTERDAY        0.0                       1.0   -1.0      0.1
  MONTH TO DATE    3.8                      19.1  -15.3     32.9
  SINCE DEC 1      3.8                      19.1  -15.3     32.9
  SINCE JUL 1     28.8                      27.8    1.0     48.5
  SNOW DEPTH       0

DEGREE DAYS
 HEATING
  YESTERDAY       21                        35    -14       30
  MONTH TO DATE  676                       726    -50      754
  SINCE DEC 1    676                       726    -50      754
  SINCE JUL 1   1890                      1882      8     1953

 COOLING
  YESTERDAY        0                         0      0        0
  MONTH TO DATE    0                         0      0        0
  SINCE DEC 1      0                         0      0        0
  SINCE JAN 1    603                       638    -35      706
..................................................................


WIND (MPH)
  HIGHEST WIND SPEED    25   HIGHEST WIND DIRECTION    SE (150)
  HIGHEST GUST SPEED    34   HIGHEST GUST DIRECTION    SE (140)
  AVERAGE WIND SPEED    14.2


SKY COVER
  POSSIBLE SUNSHINE  MM
  AVERAGE SKY COVER 0.8


WEATHER CONDITIONS
 THE FOLLOWING WEATHER WAS RECORDED YESTERDAY.
  LIGHT RAIN


RELATIVE HUMIDITY (PERCENT)
 HIGHEST    80           200 PM
 LOWEST     70          1200 AM
 AVERAGE    75

..........................................................


THE ERIE PA CLIMATE NORMALS FOR TODAY
                         NORMAL    RECORD    YEAR
 MAXIMUM TEMPERATURE (F)   36        66      1964
 MINIMUM TEMPERATURE (F)   24        -3      1983


SUNRISE AND SUNSET
DECEMBER 24 2014......SUNRISE   747 AM EST   SUNSET   454 PM EST
DECEMBER 25 2014......SUNRISE   747 AM EST   SUNSET   454 PM EST


-  INDICATES NEGATIVE NUMBERS.
R  INDICATES RECORD WAS SET OR TIED.
MM INDICATES DATA IS MISSING.
T  INDICATES TRACE AMOUNT.




$$
