637
CDUS41 KCLE 030531
CLIERI


CLIMATE REPORT
NATIONAL WEATHER SERVICE CLEVELAND OH
1230 AM EST WED FEB 3 2016


...................................

...THE ERIE PA CLIMATE SUMMARY FOR FEBRUARY 2 2016...

CLIMATE NORMAL PERIOD 1981 TO 2010
CLIMATE RECORD PERIOD 1873 TO 2016


WEATHER ITEM   OBSERVED TIME   RECORD YEAR NORMAL DEPARTURE LAST
                VALUE   (LST)  VALUE       VALUE  FROM      YEAR
                                                  NORMAL
..................................................................
TEMPERATURE (F)
 YESTERDAY
  MAXIMUM         48    119 PM  61    1903  34     14       21
  MINIMUM         24    315 AM  -7    1971  20      4        9
  AVERAGE         36                        27      9       15

PRECIPITATION (IN)
  YESTERDAY        0.12                      0.09   0.03     0.10
  MONTH TO DATE    0.25                      0.17   0.08     0.64
  SINCE DEC 1      6.52                      6.86  -0.34     6.83
  SINCE JAN 1      2.63                      3.12  -0.49     4.38

SNOWFALL (IN)
  YESTERDAY        0.0                       0.8   -0.8      2.2
  MONTH TO DATE    0.0                       1.6   -1.6     11.2
  SINCE DEC 1     43.3                      58.7  -15.4     54.1
  SINCE JUL 1     43.8                      67.4  -23.6     79.1
  SNOW DEPTH       0

DEGREE DAYS
 HEATING
  YESTERDAY       29                        38     -9       50
  MONTH TO DATE   50                        76    -26       89
  SINCE DEC 1   1813                      2258   -445     2305
  SINCE JUL 1   2704                      3414   -710     3519

 COOLING
  YESTERDAY        0                         0      0        0
  MONTH TO DATE    0                         0      0        0
  SINCE DEC 1      0                         0      0        0
  SINCE JAN 1      0                         0      0        0
..................................................................


WIND (MPH)
  HIGHEST WIND SPEED    32   HIGHEST WIND DIRECTION     S (160)
  HIGHEST GUST SPEED    46   HIGHEST GUST DIRECTION    SE (150)
  AVERAGE WIND SPEED    10.5


SKY COVER
  POSSIBLE SUNSHINE  MM
  AVERAGE SKY COVER 0.2


WEATHER CONDITIONS
 THE FOLLOWING WEATHER WAS RECORDED YESTERDAY.
  RAIN


RELATIVE HUMIDITY (PERCENT)
 HIGHEST    81           200 AM
 LOWEST     34           700 PM
 AVERAGE    58

..........................................................


THE ERIE PA CLIMATE NORMALS FOR TODAY
                         NORMAL    RECORD    YEAR
 MAXIMUM TEMPERATURE (F)   34        55      1991
 MINIMUM TEMPERATURE (F)   20       -11      1881


SUNRISE AND SUNSET
FEBRUARY  3 2016......SUNRISE   732 AM EST   SUNSET   537 PM EST
FEBRUARY  4 2016......SUNRISE   731 AM EST   SUNSET   539 PM EST


-  INDICATES NEGATIVE NUMBERS.
R  INDICATES RECORD WAS SET OR TIED.
MM INDICATES DATA IS MISSING.
T  INDICATES TRACE AMOUNT.




$$
