000
CDUS41 KCLE 270530
CLIERI


CLIMATE REPORT
NATIONAL WEATHER SERVICE CLEVELAND OH
1230 AM EST FRI FEB 27 2015


...................................

...THE ERIE PA CLIMATE SUMMARY FOR FEBRUARY 26 2015...

CLIMATE NORMAL PERIOD 1981 TO 2010
CLIMATE RECORD PERIOD 1873 TO 2015


WEATHER ITEM   OBSERVED TIME   RECORD YEAR NORMAL DEPARTURE LAST
                VALUE   (LST)  VALUE       VALUE  FROM      YEAR
                                                  NORMAL
..................................................................
TEMPERATURE (F)
 YESTERDAY
  MAXIMUM         14    359 PM  75    2000  38    -24       19
  MINIMUM          7    347 AM -11    1963  23    -16        8
  AVERAGE         11                        30    -19       14

PRECIPITATION (IN)
  YESTERDAY        0.05                      0.09  -0.04      T
  MONTH TO DATE    2.02                      2.20  -0.18     3.24
  SINCE DEC 1      8.21                      8.89  -0.68    11.76
  SINCE JAN 1      5.76                      5.15   0.61     5.80

SNOWFALL (IN)
  YESTERDAY        0.7                       0.6    0.1      0.1
  MONTH TO DATE   31.7                      17.0   14.7     25.5
  SINCE DEC 1     74.6                      74.1    0.5    101.6
  SINCE JUL 1     99.6                      82.8   16.8    117.2
  SNOW DEPTH      14

DEGREE DAYS
 HEATING
  YESTERDAY       54                        35     19       51
  MONTH TO DATE 1328                       959    369     1127
  SINCE DEC 1   3544                      3141    403     3509
  SINCE JUL 1   4758                      4297    461     4708

 COOLING
  YESTERDAY        0                         0      0        0
  MONTH TO DATE    0                         0      0        0
  SINCE DEC 1      0                         0      0        0
  SINCE JAN 1      0                         0      0        0
..................................................................


WIND (MPH)
  HIGHEST WIND SPEED    20   HIGHEST WIND DIRECTION    NE (50)
  HIGHEST GUST SPEED    25   HIGHEST GUST DIRECTION    NE (40)
  AVERAGE WIND SPEED     8.9


SKY COVER
  POSSIBLE SUNSHINE  MM
  AVERAGE SKY COVER 1.0


WEATHER CONDITIONS
 THE FOLLOWING WEATHER WAS RECORDED YESTERDAY.
  SNOW
  LIGHT SNOW
  HAZE


RELATIVE HUMIDITY (PERCENT)
 HIGHEST    76          1000 AM
 LOWEST     63           100 AM
 AVERAGE    70

..........................................................


THE ERIE PA CLIMATE NORMALS FOR TODAY
                         NORMAL    RECORD    YEAR
 MAXIMUM TEMPERATURE (F)   38        64      1997
 MINIMUM TEMPERATURE (F)   23        -4      1963


SUNRISE AND SUNSET
FEBRUARY 27 2015......SUNRISE   659 AM EST   SUNSET   608 PM EST
FEBRUARY 28 2015......SUNRISE   658 AM EST   SUNSET   609 PM EST


-  INDICATES NEGATIVE NUMBERS.
R  INDICATES RECORD WAS SET OR TIED.
MM INDICATES DATA IS MISSING.
T  INDICATES TRACE AMOUNT.




$$
