000
CDUS41 KCLE 232110
CLIERI


CLIMATE REPORT
NATIONAL WEATHER SERVICE CLEVELAND OH
510 PM EDT SAT AUG 23 2014


...................................

...THE ERIE PA CLIMATE SUMMARY FOR AUGUST 23 2014...
VALID TODAY AS OF 0500 PM LOCAL TIME.

CLIMATE NORMAL PERIOD 1981 TO 2010
CLIMATE RECORD PERIOD 1873 TO 2014


WEATHER ITEM   OBSERVED TIME   RECORD YEAR NORMAL DEPARTURE LAST
                VALUE   (LST)  VALUE       VALUE  FROM      YEAR
                                                  NORMAL
..................................................................
TEMPERATURE (F)
 TODAY
  MAXIMUM         75    101 PM  90    1936  78     -3       76
                                      1914
  MINIMUM         64    208 AM  47    1973  62      2       62
                                      1958
  AVERAGE         70                        70      0       69

PRECIPITATION (IN)
  TODAY            0.00                      0.11  -0.11     0.00
  MONTH TO DATE    2.68                      2.59   0.09     2.23
  SINCE JUN 1     10.92                      9.89   1.03    15.13
  SINCE JAN 1     27.07                     24.95   2.12    32.36

SNOWFALL (IN)
  TODAY            0.0                       0.0    0.0      0.0
  MONTH TO DATE    0.0                       0.0    0.0      0.0
  SINCE JUN 1      0.0                       0.0    0.0      0.0
  SINCE JUL 1      0.0                       0.0    0.0      0.0
  SNOW DEPTH       0

DEGREE DAYS
 HEATING
  TODAY            0                         0      0        0
  MONTH TO DATE   11                         0     11        9
  SINCE JUN 1     46                        68    -22       80
  SINCE JUL 1     16                         7      9       12

 COOLING
  TODAY            5                         5      0        4
  MONTH TO DATE  107                       145    -38       97
  SINCE JUN 1    417                       481    -64      462
  SINCE JAN 1    456                       520    -64      547
..................................................................


WIND (MPH)
  HIGHEST WIND SPEED    17   HIGHEST WIND DIRECTION    NE (30)
  HIGHEST GUST SPEED    21   HIGHEST GUST DIRECTION    NE (50)


SKY COVER
  POSSIBLE SUNSHINE  MM
  AVERAGE SKY COVER 0.8


WEATHER CONDITIONS
 THE FOLLOWING WEATHER WAS RECORDED TODAY.
  FOG
  HAZE


RELATIVE HUMIDITY (PERCENT)
 HIGHEST    93           200 AM
 LOWEST     73          1200 PM
 AVERAGE    83

..........................................................


THE ERIE PA CLIMATE NORMALS FOR TOMORROW
                         NORMAL    RECORD    YEAR
 MAXIMUM TEMPERATURE (F)   78        89      1968
 MINIMUM TEMPERATURE (F)   62        41      1971


SUNRISE AND SUNSET
AUGUST 23 2014........SUNRISE   637 AM EDT   SUNSET   809 PM EDT
AUGUST 24 2014........SUNRISE   638 AM EDT   SUNSET   808 PM EDT


-  INDICATES NEGATIVE NUMBERS.
R  INDICATES RECORD WAS SET OR TIED.
MM INDICATES DATA IS MISSING.
T  INDICATES TRACE AMOUNT.




$$
