000
CDUS41 KCLE 270536
CLIERI


CLIMATE REPORT
NATIONAL WEATHER SERVICE CLEVELAND OH
134 AM EDT WED APR 27 2016


...................................

...THE ERIE PA CLIMATE SUMMARY FOR APRIL 26 2016...

CLIMATE NORMAL PERIOD 1981 TO 2010
CLIMATE RECORD PERIOD 1873 TO 2016


WEATHER ITEM   OBSERVED TIME   RECORD YEAR NORMAL DEPARTURE LAST
                VALUE   (LST)  VALUE       VALUE  FROM      YEAR
                                                  NORMAL
..................................................................
TEMPERATURE (F)
 YESTERDAY
  MAXIMUM         48    501 AM  83    1994  60    -12       52
  MINIMUM         37   1112 PM  26    1972  42     -5       29
  AVERAGE         43                        51     -8       41

PRECIPITATION (IN)
  YESTERDAY        0.24                      0.11   0.13     0.00
  MONTH TO DATE    1.48                      2.92  -1.44     2.55
  SINCE MAR 1      4.64                      5.87  -1.23     4.55
  SINCE JAN 1     10.85                     11.21  -0.36    10.31

SNOWFALL (IN)
  YESTERDAY        0.0                       0.0    0.0      0.0
  MONTH TO DATE    2.9                       3.2   -0.3       T
  SINCE MAR 1      4.0                      16.9  -12.9     10.9
  SINCE JUL 1     71.2                     100.9  -29.7    110.3
  SNOW DEPTH       0

DEGREE DAYS
 HEATING
  YESTERDAY       22                        14      8       24
  MONTH TO DATE  545                       488     57      447
  SINCE MAR 1   1221                      1399   -178     1493
  SINCE JUL 1   4819                      5764   -945     6369

 COOLING
  YESTERDAY        0                         0      0        0
  MONTH TO DATE    0                         0      0        0
  SINCE MAR 1      0                         1     -1        0
  SINCE JAN 1      0                         1     -1        0
..................................................................


WIND (MPH)
  HIGHEST WIND SPEED    25   HIGHEST WIND DIRECTION     N (340)
  HIGHEST GUST SPEED    46   HIGHEST GUST DIRECTION    NW (330)
  AVERAGE WIND SPEED    10.6


SKY COVER
  POSSIBLE SUNSHINE  MM
  AVERAGE SKY COVER 0.9


WEATHER CONDITIONS
 THE FOLLOWING WEATHER WAS RECORDED YESTERDAY.
  THUNDERSTORM
  RAIN
  LIGHT RAIN
  FOG


RELATIVE HUMIDITY (PERCENT)
 HIGHEST   100           600 AM
 LOWEST     79           500 PM
 AVERAGE    90

..........................................................


THE ERIE PA CLIMATE NORMALS FOR TODAY
                         NORMAL    RECORD    YEAR
 MAXIMUM TEMPERATURE (F)   61        86      2009
 MINIMUM TEMPERATURE (F)   42        26      1972


SUNRISE AND SUNSET
APRIL 27 2016.........SUNRISE   621 AM EDT   SUNSET   816 PM EDT
APRIL 28 2016.........SUNRISE   620 AM EDT   SUNSET   817 PM EDT


-  INDICATES NEGATIVE NUMBERS.
R  INDICATES RECORD WAS SET OR TIED.
MM INDICATES DATA IS MISSING.
T  INDICATES TRACE AMOUNT.




$$
