000
CDUS41 KCLE 230528
CLIERI


CLIMATE REPORT
NATIONAL WEATHER SERVICE CLEVELAND OH
1228 AM EST FRI JAN 23 2015


...................................

...THE ERIE PA CLIMATE SUMMARY FOR JANUARY 22 2015...

CLIMATE NORMAL PERIOD 1981 TO 2010
CLIMATE RECORD PERIOD 1873 TO 2015


WEATHER ITEM   OBSERVED TIME   RECORD YEAR NORMAL DEPARTURE LAST
                VALUE   (LST)  VALUE       VALUE  FROM      YEAR
                                                  NORMAL
..................................................................
TEMPERATURE (F)
 YESTERDAY
  MAXIMUM         28   1238 AM  72    1906  33     -5       11
  MINIMUM         20    909 PM  -7    1970  20      0        1
                                      1883
  AVERAGE         24                        27     -3        6

PRECIPITATION (IN)
  YESTERDAY        0.02                      0.09  -0.07      T
  MONTH TO DATE    3.08                      2.20   0.88     2.20
  SINCE DEC 1      5.53                      5.94  -0.41     8.16
  SINCE JAN 1      3.08                      2.20   0.88     2.20

SNOWFALL (IN)
  YESTERDAY        0.4                       0.9   -0.5      0.3
  MONTH TO DATE   31.0                      22.0    9.0     21.2
  SINCE DEC 1     36.5                      49.5  -13.0     69.2
  SINCE JUL 1     61.5                      58.2    3.3     84.8
  SNOW DEPTH       4

DEGREE DAYS
 HEATING
  YESTERDAY       41                        38      3       59
  MONTH TO DATE  937                       828    109      896
  SINCE DEC 1   1830                      1840    -10     1939
  SINCE JUL 1   3044                      2996     48     3138

 COOLING
  YESTERDAY        0                         0      0        0
  MONTH TO DATE    0                         0      0        0
  SINCE DEC 1      0                         0      0        0
  SINCE JAN 1      0                         0      0        0
..................................................................


WIND (MPH)
  HIGHEST WIND SPEED    15   HIGHEST WIND DIRECTION     W (260)
  HIGHEST GUST SPEED    19   HIGHEST GUST DIRECTION    SW (240)
  AVERAGE WIND SPEED     7.3


SKY COVER
  POSSIBLE SUNSHINE  MM
  AVERAGE SKY COVER 0.8


WEATHER CONDITIONS
 THE FOLLOWING WEATHER WAS RECORDED YESTERDAY.
  LIGHT SNOW
  FOG
  HAZE


RELATIVE HUMIDITY (PERCENT)
 HIGHEST    92          1200 AM
 LOWEST     68           400 PM
 AVERAGE    80

..........................................................


THE ERIE PA CLIMATE NORMALS FOR TODAY
                         NORMAL    RECORD    YEAR
 MAXIMUM TEMPERATURE (F)   33        65      1906
 MINIMUM TEMPERATURE (F)   20        -9      1970


SUNRISE AND SUNSET
JANUARY 23 2015.......SUNRISE   742 AM EST   SUNSET   524 PM EST
JANUARY 24 2015.......SUNRISE   741 AM EST   SUNSET   525 PM EST


-  INDICATES NEGATIVE NUMBERS.
R  INDICATES RECORD WAS SET OR TIED.
MM INDICATES DATA IS MISSING.
T  INDICATES TRACE AMOUNT.




$$
