000
CDUS41 KCLE 090528
CLIERI


CLIMATE REPORT
NATIONAL WEATHER SERVICE CLEVELAND OH
1227 AM EST TUE JAN 9 2018


...................................

...THE ERIE PA CLIMATE SUMMARY FOR JANUARY 8 2018...

CLIMATE NORMAL PERIOD 1981 TO 2010
CLIMATE RECORD PERIOD 1873 TO 2018


WEATHER ITEM   OBSERVED TIME   RECORD YEAR NORMAL DEPARTURE LAST
                VALUE   (LST)  VALUE       VALUE  FROM      YEAR
                                                  NORMAL
..................................................................
TEMPERATURE (F)
 YESTERDAY
  MAXIMUM         35   1056 PM  67    2008  34      1       19
  MINIMUM         29    112 AM  -6    1970  21      8       14
  AVERAGE         32                        28      4       17

PRECIPITATION (IN)
  YESTERDAY        0.25                      0.10   0.15      T
  MONTH TO DATE    0.66                      0.86  -0.20     1.57
  SINCE DEC 1      8.21                      4.60   3.61     5.45
  SINCE JAN 1      0.66                      0.86  -0.20     1.57

SNOWFALL (IN)
  YESTERDAY        1.6                       1.0    0.6      0.1
  MONTH TO DATE   11.2                       8.3    2.9     19.7
  SINCE DEC 1    132.5                      35.8   96.7     41.9
  SINCE JUL 1    133.0                      44.5   88.5     44.3
  SNOW DEPTH      10

DEGREE DAYS
 HEATING
  YESTERDAY       33                        37     -4       48
  MONTH TO DATE  407                       296    111      314
  SINCE DEC 1   1536                      1308    228     1307
  SINCE JUL 1   2533                      2464     69     2087

 COOLING
  YESTERDAY        0                         0      0        0
  MONTH TO DATE    0                         0      0        0
  SINCE DEC 1      0                         0      0        0
  SINCE JAN 1      0                         0      0        0
..................................................................


WIND (MPH)
  HIGHEST WIND SPEED    26   HIGHEST WIND DIRECTION     S (200)
  HIGHEST GUST SPEED    36   HIGHEST GUST DIRECTION    SW (210)
  AVERAGE WIND SPEED    16.0


SKY COVER
  POSSIBLE SUNSHINE  MM
  AVERAGE SKY COVER 1.0


WEATHER CONDITIONS
 THE FOLLOWING WEATHER WAS RECORDED YESTERDAY.
  LIGHT RAIN
  LT FREEZING RAIN
  SNOW
  LIGHT SNOW
  FOG
  FOG W/VISIBILITY <= 1/4 MILE


RELATIVE HUMIDITY (PERCENT)
 HIGHEST    96           200 PM
 LOWEST     43           300 AM
 AVERAGE    70

..........................................................


THE ERIE PA CLIMATE NORMALS FOR TODAY
                         NORMAL    RECORD    YEAR
 MAXIMUM TEMPERATURE (F)   34        64      1937
 MINIMUM TEMPERATURE (F)   21       -10      1875


SUNRISE AND SUNSET
JANUARY  9 2018.......SUNRISE   748 AM EST   SUNSET   508 PM EST
JANUARY 10 2018.......SUNRISE   748 AM EST   SUNSET   509 PM EST


-  INDICATES NEGATIVE NUMBERS.
R  INDICATES RECORD WAS SET OR TIED.
MM INDICATES DATA IS MISSING.
T  INDICATES TRACE AMOUNT.




$$
