000
CDUS41 KCLE 192112
CLIERI


CLIMATE REPORT
NATIONAL WEATHER SERVICE CLEVELAND OH
511 PM EDT SAT JUL 19 2014


...................................

...THE ERIE PA CLIMATE SUMMARY FOR JULY 19 2014...
VALID TODAY AS OF 0500 PM LOCAL TIME.

CLIMATE NORMAL PERIOD 1981 TO 2010
CLIMATE RECORD PERIOD 1873 TO 2014


WEATHER ITEM   OBSERVED TIME   RECORD YEAR NORMAL DEPARTURE LAST
                VALUE   (LST)  VALUE       VALUE  FROM      YEAR
                                                  NORMAL
..................................................................
TEMPERATURE (F)
 TODAY
  MAXIMUM         69    201 PM  93    1946  80    -11       92
  MINIMUM         64    845 AM  52    2003  64      0       72
                                      1979
  AVERAGE         67                        72     -5       82

PRECIPITATION (IN)
  TODAY            0.38                      0.12   0.26     0.06
  MONTH TO DATE    2.49                      2.09   0.40     2.62
  SINCE JUN 1      7.48                      5.85   1.63     9.90
  SINCE JAN 1     23.63                     20.91   2.72    27.13

SNOWFALL (IN)
  TODAY            0.0                       0.0    0.0      0.0
  MONTH TO DATE    0.0                       0.0    0.0      0.0
  SINCE JUN 1      0.0                       0.0    0.0      0.0
  SINCE JUL 1      0.0                       0.0    0.0      0.0
  SNOW DEPTH       0

DEGREE DAYS
 HEATING
  TODAY            0                         0      0        0
  MONTH TO DATE    4                         2      2        0
  SINCE JUN 1     34                        63    -29       68
  SINCE JUL 1      4                         2      2        0

 COOLING
  TODAY            2                         7     -5       17
  MONTH TO DATE   95                       131    -36      201
  SINCE JUN 1    260                       254      6      319
  SINCE JAN 1    299                       293      6      404
..................................................................


WIND (MPH)
  HIGHEST WIND SPEED    17   HIGHEST WIND DIRECTION    SE (150)
  HIGHEST GUST SPEED    23   HIGHEST GUST DIRECTION     S (160)


SKY COVER
  POSSIBLE SUNSHINE  MM
  AVERAGE SKY COVER 0.8


WEATHER CONDITIONS
 THE FOLLOWING WEATHER WAS RECORDED TODAY.
  RAIN
  LIGHT RAIN
  FOG
  HAZE


RELATIVE HUMIDITY (PERCENT)
 HIGHEST    87           500 AM
 LOWEST     58          1200 AM
 AVERAGE    73

..........................................................


THE ERIE PA CLIMATE NORMALS FOR TOMORROW
                         NORMAL    RECORD    YEAR
 MAXIMUM TEMPERATURE (F)   80        93      1926
 MINIMUM TEMPERATURE (F)   64        50      1965


SUNRISE AND SUNSET
JULY 19 2014..........SUNRISE   602 AM EDT   SUNSET   852 PM EDT
JULY 20 2014..........SUNRISE   602 AM EDT   SUNSET   851 PM EDT


-  INDICATES NEGATIVE NUMBERS.
R  INDICATES RECORD WAS SET OR TIED.
MM INDICATES DATA IS MISSING.
T  INDICATES TRACE AMOUNT.




$$
