000
CDUS41 KCLE 270529
CLIERI


CLIMATE REPORT
NATIONAL WEATHER SERVICE CLEVELAND OH
1226 AM EST SUN NOV 27 2016


...................................

...THE ERIE PA CLIMATE SUMMARY FOR NOVEMBER 26 2016...

CLIMATE NORMAL PERIOD 1981 TO 2010
CLIMATE RECORD PERIOD 1873 TO 2016


WEATHER ITEM   OBSERVED TIME   RECORD YEAR NORMAL DEPARTURE LAST
                VALUE   (LST)  VALUE       VALUE  FROM      YEAR
                                                  NORMAL
..................................................................
TEMPERATURE (F)
 YESTERDAY
  MAXIMUM         43    639 PM  70    1896  45     -2       64
  MINIMUM         36    647 AM  10    1950  33      3       47
  AVERAGE         40                        39      1       56

PRECIPITATION (IN)
  YESTERDAY        0.24                      0.13   0.11     0.00
  MONTH TO DATE    2.10                      3.41  -1.31     1.98
  SINCE SEP 1     14.30                     12.07   2.23     9.37
  SINCE JAN 1     41.36                     37.90   3.46    33.08

SNOWFALL (IN)
  YESTERDAY        0.1                       0.4   -0.3      0.0
  MONTH TO DATE    2.4                       6.6   -4.2      0.5
  SINCE SEP 1      2.4                       6.8   -4.4      0.5
  SINCE JUL 1      2.4                       6.8   -4.4      0.5
  SNOW DEPTH       0

DEGREE DAYS
 HEATING
  YESTERDAY       25                        26     -1        9
  MONTH TO DATE  435                       546   -111      404
  SINCE SEP 1    711                      1031   -320      773
  SINCE JUL 1    711                      1049   -338      791

 COOLING
  YESTERDAY        0                         0      0        0
  MONTH TO DATE    2                         0      2        4
  SINCE SEP 1    168                        80     88      167
  SINCE JAN 1   1017                       638    379      773
..................................................................


WIND (MPH)
  HIGHEST WIND SPEED    18   HIGHEST WIND DIRECTION     W (280)
  HIGHEST GUST SPEED    25   HIGHEST GUST DIRECTION     W (270)
  AVERAGE WIND SPEED    10.6


SKY COVER
  POSSIBLE SUNSHINE  MM
  AVERAGE SKY COVER 1.0


WEATHER CONDITIONS
 THE FOLLOWING WEATHER WAS RECORDED YESTERDAY.
 LIGHT SNOW
 LIGHT RAIN
  FOG


RELATIVE HUMIDITY (PERCENT)
 HIGHEST    92           300 AM
 LOWEST     70           300 PM
 AVERAGE    81

..........................................................


THE ERIE PA CLIMATE NORMALS FOR TODAY
                         NORMAL    RECORD    YEAR
 MAXIMUM TEMPERATURE (F)   45        71      1990
 MINIMUM TEMPERATURE (F)   33        10      1930


SUNRISE AND SUNSET
NOVEMBER 27 2016......SUNRISE   726 AM EST   SUNSET   451 PM EST
NOVEMBER 28 2016......SUNRISE   727 AM EST   SUNSET   451 PM EST


-  INDICATES NEGATIVE NUMBERS.
R  INDICATES RECORD WAS SET OR TIED.
MM INDICATES DATA IS MISSING.
T  INDICATES TRACE AMOUNT.




$$
