221
CDUS41 KCLE 180534
CLIERI


CLIMATE REPORT
NATIONAL WEATHER SERVICE CLEVELAND OH
1234 AM EST WED JAN 18 2017


...................................

...THE ERIE PA CLIMATE SUMMARY FOR JANUARY 17 2017...

CLIMATE NORMAL PERIOD 1981 TO 2010
CLIMATE RECORD PERIOD 1873 TO 2017


WEATHER ITEM   OBSERVED TIME   RECORD YEAR NORMAL DEPARTURE LAST
                VALUE   (LST)  VALUE       VALUE  FROM      YEAR
                                                  NORMAL
..................................................................
TEMPERATURE (F)
 YESTERDAY
  MAXIMUM         58R   315 PM  58    1952  34     24       30
                                      1913
  MINIMUM         37    310 AM -15    1982  21     16       15
  AVERAGE         48                        27     21       23

PRECIPITATION (IN)
  YESTERDAY        0.57                      0.10   0.47     0.21
  MONTH TO DATE    3.43                      1.74   1.69     1.83
  SINCE DEC 1      7.31                      5.48   1.83     5.72
  SINCE JAN 1      3.43                      1.74   1.69     1.83

SNOWFALL (IN)
  YESTERDAY        0.0                       1.0   -1.0      4.5
  MONTH TO DATE   20.2                      17.3    2.9     24.4
  SINCE DEC 1     42.4                      44.8   -2.4     29.3
  SINCE JUL 1     44.8                      53.5   -8.7     29.8
  SNOW DEPTH       0

DEGREE DAYS
 HEATING
  YESTERDAY       17                        38    -21       42
  MONTH TO DATE  586                       638    -52      602
  SINCE DEC 1   1579                      1650    -71     1246
  SINCE JUL 1   2359                      2806   -447     2137

 COOLING
  YESTERDAY        0                         0      0        0
  MONTH TO DATE    0                         0      0        0
  SINCE DEC 1      0                         0      0        0
  SINCE JAN 1      0                         0      0        0
..................................................................


WIND (MPH)
  HIGHEST WIND SPEED    22   HIGHEST WIND DIRECTION    SW (210)
  HIGHEST GUST SPEED    30   HIGHEST GUST DIRECTION     S (200)
  AVERAGE WIND SPEED    11.6


SKY COVER
  POSSIBLE SUNSHINE  MM
  AVERAGE SKY COVER 1.0


WEATHER CONDITIONS
 THE FOLLOWING WEATHER WAS RECORDED YESTERDAY.
  RAIN
  LIGHT RAIN
  FOG


RELATIVE HUMIDITY (PERCENT)
 HIGHEST    93          1200 PM
 LOWEST     70           100 AM
 AVERAGE    82

..........................................................


THE ERIE PA CLIMATE NORMALS FOR TODAY
                         NORMAL    RECORD    YEAR
 MAXIMUM TEMPERATURE (F)   34        65      1929
 MINIMUM TEMPERATURE (F)   20       -10      1994


SUNRISE AND SUNSET
JANUARY 18 2017.......SUNRISE   745 AM EST   SUNSET   518 PM EST
JANUARY 19 2017.......SUNRISE   744 AM EST   SUNSET   519 PM EST


-  INDICATES NEGATIVE NUMBERS.
R  INDICATES RECORD WAS SET OR TIED.
MM INDICATES DATA IS MISSING.
T  INDICATES TRACE AMOUNT.




$$
