000
CDUS41 KCLE 230545
CLIERI


CLIMATE REPORT
NATIONAL WEATHER SERVICE CLEVELAND OH
145 AM EDT MON MAR 23 2015


...................................

...THE ERIE PA CLIMATE SUMMARY FOR MARCH 22 2015...

CLIMATE NORMAL PERIOD 1981 TO 2010
CLIMATE RECORD PERIOD 1873 TO 2015


WEATHER ITEM   OBSERVED TIME   RECORD YEAR NORMAL DEPARTURE LAST
                VALUE   (LST)  VALUE       VALUE  FROM      YEAR
                                                  NORMAL
..................................................................
TEMPERATURE (F)
 YESTERDAY
  MAXIMUM         28    415 PM  82    1938  46    -18       51
  MINIMUM         19   1159 PM   0    1885  29    -10       30
  AVERAGE         24                        38    -14       41

PRECIPITATION (IN)
  YESTERDAY        0.00                      0.10  -0.10     0.02
  MONTH TO DATE    0.94                      2.03  -1.09     1.74
  SINCE MAR 1      0.94                      2.03  -1.09     1.74
  SINCE JAN 1      6.70                      7.37  -0.67     7.65

SNOWFALL (IN)
  YESTERDAY        0.0                       0.4   -0.4       T
  MONTH TO DATE    4.6                      10.8   -6.2     10.2
  SINCE MAR 1      4.6                      10.8   -6.2     10.2
  SINCE JUL 1    104.0                      94.8    9.2    129.8
  SNOW DEPTH       0

DEGREE DAYS
 HEATING
  YESTERDAY       41                        27     14       24
  MONTH TO DATE  738                       682     56      821
  SINCE MAR 1    738                       682     56      821
  SINCE JUL 1   5614                      5047    567     5642

 COOLING
  YESTERDAY        0                         0      0        0
  MONTH TO DATE    0                         0      0        0
  SINCE MAR 1      0                         0      0        0
  SINCE JAN 1      0                         0      0        0
..................................................................


WIND (MPH)
  HIGHEST WIND SPEED    15   HIGHEST WIND DIRECTION     W (260)
  HIGHEST GUST SPEED    20   HIGHEST GUST DIRECTION     W (280)
  AVERAGE WIND SPEED     6.6


SKY COVER
  POSSIBLE SUNSHINE  MM
  AVERAGE SKY COVER 0.1


WEATHER CONDITIONS
 THE FOLLOWING WEATHER WAS RECORDED YESTERDAY.
  NO SIGNIFICANT WEATHER WAS OBSERVED.


RELATIVE HUMIDITY (PERCENT)
 HIGHEST    77          1100 PM
 LOWEST     50           400 PM
 AVERAGE    64

..........................................................


THE ERIE PA CLIMATE NORMALS FOR TODAY
                         NORMAL    RECORD    YEAR
 MAXIMUM TEMPERATURE (F)   46        78      1966
 MINIMUM TEMPERATURE (F)   30         4      1885


SUNRISE AND SUNSET
MARCH 23 2015.........SUNRISE   719 AM EDT   SUNSET   736 PM EDT
MARCH 24 2015.........SUNRISE   718 AM EDT   SUNSET   737 PM EDT


-  INDICATES NEGATIVE NUMBERS.
R  INDICATES RECORD WAS SET OR TIED.
MM INDICATES DATA IS MISSING.
T  INDICATES TRACE AMOUNT.




$$
