000
CDUS41 KCLE 200530
CLIERI


CLIMATE REPORT
NATIONAL WEATHER SERVICE CLEVELAND OH
129 AM EDT WED JUL 20 2016


...................................

...THE ERIE PA CLIMATE SUMMARY FOR JULY 19 2016...

CLIMATE NORMAL PERIOD 1981 TO 2010
CLIMATE RECORD PERIOD 1873 TO 2016


WEATHER ITEM   OBSERVED TIME   RECORD YEAR NORMAL DEPARTURE LAST
                VALUE   (LST)  VALUE       VALUE  FROM      YEAR
                                                  NORMAL
..................................................................
TEMPERATURE (F)
 YESTERDAY
  MAXIMUM         78    409 PM  93    1946  80     -2       88
  MINIMUM         62   1159 PM  52    2003  64     -2       73
                                      1979
  AVERAGE         70                        72     -2       81

PRECIPITATION (IN)
  YESTERDAY        0.00                      0.12  -0.12     0.00
  MONTH TO DATE    2.51                      2.09   0.42     2.11
  SINCE JUN 1      4.35                      5.85  -1.50     7.39
  SINCE JAN 1     17.12                     20.91  -3.79    21.58

SNOWFALL (IN)
  YESTERDAY        0.0                       0.0    0.0      0.0
  MONTH TO DATE    0.0                       0.0    0.0      0.0
  SINCE JUN 1      0.0                       0.0    0.0      0.0
  SINCE JUL 1      0.0                       0.0    0.0      0.0
  SNOW DEPTH       0

DEGREE DAYS
 HEATING
  YESTERDAY        0                         0      0        0
  MONTH TO DATE    0                         2     -2       12
  SINCE JUN 1     40                        63    -23       49
  SINCE JUL 1      0                         2     -2       12

 COOLING
  YESTERDAY        5                         7     -2       16
  MONTH TO DATE  164                       131     33       98
  SINCE JUN 1    315                       254     61      198
  SINCE JAN 1    390                       293     97      310
..................................................................


WIND (MPH)
  HIGHEST WIND SPEED    15   HIGHEST WIND DIRECTION     N (20)
  HIGHEST GUST SPEED    22   HIGHEST GUST DIRECTION     N (20)
  AVERAGE WIND SPEED     6.0


SKY COVER
  POSSIBLE SUNSHINE  MM
  AVERAGE SKY COVER 0.2


WEATHER CONDITIONS
 THE FOLLOWING WEATHER WAS RECORDED YESTERDAY.
  HAZE


RELATIVE HUMIDITY (PERCENT)
 HIGHEST    79          1200 AM
 LOWEST     43          1000 AM
 AVERAGE    61

..........................................................


THE ERIE PA CLIMATE NORMALS FOR TODAY
                         NORMAL    RECORD    YEAR
 MAXIMUM TEMPERATURE (F)   80        93      1926
 MINIMUM TEMPERATURE (F)   64        50      1965


SUNRISE AND SUNSET
JULY 20 2016..........SUNRISE   603 AM EDT   SUNSET   851 PM EDT
JULY 21 2016..........SUNRISE   604 AM EDT   SUNSET   850 PM EDT


-  INDICATES NEGATIVE NUMBERS.
R  INDICATES RECORD WAS SET OR TIED.
MM INDICATES DATA IS MISSING.
T  INDICATES TRACE AMOUNT.




$$
