000
CDUS41 KCLE 270528
CLIERI


CLIMATE REPORT
NATIONAL WEATHER SERVICE CLEVELAND OH
128 AM EDT SAT SEP 27 2014


...................................

...THE ERIE PA CLIMATE SUMMARY FOR SEPTEMBER 26 2014...

CLIMATE NORMAL PERIOD 1981 TO 2010
CLIMATE RECORD PERIOD 1873 TO 2014


WEATHER ITEM   OBSERVED TIME   RECORD YEAR NORMAL DEPARTURE LAST
                VALUE   (LST)  VALUE       VALUE  FROM      YEAR
                                                  NORMAL
..................................................................
TEMPERATURE (F)
 YESTERDAY
  MAXIMUM         72    339 PM  89    1998  68      4       69
  MINIMUM         52    157 AM  36    1957  52      0       45
  AVERAGE         62                        60      2       57

PRECIPITATION (IN)
  YESTERDAY        0.00                      0.17  -0.17     0.00
  MONTH TO DATE    2.16                      3.94  -1.78     3.95
  SINCE SEP 1      2.16                      3.94  -1.78     3.95
  SINCE JAN 1     29.87                     29.77   0.10    37.82

SNOWFALL (IN)
  YESTERDAY        0.0                       0.0    0.0      0.0
  MONTH TO DATE    0.0                       0.0    0.0      0.0
  SINCE SEP 1      0.0                       0.0    0.0      0.0
  SINCE JUL 1      0.0                       0.0    0.0      0.0
  SNOW DEPTH       0

DEGREE DAYS
 HEATING
  YESTERDAY        3                         6     -3        8
  MONTH TO DATE   92                        77     15      112
  SINCE SEP 1     92                        77     15      112
  SINCE JUL 1    110                        95     15      124

 COOLING
  YESTERDAY        0                         1     -1        0
  MONTH TO DATE   79                        66     13       65
  SINCE SEP 1     79                        66     13       65
  SINCE JAN 1    595                       624    -29      686
..................................................................


WIND (MPH)
  HIGHEST WIND SPEED    10   HIGHEST WIND DIRECTION     N (20)
  HIGHEST GUST SPEED    15   HIGHEST GUST DIRECTION     N (10)
  AVERAGE WIND SPEED     2.6


SKY COVER
  POSSIBLE SUNSHINE  MM
  AVERAGE SKY COVER 0.0


WEATHER CONDITIONS
 THE FOLLOWING WEATHER WAS RECORDED YESTERDAY.
  NO SIGNIFICANT WEATHER WAS OBSERVED.


RELATIVE HUMIDITY (PERCENT)
 HIGHEST    89           200 AM
 LOWEST     53           400 PM
 AVERAGE    71

..........................................................


THE ERIE PA CLIMATE NORMALS FOR TODAY
                         NORMAL    RECORD    YEAR
 MAXIMUM TEMPERATURE (F)   68        85      1923
                                             1916
 MINIMUM TEMPERATURE (F)   52        33      1957


SUNRISE AND SUNSET
SEPTEMBER 27 2014.....SUNRISE   713 AM EDT   SUNSET   709 PM EDT
SEPTEMBER 28 2014.....SUNRISE   714 AM EDT   SUNSET   708 PM EDT


-  INDICATES NEGATIVE NUMBERS.
R  INDICATES RECORD WAS SET OR TIED.
MM INDICATES DATA IS MISSING.
T  INDICATES TRACE AMOUNT.




$$
