000
CDUS41 KCLE 131106 CCA
CLIERI

CLIMATE REPORT...CORRECTED
NATIONAL WEATHER SERVICE CLEVELAND OH
657 AM EDT WED JUL 13 2016


...................................

...THE ERIE PA CLIMATE SUMMARY FOR JULY 12 2016...

CLIMATE NORMAL PERIOD 1981 TO 2010
CLIMATE RECORD PERIOD 1873 TO 2016


WEATHER ITEM   OBSERVED TIME   RECORD YEAR NORMAL DEPARTURE LAST
                VALUE   (LST)  VALUE       VALUE  FROM      YEAR
                                                  NORMAL
..................................................................
TEMPERATURE (F)
 YESTERDAY
  MAXIMUM         91    503 PM  94    2005  80     11       79
                                      1936
  MINIMUM         73    630 AM  46    1973  64      9       59
  AVERAGE         82                        72     10       69

PRECIPITATION (IN)
  YESTERDAY        T                         0.11  -0.11     0.00
  MONTH TO DATE    2.34                      1.30   1.04     1.82
  SINCE JUN 1      4.18                      5.06  -0.88     7.10
  SINCE JAN 1     16.95                     20.12  -3.17    21.29

SNOWFALL (IN)
  YESTERDAY        0.0                       0.0    0.0      0.0
  MONTH TO DATE    0.0                       0.0    0.0      0.0
  SINCE JUN 1      0.0                       0.0    0.0      0.0
  SINCE JUL 1      0.0                       0.0    0.0      0.0
  SNOW DEPTH       0

DEGREE DAYS
 HEATING
  YESTERDAY        0                         0      0        0
  MONTH TO DATE    0                         2     -2        6
  SINCE JUN 1     40                        63    -23       43
  SINCE JUL 1      0                         2     -2        6

 COOLING
  YESTERDAY       17                         7     10        4
  MONTH TO DATE   96                        82     14       35
  SINCE JUN 1    247                       205     42      135
  SINCE JAN 1    322                       244     78      247
..................................................................


WIND (MPH)
  HIGHEST WIND SPEED    16   HIGHEST WIND DIRECTION     S (170)
  HIGHEST GUST SPEED    22   HIGHEST GUST DIRECTION    SE (130)
  AVERAGE WIND SPEED    10.5


SKY COVER
  POSSIBLE SUNSHINE  MM
  AVERAGE SKY COVER 0.0


WEATHER CONDITIONS
 THE FOLLOWING WEATHER WAS RECORDED YESTERDAY.
  LIGHT RAIN


RELATIVE HUMIDITY (PERCENT)
 HIGHEST    61           600 AM
 LOWEST     38           400 PM
 AVERAGE    50

..........................................................


THE ERIE PA CLIMATE NORMALS FOR TODAY
                         NORMAL    RECORD    YEAR
 MAXIMUM TEMPERATURE (F)   80        95      1936
 MINIMUM TEMPERATURE (F)   64        48      1980


SUNRISE AND SUNSET
JULY 13 2016..........SUNRISE   557 AM EDT   SUNSET   856 PM EDT
JULY 14 2016..........SUNRISE   558 AM EDT   SUNSET   855 PM EDT


-  INDICATES NEGATIVE NUMBERS.
R  INDICATES RECORD WAS SET OR TIED.
MM INDICATES DATA IS MISSING.
T  INDICATES TRACE AMOUNT.
CORRECTED PRECIPITATION TO TRACE AND SNOW DEPTH TO 0



$$
