000
CDUS41 KCLE 210545
CLIERI


CLIMATE REPORT
NATIONAL WEATHER SERVICE CLEVELAND OH
145 AM EDT TUE OCT 21 2014


...................................

...THE ERIE PA CLIMATE SUMMARY FOR OCTOBER 20 2014...

CLIMATE NORMAL PERIOD 1981 TO 2010
CLIMATE RECORD PERIOD 1873 TO 2014


WEATHER ITEM   OBSERVED TIME   RECORD YEAR NORMAL DEPARTURE LAST
                VALUE   (LST)  VALUE       VALUE  FROM      YEAR
                                                  NORMAL
..................................................................
TEMPERATURE (F)
 YESTERDAY
  MAXIMUM         57    335 PM  79    1979  59     -2       58
  MINIMUM         44   1242 AM  28    1940  44      0       41
  AVERAGE         51                        52     -1       50

PRECIPITATION (IN)
  YESTERDAY        0.18                      0.12   0.06     0.60
  MONTH TO DATE    3.88                      2.72   1.16     4.50
  SINCE SEP 1      6.67                      7.33  -0.66     8.48
  SINCE JAN 1     34.38                     33.16   1.22    42.35

SNOWFALL (IN)
  YESTERDAY       MM                         0.0   MM        0.0
  MONTH TO DATE    0.0                       0.0    0.0      0.0
  SINCE SEP 1      0.0                       0.0    0.0      0.0
  SINCE JUL 1      0.0                       0.0    0.0      0.0
  SNOW DEPTH       0

DEGREE DAYS
 HEATING
  YESTERDAY       14                        13      1       15
  MONTH TO DATE  185                       213    -28      116
  SINCE SEP 1    284                       319    -35      236
  SINCE JUL 1    302                       337    -35      248

 COOLING
  YESTERDAY        0                         0      0        0
  MONTH TO DATE    7                         7      0       20
  SINCE SEP 1     87                        78      9       85
  SINCE JAN 1    603                       636    -33      706
..................................................................


WIND (MPH)
  HIGHEST WIND SPEED    20   HIGHEST WIND DIRECTION     S (190)
  HIGHEST GUST SPEED    25   HIGHEST GUST DIRECTION     S (180)
  AVERAGE WIND SPEED    11.5


SKY COVER
  POSSIBLE SUNSHINE  MM
  AVERAGE SKY COVER 0.8


WEATHER CONDITIONS
 THE FOLLOWING WEATHER WAS RECORDED YESTERDAY.
  LIGHT RAIN
  FOG


RELATIVE HUMIDITY (PERCENT)
 HIGHEST    77           700 PM
 LOWEST     55          1100 AM
 AVERAGE    66

..........................................................


THE ERIE PA CLIMATE NORMALS FOR TODAY
                         NORMAL    RECORD    YEAR
 MAXIMUM TEMPERATURE (F)   59        82      1979
 MINIMUM TEMPERATURE (F)   44        29      1895


SUNRISE AND SUNSET
OCTOBER 21 2014.......SUNRISE   740 AM EDT   SUNSET   630 PM EDT
OCTOBER 22 2014.......SUNRISE   741 AM EDT   SUNSET   628 PM EDT


-  INDICATES NEGATIVE NUMBERS.
R  INDICATES RECORD WAS SET OR TIED.
MM INDICATES DATA IS MISSING.
T  INDICATES TRACE AMOUNT.




$$
