000
CDUS41 KCLE 220547
CLIERI


CLIMATE REPORT
NATIONAL WEATHER SERVICE CLEVELAND OH
1247 AM EST SUN FEB 22 2015


...................................

...THE ERIE PA CLIMATE SUMMARY FOR FEBRUARY 21 2015...

CLIMATE NORMAL PERIOD 1981 TO 2010
CLIMATE RECORD PERIOD 1873 TO 2015


WEATHER ITEM   OBSERVED TIME   RECORD YEAR NORMAL DEPARTURE LAST
                VALUE   (LST)  VALUE       VALUE  FROM      YEAR
                                                  NORMAL
..................................................................
TEMPERATURE (F)
 YESTERDAY
  MAXIMUM         28   1227 PM  70    1997  37     -9       55
  MINIMUM         11   1215 AM  -1    1968  22    -11       36
                                      1918
  AVERAGE         20                        29     -9       46

PRECIPITATION (IN)
  YESTERDAY        0.27                      0.08   0.19     0.21
  MONTH TO DATE    1.90                      1.74   0.16     3.06
  SINCE DEC 1      8.09                      8.43  -0.34    11.58
  SINCE JAN 1      5.64                      4.69   0.95     5.62

SNOWFALL (IN)
  YESTERDAY        3.4                       0.6    2.8      0.0
  MONTH TO DATE   29.6                      14.0   15.6     22.3
  SINCE DEC 1     72.5                      71.1    1.4     98.4
  SINCE JUL 1     97.5                      79.8   17.7    114.0
  SNOW DEPTH      12

DEGREE DAYS
 HEATING
  YESTERDAY       45                        36      9       19
  MONTH TO DATE 1062                       782    280      928
  SINCE DEC 1   3278                      2964    314     3310
  SINCE JUL 1   4492                      4120    372     4509

 COOLING
  YESTERDAY        0                         0      0        0
  MONTH TO DATE    0                         0      0        0
  SINCE DEC 1      0                         0      0        0
  SINCE JAN 1      0                         0      0        0
..................................................................


WIND (MPH)
  HIGHEST WIND SPEED    23   HIGHEST WIND DIRECTION     S (160)
  HIGHEST GUST SPEED    34   HIGHEST GUST DIRECTION     S (180)
  AVERAGE WIND SPEED     8.8


SKY COVER
  POSSIBLE SUNSHINE  MM
  AVERAGE SKY COVER 1.0


WEATHER CONDITIONS
 THE FOLLOWING WEATHER WAS RECORDED YESTERDAY.
  HEAVY SNOW
  SNOW
  LIGHT SNOW
  FOG
  FOG W/VISIBILITY <= 1/4 MILE
  HAZE


RELATIVE HUMIDITY (PERCENT)
 HIGHEST    92          1100 PM
 LOWEST     40           300 AM
 AVERAGE    66

..........................................................


THE ERIE PA CLIMATE NORMALS FOR TODAY
                         NORMAL    RECORD    YEAR
 MAXIMUM TEMPERATURE (F)   37        69      1930
 MINIMUM TEMPERATURE (F)   22        -4      1963


SUNRISE AND SUNSET
FEBRUARY 22 2015......SUNRISE   707 AM EST   SUNSET   602 PM EST
FEBRUARY 23 2015......SUNRISE   706 AM EST   SUNSET   603 PM EST


-  INDICATES NEGATIVE NUMBERS.
R  INDICATES RECORD WAS SET OR TIED.
MM INDICATES DATA IS MISSING.
T  INDICATES TRACE AMOUNT.




$$
