000
CDUS41 KCLE 050534
CLIERI


CLIMATE REPORT
NATIONAL WEATHER SERVICE CLEVELAND OH
1234 AM EST THU JAN 5 2017


...................................

...THE ERIE PA CLIMATE SUMMARY FOR JANUARY 4 2017...

CLIMATE NORMAL PERIOD 1981 TO 2010
CLIMATE RECORD PERIOD 1873 TO 2017


WEATHER ITEM   OBSERVED TIME   RECORD YEAR NORMAL DEPARTURE LAST
                VALUE   (LST)  VALUE       VALUE  FROM      YEAR
                                                  NORMAL
..................................................................
TEMPERATURE (F)
 YESTERDAY
  MAXIMUM         39    202 AM  70    1874  34      5       26
  MINIMUM         22   1151 PM  -4    1904  22      0       15
  AVERAGE         31                        28      3       21

PRECIPITATION (IN)
  YESTERDAY        0.21                      0.11   0.10     0.02
  MONTH TO DATE    0.69                      0.44   0.25     0.33
  SINCE DEC 1      4.57                      4.18   0.39     4.22
  SINCE JAN 1      0.69                      0.44   0.25     0.33

SNOWFALL (IN)
  YESTERDAY        0.5                       1.1   -0.6      0.6
  MONTH TO DATE    0.5                       4.2   -3.7      6.5
  SINCE DEC 1     22.7                      31.7   -9.0     11.4
  SINCE JUL 1     25.1                      40.4  -15.3     11.9
  SNOW DEPTH       0

DEGREE DAYS
 HEATING
  YESTERDAY       34                        37     -3       44
  MONTH TO DATE  119                       148    -29      150
  SINCE DEC 1   1112                      1160    -48      794
  SINCE JUL 1   1892                      2316   -424     1685

 COOLING
  YESTERDAY        0                         0      0        0
  MONTH TO DATE    0                         0      0        0
  SINCE DEC 1      0                         0      0        0
  SINCE JAN 1      0                         0      0        0
..................................................................


WIND (MPH)
  HIGHEST WIND SPEED    24   HIGHEST WIND DIRECTION     W (260)
  HIGHEST GUST SPEED    46   HIGHEST GUST DIRECTION     W (250)
  AVERAGE WIND SPEED    19.8


SKY COVER
  POSSIBLE SUNSHINE  MM
  AVERAGE SKY COVER 0.9


WEATHER CONDITIONS
 THE FOLLOWING WEATHER WAS RECORDED YESTERDAY.
  LIGHT RAIN
  HEAVY SNOW
  SNOW
  LIGHT SNOW
  FOG
  FOG W/VISIBILITY <= 1/4 MILE
  HAZE


RELATIVE HUMIDITY (PERCENT)
 HIGHEST    92           100 AM
 LOWEST     60           700 PM
 AVERAGE    76

..........................................................


THE ERIE PA CLIMATE NORMALS FOR TODAY
                         NORMAL    RECORD    YEAR
 MAXIMUM TEMPERATURE (F)   34        66      1997
 MINIMUM TEMPERATURE (F)   22        -7      1904


SUNRISE AND SUNSET
JANUARY  5 2017.......SUNRISE   749 AM EST   SUNSET   504 PM EST
JANUARY  6 2017.......SUNRISE   749 AM EST   SUNSET   505 PM EST


-  INDICATES NEGATIVE NUMBERS.
R  INDICATES RECORD WAS SET OR TIED.
MM INDICATES DATA IS MISSING.
T  INDICATES TRACE AMOUNT.




$$
