000
CDUS41 KCLE 221119
CLIERI


CLIMATE REPORT
NATIONAL WEATHER SERVICE CLEVELAND OH
719 AM EDT SUN MAR 22 2015


...................................

...THE ERIE PA CLIMATE SUMMARY FOR MARCH 21 2015...

CLIMATE NORMAL PERIOD 1981 TO 2010
CLIMATE RECORD PERIOD 1873 TO 2015


WEATHER ITEM   OBSERVED TIME   RECORD YEAR NORMAL DEPARTURE LAST
                VALUE   (LST)  VALUE       VALUE  FROM      YEAR
                                                  NORMAL
..................................................................
TEMPERATURE (F)
 YESTERDAY
  MAXIMUM         44    935 AM  78    2012  46     -2       43
  MINIMUM         28   1159 PM  -1    1885  29     -1       27
  AVERAGE         36                        37     -1       35

PRECIPITATION (IN)
  YESTERDAY        0.09                      0.11  -0.02     0.00
  MONTH TO DATE    0.94                      1.93  -0.99     1.72
  SINCE MAR 1      0.94                      1.93  -0.99     1.72
  SINCE JAN 1      6.70                      7.27  -0.57     7.63

SNOWFALL (IN)
  YESTERDAY        0.0                       0.4   -0.4      0.0
  MONTH TO DATE    4.6                      10.4   -5.8     10.2
  SINCE MAR 1      4.6                      10.4   -5.8     10.2
  SINCE JUL 1    104.0                      94.4    9.6    129.8
  SNOW DEPTH       0

DEGREE DAYS
 HEATING
  YESTERDAY       29                        28      1       30
  MONTH TO DATE  697                       655     42      797
  SINCE MAR 1    697                       655     42      797
  SINCE JUL 1   5573                      5020    553     5618

 COOLING
  YESTERDAY        0                         0      0        0
  MONTH TO DATE    0                         0      0        0
  SINCE MAR 1      0                         0      0        0
  SINCE JAN 1      0                         0      0        0
..................................................................


WIND (MPH)
  HIGHEST WIND SPEED    24   HIGHEST WIND DIRECTION     W (260)
  HIGHEST GUST SPEED    37   HIGHEST GUST DIRECTION     W (260)
  AVERAGE WIND SPEED     9.1


SKY COVER
  POSSIBLE SUNSHINE  MM
  AVERAGE SKY COVER 0.9


WEATHER CONDITIONS
 THE FOLLOWING WEATHER WAS RECORDED YESTERDAY.
  LIGHT RAIN
  FOG
  HAZE


RELATIVE HUMIDITY (PERCENT)
 HIGHEST    92          1200 PM
 LOWEST     63          1100 PM
 AVERAGE    78

..........................................................


THE ERIE PA CLIMATE NORMALS FOR TODAY
                         NORMAL    RECORD    YEAR
 MAXIMUM TEMPERATURE (F)   46        82      1938
 MINIMUM TEMPERATURE (F)   29         0      1885


SUNRISE AND SUNSET
MARCH 22 2015.........SUNRISE   721 AM EDT   SUNSET   735 PM EDT
MARCH 23 2015.........SUNRISE   719 AM EDT   SUNSET   736 PM EDT


-  INDICATES NEGATIVE NUMBERS.
R  INDICATES RECORD WAS SET OR TIED.
MM INDICATES DATA IS MISSING.
T  INDICATES TRACE AMOUNT.




$$
