135
CDUS41 KCLE 310531
CLIERI


CLIMATE REPORT
NATIONAL WEATHER SERVICE CLEVELAND OH
1230 AM EST SUN JAN 31 2016


...................................

...THE ERIE PA CLIMATE SUMMARY FOR JANUARY 30 2016...

CLIMATE NORMAL PERIOD 1981 TO 2010
CLIMATE RECORD PERIOD 1873 TO 2016


WEATHER ITEM   OBSERVED TIME   RECORD YEAR NORMAL DEPARTURE LAST
                VALUE   (LST)  VALUE       VALUE  FROM      YEAR
                                                  NORMAL
..................................................................
TEMPERATURE (F)
 YESTERDAY
  MAXIMUM         50    458 PM  65    2013  34     16       31
  MINIMUM         21    229 AM  -4    1915  20      1       14
  AVERAGE         36                        27      9       23

PRECIPITATION (IN)
  YESTERDAY        0.00                      0.08  -0.08     0.03
  MONTH TO DATE    2.38                      2.87  -0.49     3.74
  SINCE DEC 1      6.27                      6.61  -0.34     6.19
  SINCE JAN 1      2.38                      2.87  -0.49     3.74

SNOWFALL (IN)
  YESTERDAY        0.0                       0.8   -0.8      0.6
  MONTH TO DATE   38.4                      28.8    9.6     37.2
  SINCE DEC 1     43.3                      56.3  -13.0     42.7
  SINCE JUL 1     43.8                      65.0  -21.2     67.7
  SNOW DEPTH       T

DEGREE DAYS
 HEATING
  YESTERDAY       29                        38     -9       42
  MONTH TO DATE 1106                      1132    -26     1276
  SINCE DEC 1   1750                      2144   -394     2169
  SINCE JUL 1   2641                      3300   -659     3383

 COOLING
  YESTERDAY        0                         0      0        0
  MONTH TO DATE    0                         0      0        0
  SINCE DEC 1      0                         0      0        0
  SINCE JAN 1      0                         0      0        0
..................................................................


WIND (MPH)
  HIGHEST WIND SPEED    33   HIGHEST WIND DIRECTION     S (170)
  HIGHEST GUST SPEED    42   HIGHEST GUST DIRECTION     S (180)
  AVERAGE WIND SPEED    15.0


SKY COVER
  POSSIBLE SUNSHINE  MM
  AVERAGE SKY COVER 0.1


WEATHER CONDITIONS
 THE FOLLOWING WEATHER WAS RECORDED YESTERDAY.
  NO SIGNIFICANT WEATHER WAS OBSERVED.


RELATIVE HUMIDITY (PERCENT)
 HIGHEST    71          1200 AM
 LOWEST     39           300 PM
 AVERAGE    55

..........................................................


THE ERIE PA CLIMATE NORMALS FOR TODAY
                         NORMAL    RECORD    YEAR
 MAXIMUM TEMPERATURE (F)   34        63      1916
 MINIMUM TEMPERATURE (F)   20        -6      1899


SUNRISE AND SUNSET
JANUARY 31 2016.......SUNRISE   735 AM EST   SUNSET   534 PM EST
FEBRUARY  1 2016......SUNRISE   734 AM EST   SUNSET   535 PM EST


-  INDICATES NEGATIVE NUMBERS.
R  INDICATES RECORD WAS SET OR TIED.
MM INDICATES DATA IS MISSING.
T  INDICATES TRACE AMOUNT.




$$
