360
CDUS41 KCLE 190538
CLIERI


CLIMATE REPORT
NATIONAL WEATHER SERVICE CLEVELAND OH
137 AM EDT MON JUN 19 2017


...................................

...THE ERIE PA CLIMATE SUMMARY FOR JUNE 18 2017...

CLIMATE NORMAL PERIOD 1981 TO 2010
CLIMATE RECORD PERIOD 1873 TO 2017


WEATHER ITEM   OBSERVED TIME   RECORD YEAR NORMAL DEPARTURE LAST
                VALUE   (LST)  VALUE       VALUE  FROM      YEAR
                                                  NORMAL
..................................................................
TEMPERATURE (F)
 YESTERDAY
  MAXIMUM         86   1235 PM  92    1957  77      9       86
  MINIMUM         68    734 PM  45    1986  59      9       57
                                      1980
                                      1959
  AVERAGE         77                        68      9       72

PRECIPITATION (IN)
  YESTERDAY        3.58                      0.13   3.45     0.00
  MONTH TO DATE    5.62                      2.27   3.35     1.06
  SINCE JUN 1      5.62                      2.27   3.35     1.06
  SINCE JAN 1     25.61                     17.33   8.28    13.83

SNOWFALL (IN)
  YESTERDAY        0.0                       0.0    0.0      0.0
  MONTH TO DATE    0.0                       0.0    0.0      0.0
  SINCE JUN 1      0.0                       0.0    0.0      0.0
  SINCE JUL 1     78.6                     100.9  -22.3     71.2
  SNOW DEPTH       0

DEGREE DAYS
 HEATING
  YESTERDAY        0                         1     -1        0
  MONTH TO DATE   38                        50    -12       40
  SINCE JUN 1     38                        50    -12       40
  SINCE JUL 1   5095                      6136  -1041     5210

 COOLING
  YESTERDAY       12                         4      8        7
  MONTH TO DATE  104                        57     47       67
  SINCE JUN 1    104                        57     47       67
  SINCE JAN 1    148                        96     52      142
..................................................................


WIND (MPH)
  HIGHEST WIND SPEED    18   HIGHEST WIND DIRECTION    SW (210)
  HIGHEST GUST SPEED    36   HIGHEST GUST DIRECTION     S (190)
  AVERAGE WIND SPEED    12.7


SKY COVER
  POSSIBLE SUNSHINE  MM
  AVERAGE SKY COVER 0.5


WEATHER CONDITIONS
 THE FOLLOWING WEATHER WAS RECORDED YESTERDAY.
  THUNDERSTORM
  HEAVY RAIN
  RAIN
  LIGHT RAIN
  FOG


RELATIVE HUMIDITY (PERCENT)
 HIGHEST    90           800 PM
 LOWEST     55          1100 AM
 AVERAGE    73

..........................................................


THE ERIE PA CLIMATE NORMALS FOR TODAY
                         NORMAL    RECORD    YEAR
 MAXIMUM TEMPERATURE (F)   77        92      1931
 MINIMUM TEMPERATURE (F)   60        44      1979


SUNRISE AND SUNSET
JUNE 19 2017..........SUNRISE   545 AM EDT   SUNSET   900 PM EDT
JUNE 20 2017..........SUNRISE   545 AM EDT   SUNSET   900 PM EDT


-  INDICATES NEGATIVE NUMBERS.
R  INDICATES RECORD WAS SET OR TIED.
MM INDICATES DATA IS MISSING.
T  INDICATES TRACE AMOUNT.




$$
