000
CDUS41 KCLE 190526
CLIERI


CLIMATE REPORT
NATIONAL WEATHER SERVICE CLEVELAND OH
125 AM EDT FRI MAY 19 2017


...................................

...THE ERIE PA CLIMATE SUMMARY FOR MAY 18 2017...

CLIMATE NORMAL PERIOD 1981 TO 2010
CLIMATE RECORD PERIOD 1873 TO 2017


WEATHER ITEM   OBSERVED TIME   RECORD YEAR NORMAL DEPARTURE LAST
                VALUE   (LST)  VALUE       VALUE  FROM      YEAR
                                                  NORMAL
..................................................................
TEMPERATURE (F)
 YESTERDAY
  MAXIMUM         87    217 PM  89    1889  67     20       62
  MINIMUM         68   1159 PM  30    2009  49     19       44
  AVERAGE         78                        58     20       53

PRECIPITATION (IN)
  YESTERDAY        0.00                      0.11  -0.11     0.00
  MONTH TO DATE    3.20                      1.95   1.25     1.46
  SINCE MAR 1     10.67                      8.23   2.44     6.45
  SINCE JAN 1     18.09                     13.57   4.52    12.66

SNOWFALL (IN)
  YESTERDAY        0.0                       0.0    0.0      0.0
  MONTH TO DATE    0.0                       0.0    0.0       T
  SINCE MAR 1     10.3                      16.9   -6.6      4.0
  SINCE JUL 1     78.6                     100.9  -22.3     71.2
  SNOW DEPTH       0

DEGREE DAYS
 HEATING
  YESTERDAY        0                         8     -8       12
  MONTH TO DATE  235                       187     48      224
  SINCE MAR 1   1511                      1641   -130     1527
  SINCE JUL 1   5015                      6006   -991     5125

 COOLING
  YESTERDAY       13                         1     12        0
  MONTH TO DATE   27                        13     14        4
  SINCE MAR 1     36                        20     16        4
  SINCE JAN 1     36                        20     16        4
..................................................................


WIND (MPH)
  HIGHEST WIND SPEED    26   HIGHEST WIND DIRECTION    SW (220)
  HIGHEST GUST SPEED    36   HIGHEST GUST DIRECTION    SW (220)
  AVERAGE WIND SPEED    16.3


SKY COVER
  POSSIBLE SUNSHINE  MM
  AVERAGE SKY COVER 0.2


WEATHER CONDITIONS
 THE FOLLOWING WEATHER WAS RECORDED YESTERDAY.
  THUNDERSTORM


RELATIVE HUMIDITY (PERCENT)
 HIGHEST    68           900 PM
 LOWEST     37           500 PM
 AVERAGE    53

..........................................................


THE ERIE PA CLIMATE NORMALS FOR TODAY
                         NORMAL    RECORD    YEAR
 MAXIMUM TEMPERATURE (F)   68        90      1996
 MINIMUM TEMPERATURE (F)   49        35      2002
                                             1954


SUNRISE AND SUNSET
MAY 19 2017...........SUNRISE   556 AM EDT   SUNSET   839 PM EDT
MAY 20 2017...........SUNRISE   555 AM EDT   SUNSET   840 PM EDT


-  INDICATES NEGATIVE NUMBERS.
R  INDICATES RECORD WAS SET OR TIED.
MM INDICATES DATA IS MISSING.
T  INDICATES TRACE AMOUNT.




$$
