000
CDUS41 KCLE 110535
CLIERI


CLIMATE REPORT
NATIONAL WEATHER SERVICE CLEVELAND OH
134 AM EDT FRI APR 11 2014


...................................

...THE ERIE PA CLIMATE SUMMARY FOR APRIL 10 2014...

CLIMATE NORMAL PERIOD 1981 TO 2010
CLIMATE RECORD PERIOD 1873 TO 2014


WEATHER ITEM   OBSERVED TIME   RECORD YEAR NORMAL DEPARTURE LAST
                VALUE   (LST)  VALUE       VALUE  FROM      YEAR
                                                  NORMAL
..................................................................
TEMPERATURE (F)
 YESTERDAY
  MAXIMUM         71    337 PM  82    2011  54     17       52
  MINIMUM         41   1242 AM  22    1985  36      5       39
                                      1882
  AVERAGE         56                        45     11       46

PRECIPITATION (IN)
  YESTERDAY        0.32                      0.12   0.20     0.72
  MONTH TO DATE    1.63                      1.16   0.47     0.80
  SINCE MAR 1      4.80                      4.11   0.69     3.40
  SINCE JAN 1     10.71                      9.45   1.26     9.91

SNOWFALL (IN)
  YESTERDAY        0.0                       0.2   -0.2      0.0
  MONTH TO DATE    T                         2.0   -2.0       T
  SINCE MAR 1     17.6                      15.7    1.9     25.2
  SINCE JUL 1    137.2                      99.7   37.5    104.5
  SNOW DEPTH       0

DEGREE DAYS
 HEATING
  YESTERDAY        9                        20    -11       19
  MONTH TO DATE  216                       218     -2      235
  SINCE MAR 1   1355                      1129    226     1230
  SINCE JUL 1   6176                      5494    682     5324

 COOLING
  YESTERDAY        0                         0      0        0
  MONTH TO DATE    0                         0      0        0
  SINCE MAR 1      0                         1     -1        0
  SINCE JAN 1      0                         1     -1        0
..................................................................


WIND (MPH)
  HIGHEST WIND SPEED    39   HIGHEST WIND DIRECTION     S (200)
  HIGHEST GUST SPEED    48   HIGHEST GUST DIRECTION     S (200)
  AVERAGE WIND SPEED    18.5


SKY COVER
  POSSIBLE SUNSHINE  MM
  AVERAGE SKY COVER 0.4


WEATHER CONDITIONS
 THE FOLLOWING WEATHER WAS RECORDED YESTERDAY.
  HEAVY RAIN
  RAIN
  LIGHT RAIN
  FOG


RELATIVE HUMIDITY (PERCENT)
 HIGHEST    89          1100 PM
 LOWEST     22           100 PM
 AVERAGE    56

..........................................................


THE ERIE PA CLIMATE NORMALS FOR TODAY
                         NORMAL    RECORD    YEAR
 MAXIMUM TEMPERATURE (F)   54        85      1945
 MINIMUM TEMPERATURE (F)   37        17      1909


SUNRISE AND SUNSET
APRIL 11 2014.........SUNRISE   647 AM EDT   SUNSET   758 PM EDT
APRIL 12 2014.........SUNRISE   645 AM EDT   SUNSET   759 PM EDT


-  INDICATES NEGATIVE NUMBERS.
R  INDICATES RECORD WAS SET OR TIED.
MM INDICATES DATA IS MISSING.
T  INDICATES TRACE AMOUNT.




$$
