488
CDUS41 KCLE 240545
CLIERI


CLIMATE REPORT
NATIONAL WEATHER SERVICE CLEVELAND OH
145 AM EDT FRI MAR 24 2017


...................................

...THE ERIE PA CLIMATE SUMMARY FOR MARCH 23 2017...

CLIMATE NORMAL PERIOD 1981 TO 2010
CLIMATE RECORD PERIOD 1873 TO 2017


WEATHER ITEM   OBSERVED TIME   RECORD YEAR NORMAL DEPARTURE LAST
                VALUE   (LST)  VALUE       VALUE  FROM      YEAR
                                                  NORMAL
..................................................................
TEMPERATURE (F)
 YESTERDAY
  MAXIMUM         43   1159 PM  78    1966  46     -3       59
  MINIMUM         18    647 AM   4    1885  30    -12       37
  AVERAGE         31                        38     -7       48

PRECIPITATION (IN)
  YESTERDAY        0.00                      0.10  -0.10     0.00
  MONTH TO DATE    1.82                      2.13  -0.31     1.43
  SINCE MAR 1      1.82                      2.13  -0.31     1.43
  SINCE JAN 1      9.24                      7.47   1.77     7.64

SNOWFALL (IN)
  YESTERDAY        0.0                       0.4   -0.4      0.0
  MONTH TO DATE    9.8                      11.2   -1.4      1.1
  SINCE MAR 1      9.8                      11.2   -1.4      1.1
  SINCE JUL 1     78.1                      95.2  -17.1     68.3
  SNOW DEPTH       0

DEGREE DAYS
 HEATING
  YESTERDAY       34                        27      7       17
  MONTH TO DATE  753                       709     44      537
  SINCE MAR 1    753                       709     44      537
  SINCE JUL 1   4257                      5074   -817     4135

 COOLING
  YESTERDAY        0                         0      0        0
  MONTH TO DATE    0                         0      0        0
  SINCE MAR 1      0                         0      0        0
  SINCE JAN 1      0                         0      0        0
..................................................................


WIND (MPH)
  HIGHEST WIND SPEED    18   HIGHEST WIND DIRECTION     S (170)
  HIGHEST GUST SPEED    25   HIGHEST GUST DIRECTION     S (170)
  AVERAGE WIND SPEED     5.6


SKY COVER
  POSSIBLE SUNSHINE  MM
  AVERAGE SKY COVER 0.0


WEATHER CONDITIONS
 THE FOLLOWING WEATHER WAS RECORDED YESTERDAY.
  NO SIGNIFICANT WEATHER WAS OBSERVED.


RELATIVE HUMIDITY (PERCENT)
 HIGHEST    84           400 AM
 LOWEST     24          1100 PM
 AVERAGE    54

..........................................................


THE ERIE PA CLIMATE NORMALS FOR TODAY
                         NORMAL    RECORD    YEAR
 MAXIMUM TEMPERATURE (F)   47        82      1910
 MINIMUM TEMPERATURE (F)   30         3      1888


SUNRISE AND SUNSET
MARCH 24 2017.........SUNRISE   717 AM EDT   SUNSET   738 PM EDT
MARCH 25 2017.........SUNRISE   715 AM EDT   SUNSET   739 PM EDT


-  INDICATES NEGATIVE NUMBERS.
R  INDICATES RECORD WAS SET OR TIED.
MM INDICATES DATA IS MISSING.
T  INDICATES TRACE AMOUNT.




$$
