000
CDUS41 KCLE 150528
CLIERI


CLIMATE REPORT
NATIONAL WEATHER SERVICE CLEVELAND OH
1227 AM EST MON JAN 15 2018


...................................

...THE ERIE PA CLIMATE SUMMARY FOR JANUARY 14 2018...

CLIMATE NORMAL PERIOD 1981 TO 2010
CLIMATE RECORD PERIOD 1873 TO 2018


WEATHER ITEM   OBSERVED TIME   RECORD YEAR NORMAL DEPARTURE LAST
                VALUE   (LST)  VALUE       VALUE  FROM      YEAR
                                                  NORMAL
..................................................................
TEMPERATURE (F)
 YESTERDAY
  MAXIMUM         20    110 PM  68    1995  34    -14       31
  MINIMUM          5    848 PM  -5    1893  21    -16       22
  AVERAGE         13                        27    -14       27

PRECIPITATION (IN)
  YESTERDAY        T                         0.10  -0.10     0.00
  MONTH TO DATE    1.61                      1.46   0.15     2.83
  SINCE DEC 1      9.16                      5.20   3.96     6.71
  SINCE JAN 1      1.61                      1.46   0.15     2.83

SNOWFALL (IN)
  YESTERDAY        T                         1.0   -1.0      0.0
  MONTH TO DATE   15.2                      14.3    0.9     20.2
  SINCE DEC 1    136.5                      41.8   94.7     42.4
  SINCE JUL 1    137.0                      50.5   86.5     44.8
  SNOW DEPTH       4

DEGREE DAYS
 HEATING
  YESTERDAY       52                        38     14       38
  MONTH TO DATE  611                       524     87      498
  SINCE DEC 1   1740                      1536    204     1491
  SINCE JUL 1   2737                      2692     45     2271

 COOLING
  YESTERDAY        0                         0      0        0
  MONTH TO DATE    0                         0      0        0
  SINCE DEC 1      0                         0      0        0
  SINCE JAN 1      0                         0      0        0
..................................................................


WIND (MPH)
  HIGHEST WIND SPEED     9   HIGHEST WIND DIRECTION    SW (220)
  HIGHEST GUST SPEED    12   HIGHEST GUST DIRECTION    SW (240)
  AVERAGE WIND SPEED     4.7


SKY COVER
  POSSIBLE SUNSHINE  MM
  AVERAGE SKY COVER 0.6


WEATHER CONDITIONS
 THE FOLLOWING WEATHER WAS RECORDED YESTERDAY.
  LIGHT SNOW
  HAZE


RELATIVE HUMIDITY (PERCENT)
 HIGHEST    80           800 PM
 LOWEST     53           500 PM
 AVERAGE    67

..........................................................


THE ERIE PA CLIMATE NORMALS FOR TODAY
                         NORMAL    RECORD    YEAR
 MAXIMUM TEMPERATURE (F)   34        65      1932
 MINIMUM TEMPERATURE (F)   21        -6      1984
                                             1970


SUNRISE AND SUNSET
JANUARY 15 2018.......SUNRISE   746 AM EST   SUNSET   514 PM EST
JANUARY 16 2018.......SUNRISE   746 AM EST   SUNSET   515 PM EST


-  INDICATES NEGATIVE NUMBERS.
R  INDICATES RECORD WAS SET OR TIED.
MM INDICATES DATA IS MISSING.
T  INDICATES TRACE AMOUNT.




$$
