000
CDUS41 KCLE 180545
CLIERI


CLIMATE REPORT
NATIONAL WEATHER SERVICE CLEVELAND OH
145 AM EDT MON SEP 18 2017


...................................

...THE ERIE PA CLIMATE SUMMARY FOR SEPTEMBER 17 2017...

CLIMATE NORMAL PERIOD 1981 TO 2010
CLIMATE RECORD PERIOD 1873 TO 2017


WEATHER ITEM   OBSERVED TIME   RECORD YEAR NORMAL DEPARTURE LAST
                VALUE   (LST)  VALUE       VALUE  FROM      YEAR
                                                  NORMAL
..................................................................
TEMPERATURE (F)
 YESTERDAY
  MAXIMUM         79   1104 AM  88    1955  72      7       80
                                      1942
  MINIMUM         60   1228 AM  35    1959  56      4       67
  AVERAGE         70                        64      6       74

PRECIPITATION (IN)
  YESTERDAY        0.00                      0.16  -0.16     1.81
  MONTH TO DATE    3.82                      2.43   1.39     4.47
  SINCE SEP 1      3.82                      2.43   1.39     4.47
  SINCE JAN 1     35.19                     28.26   6.93    31.53

SNOWFALL (IN)
  YESTERDAY        0.0                       0.0    0.0      0.0
  MONTH TO DATE    0.0                       0.0    0.0      0.0
  SINCE SEP 1      0.0                       0.0    0.0      0.0
  SINCE JUL 1      0.0                       0.0    0.0      0.0
  SNOW DEPTH       0

DEGREE DAYS
 HEATING
  YESTERDAY        0                         3     -3        0
  MONTH TO DATE   63                        33     30        4
  SINCE SEP 1     63                        33     30        4
  SINCE JUL 1     73                        51     22        4

 COOLING
  YESTERDAY        5                         2      3        9
  MONTH TO DATE   21                        53    -32       95
  SINCE SEP 1     21                        53    -32       95
  SINCE JAN 1    583                       611    -28      944
..................................................................


WIND (MPH)
  HIGHEST WIND SPEED    13   HIGHEST WIND DIRECTION    NW (320)
  HIGHEST GUST SPEED    16   HIGHEST GUST DIRECTION    NW (310)
  AVERAGE WIND SPEED     3.2


SKY COVER
  POSSIBLE SUNSHINE  MM
  AVERAGE SKY COVER 0.0


WEATHER CONDITIONS
 THE FOLLOWING WEATHER WAS RECORDED YESTERDAY.
  FOG


RELATIVE HUMIDITY (PERCENT)
 HIGHEST    97           100 AM
 LOWEST     60           400 PM
 AVERAGE    79

..........................................................


THE ERIE PA CLIMATE NORMALS FOR TODAY
                         NORMAL    RECORD    YEAR
 MAXIMUM TEMPERATURE (F)   71        88      1955
 MINIMUM TEMPERATURE (F)   55        40      1990


SUNRISE AND SUNSET
SEPTEMBER 18 2017.....SUNRISE   704 AM EDT   SUNSET   725 PM EDT
SEPTEMBER 19 2017.....SUNRISE   705 AM EDT   SUNSET   723 PM EDT


-  INDICATES NEGATIVE NUMBERS.
R  INDICATES RECORD WAS SET OR TIED.
MM INDICATES DATA IS MISSING.
T  INDICATES TRACE AMOUNT.




$$
