000
CDUS41 KCLE 122114
CLIERI


CLIMATE REPORT
NATIONAL WEATHER SERVICE CLEVELAND OH
513 PM EDT MON SEP 12 2016


...................................

...THE ERIE PA CLIMATE SUMMARY FOR SEPTEMBER 12 2016...
VALID TODAY AS OF 0500 PM LOCAL TIME.

CLIMATE NORMAL PERIOD 1981 TO 2010
CLIMATE RECORD PERIOD 1873 TO 2016


WEATHER ITEM   OBSERVED TIME   RECORD YEAR NORMAL DEPARTURE LAST
                VALUE   (LST)  VALUE       VALUE  FROM      YEAR
                                                  NORMAL
..................................................................
TEMPERATURE (F)
 TODAY
  MAXIMUM         74    358 PM  88    1931  73      1       62
                                      1903
  MINIMUM         53    627 AM  41    1958  57     -4       56
  AVERAGE         64                        65     -1       59

PRECIPITATION (IN)
  TODAY            0.00                      0.15  -0.15     2.54
  MONTH TO DATE    2.66                      1.65   1.01     3.91
  SINCE SEP 1      2.66                      1.65   1.01     3.91
  SINCE JAN 1     29.72                     27.48   2.24    27.62

SNOWFALL (IN)
  TODAY            0.0                       0.0    0.0      0.0
  MONTH TO DATE    0.0                       0.0    0.0      0.0
  SINCE SEP 1      0.0                       0.0    0.0      0.0
  SINCE JUL 1      0.0                       0.0    0.0      0.0
  SNOW DEPTH       0

DEGREE DAYS
 HEATING
  TODAY            1                         2     -1        6
  MONTH TO DATE    2                        18    -16        6
  SINCE SEP 1      2                        18    -16        6
  SINCE JUL 1      2                        36    -34       24

 COOLING
  TODAY            0                         3     -3        0
  MONTH TO DATE   81                        42     39      120
  SINCE SEP 1     81                        42     39      120
  SINCE JAN 1    930                       600    330      726
..................................................................


WIND (MPH)
  HIGHEST WIND SPEED    10   HIGHEST WIND DIRECTION     N (10)
  HIGHEST GUST SPEED    13   HIGHEST GUST DIRECTION     N (10)


SKY COVER
  POSSIBLE SUNSHINE  MM
  AVERAGE SKY COVER 0.0


WEATHER CONDITIONS
 THE FOLLOWING WEATHER WAS RECORDED TODAY.
  NO SIGNIFICANT WEATHER WAS OBSERVED.


RELATIVE HUMIDITY (PERCENT)
 HIGHEST    83          1200 AM
 LOWEST     49          1100 AM
 AVERAGE    66

..........................................................


THE ERIE PA CLIMATE NORMALS FOR TOMORROW
                         NORMAL    RECORD    YEAR
 MAXIMUM TEMPERATURE (F)   73        92      1931
                                             1887
 MINIMUM TEMPERATURE (F)   57        43      1964
                                             1963
                                             1955


SUNRISE AND SUNSET
SEPTEMBER 12 2016.....SUNRISE   658 AM EDT   SUNSET   735 PM EDT
SEPTEMBER 13 2016.....SUNRISE   659 AM EDT   SUNSET   733 PM EDT


-  INDICATES NEGATIVE NUMBERS.
R  INDICATES RECORD WAS SET OR TIED.
MM INDICATES DATA IS MISSING.
T  INDICATES TRACE AMOUNT.




$$
