000
CDUS41 KCLE 080536
CLIERI


CLIMATE REPORT
NATIONAL WEATHER SERVICE CLEVELAND OH
126 AM EDT FRI SEP 8 2017


...................................

...THE ERIE PA CLIMATE SUMMARY FOR SEPTEMBER 7 2017...

CLIMATE NORMAL PERIOD 1981 TO 2010
CLIMATE RECORD PERIOD 1873 TO 2017


WEATHER ITEM   OBSERVED TIME   RECORD YEAR NORMAL DEPARTURE LAST
                VALUE   (LST)  VALUE       VALUE  FROM      YEAR
                                                  NORMAL
..................................................................
TEMPERATURE (F)
 YESTERDAY
  MAXIMUM         66    225 PM  92    1960  75     -9       87
  MINIMUM         51    129 AM  41    1962  59     -8       75
  AVERAGE         59                        67     -8       81

PRECIPITATION (IN)
  YESTERDAY        1.22                      0.14   1.08      T
  MONTH TO DATE    2.95                      0.93   2.02      T
  SINCE SEP 1      2.95                      0.93   2.02      T
  SINCE JAN 1     34.32                     26.76   7.56    27.06

SNOWFALL (IN)
  YESTERDAY        0.0                       0.0    0.0      0.0
  MONTH TO DATE    0.0                       0.0    0.0      0.0
  SINCE SEP 1      0.0                       0.0    0.0      0.0
  SINCE JUL 1      0.0                       0.0    0.0      0.0
  SNOW DEPTH       0

DEGREE DAYS
 HEATING
  YESTERDAY        6                         2      4        0
  MONTH TO DATE   29                         8     21        0
  SINCE SEP 1     29                         8     21        0
  SINCE JUL 1     39                        26     13        0

 COOLING
  YESTERDAY        0                         3     -3       16
  MONTH TO DATE    6                        27    -21       44
  SINCE SEP 1      6                        27    -21       44
  SINCE JAN 1    568                       585    -17      893
..................................................................


WIND (MPH)
  HIGHEST WIND SPEED    22   HIGHEST WIND DIRECTION    SW (240)
  HIGHEST GUST SPEED    35   HIGHEST GUST DIRECTION    SW (230)
  AVERAGE WIND SPEED     9.9


SKY COVER
  POSSIBLE SUNSHINE  MM
  AVERAGE SKY COVER 0.8


WEATHER CONDITIONS
 THE FOLLOWING WEATHER WAS RECORDED YESTERDAY.
  THUNDERSTORM
  HEAVY RAIN
  RAIN
  LIGHT RAIN
  FOG


RELATIVE HUMIDITY (PERCENT)
 HIGHEST    96          1100 PM
 LOWEST     56           300 PM
 AVERAGE    76

..........................................................


THE ERIE PA CLIMATE NORMALS FOR TODAY
                         NORMAL    RECORD    YEAR
 MAXIMUM TEMPERATURE (F)   75        92      1964
                                             1959
 MINIMUM TEMPERATURE (F)   58        45      1979
                                             1957
                                             1955


SUNRISE AND SUNSET
SEPTEMBER  8 2017.....SUNRISE   654 AM EDT   SUNSET   742 PM EDT
SEPTEMBER  9 2017.....SUNRISE   655 AM EDT   SUNSET   740 PM EDT


-  INDICATES NEGATIVE NUMBERS.
R  INDICATES RECORD WAS SET OR TIED.
MM INDICATES DATA IS MISSING.
T  INDICATES TRACE AMOUNT.




$$
