000
CDUS41 KCLE 072117
CLIERI


CLIMATE REPORT
NATIONAL WEATHER SERVICE CLEVELAND OH
516 PM EDT MON APR 7 2014


...................................

...THE ERIE PA CLIMATE SUMMARY FOR APRIL 7 2014...
VALID TODAY AS OF 0500 PM LOCAL TIME.

CLIMATE NORMAL PERIOD 1981 TO 2010
CLIMATE RECORD PERIOD 1873 TO 2014


WEATHER ITEM   OBSERVED TIME   RECORD YEAR NORMAL DEPARTURE LAST
                VALUE   (LST)  VALUE       VALUE  FROM      YEAR
                                                  NORMAL
..................................................................
TEMPERATURE (F)
 TODAY
  MAXIMUM         54    109 PM  81    1929  53      1       68
                                      1921
  MINIMUM         34    138 AM  16    1982  35     -1       39
  AVERAGE         44                        44      0       54

PRECIPITATION (IN)
  TODAY            0.09                      0.12  -0.03     0.00
  MONTH TO DATE    0.54                      0.80  -0.26     0.05
  SINCE MAR 1      3.71                      3.75  -0.04     2.65
  SINCE JAN 1      9.62                      9.09   0.53     9.16

SNOWFALL (IN)
  TODAY            0.0                       0.2   -0.2      0.0
  MONTH TO DATE    0.0                       1.5   -1.5       T
  SINCE MAR 1     17.6                      15.2    2.4     25.2
  SINCE JUL 1    137.2                      99.2   38.0    104.5
  SNOW DEPTH       0

DEGREE DAYS
 HEATING
  TODAY           21                        21      0       11
  MONTH TO DATE  158                       157      1      189
  SINCE MAR 1   1297                      1068    229     1184
  SINCE JUL 1   6118                      5433    685     5278

 COOLING
  TODAY            0                         0      0        0
  MONTH TO DATE    0                         0      0        0
  SINCE MAR 1      0                         1     -1        0
  SINCE JAN 1      0                         1     -1        0
..................................................................


WIND (MPH)
  HIGHEST WIND SPEED    22   HIGHEST WIND DIRECTION    SE (140)
  HIGHEST GUST SPEED    30   HIGHEST GUST DIRECTION    SE (140)


SKY COVER
  POSSIBLE SUNSHINE  MM
  AVERAGE SKY COVER 0.4


WEATHER CONDITIONS
 THE FOLLOWING WEATHER WAS RECORDED TODAY.
  LIGHT RAIN


RELATIVE HUMIDITY (PERCENT)
 HIGHEST    82           400 PM
 LOWEST     36          1000 AM
 AVERAGE    59

..........................................................


THE ERIE PA CLIMATE NORMALS FOR TOMORROW
                         NORMAL    RECORD    YEAR
 MAXIMUM TEMPERATURE (F)   53        78      2001
                                             1991
 MINIMUM TEMPERATURE (F)   36        12      1982


SUNRISE AND SUNSET
APRIL  7 2014.........SUNRISE   653 AM EDT   SUNSET   753 PM EDT
APRIL  8 2014.........SUNRISE   652 AM EDT   SUNSET   754 PM EDT


-  INDICATES NEGATIVE NUMBERS.
R  INDICATES RECORD WAS SET OR TIED.
MM INDICATES DATA IS MISSING.
T  INDICATES TRACE AMOUNT.




$$
