000
CDUS41 KCLE 190525
CLIERI


CLIMATE REPORT
NATIONAL WEATHER SERVICE CLEVELAND OH
1225 AM EST SUN FEB 19 2017


...................................

...THE ERIE PA CLIMATE SUMMARY FOR FEBRUARY 18 2017...

CLIMATE NORMAL PERIOD 1981 TO 2010
CLIMATE RECORD PERIOD 1873 TO 2017


WEATHER ITEM   OBSERVED TIME   RECORD YEAR NORMAL DEPARTURE LAST
                VALUE   (LST)  VALUE       VALUE  FROM      YEAR
                                                  NORMAL
..................................................................
TEMPERATURE (F)
 YESTERDAY
  MAXIMUM         70R   354 PM  61    1981  36     34       27
                                      1949
  MINIMUM         45   1215 AM -11    1979  21     24       10
  AVERAGE         58                        29     29       19

PRECIPITATION (IN)
  YESTERDAY        0.00                      0.08  -0.08     0.00
  MONTH TO DATE    1.83                      1.49   0.34     2.34
  SINCE DEC 1     10.59                      8.18   2.41     8.61
  SINCE JAN 1      6.71                      4.44   2.27     4.72

SNOWFALL (IN)
  YESTERDAY        0.0                       0.7   -0.7      0.0
  MONTH TO DATE    9.8                      12.2   -2.4     20.5
  SINCE DEC 1     65.4                      69.3   -3.9     63.8
  SINCE JUL 1     67.8                      78.0  -10.2     64.3
  SNOW DEPTH       0

DEGREE DAYS
 HEATING
  YESTERDAY        7                        36    -29       46
  MONTH TO DATE  574                       674   -100      644
  SINCE DEC 1   2545                      2856   -311     2407
  SINCE JUL 1   3325                      4012   -687     3298

 COOLING
  YESTERDAY        0                         0      0        0
  MONTH TO DATE    0                         0      0        0
  SINCE DEC 1      0                         0      0        0
  SINCE JAN 1      0                         0      0        0
..................................................................


WIND (MPH)
  HIGHEST WIND SPEED    23   HIGHEST WIND DIRECTION     S (200)
  HIGHEST GUST SPEED    30   HIGHEST GUST DIRECTION     S (200)
  AVERAGE WIND SPEED    12.9


SKY COVER
  POSSIBLE SUNSHINE  MM
  AVERAGE SKY COVER 0.0


WEATHER CONDITIONS
 THE FOLLOWING WEATHER WAS RECORDED YESTERDAY.
  NO SIGNIFICANT WEATHER WAS OBSERVED.


RELATIVE HUMIDITY (PERCENT)
 HIGHEST    61           500 PM
 LOWEST     31           400 PM
 AVERAGE    46

..........................................................


THE ERIE PA CLIMATE NORMALS FOR TODAY
                         NORMAL    RECORD    YEAR
 MAXIMUM TEMPERATURE (F)   36        65      1948
 MINIMUM TEMPERATURE (F)   21       -10      2015


SUNRISE AND SUNSET
FEBRUARY 19 2017......SUNRISE   711 AM EST   SUNSET   559 PM EST
FEBRUARY 20 2017......SUNRISE   709 AM EST   SUNSET   600 PM EST


-  INDICATES NEGATIVE NUMBERS.
R  INDICATES RECORD WAS SET OR TIED.
MM INDICATES DATA IS MISSING.
T  INDICATES TRACE AMOUNT.




$$
