634
CDUS41 KCLE 170532
CLIERI


CLIMATE REPORT
NATIONAL WEATHER SERVICE CLEVELAND OH
130 AM EDT TUE OCT 17 2017


...................................

...THE ERIE PA CLIMATE SUMMARY FOR OCTOBER 16 2017...

CLIMATE NORMAL PERIOD 1981 TO 2010
CLIMATE RECORD PERIOD 1873 TO 2017


WEATHER ITEM   OBSERVED TIME   RECORD YEAR NORMAL DEPARTURE LAST
                VALUE   (LST)  VALUE       VALUE  FROM      YEAR
                                                  NORMAL
..................................................................
TEMPERATURE (F)
 YESTERDAY
  MAXIMUM         54    422 PM  82    1962  61     -7       78
  MINIMUM         40   1159 PM  33    2009  45     -5       63
  AVERAGE         47                        53     -6       71

PRECIPITATION (IN)
  YESTERDAY        0.00                      0.13  -0.13     0.38
  MONTH TO DATE    2.90                      2.24   0.66     1.24
  SINCE SEP 1      6.73                      6.85  -0.12     7.20
  SINCE JAN 1     38.10                     32.68   5.42    34.26

SNOWFALL (IN)
  YESTERDAY        0.0                       0.0    0.0      0.0
  MONTH TO DATE    0.0                       0.0    0.0      0.0
  SINCE SEP 1      0.0                       0.0    0.0      0.0
  SINCE JUL 1      0.0                       0.0    0.0      0.0
  SNOW DEPTH       0

DEGREE DAYS
 HEATING
  YESTERDAY       18                        12      6        0
  MONTH TO DATE   50                       161   -111       81
  SINCE SEP 1    137                       267   -130      104
  SINCE JUL 1    147                       285   -138      104

 COOLING
  YESTERDAY        0                         0      0        6
  MONTH TO DATE   26                         7     19       14
  SINCE SEP 1    132                        78     54      150
  SINCE JAN 1    694                       636     58      999
..................................................................


WIND (MPH)
  HIGHEST WIND SPEED    16   HIGHEST WIND DIRECTION     N (360)
  HIGHEST GUST SPEED    22   HIGHEST GUST DIRECTION     N (350)
  AVERAGE WIND SPEED     8.9


SKY COVER
  POSSIBLE SUNSHINE  MM
  AVERAGE SKY COVER 0.5


WEATHER CONDITIONS
 THE FOLLOWING WEATHER WAS RECORDED YESTERDAY.
  NO SIGNIFICANT WEATHER WAS OBSERVED.


RELATIVE HUMIDITY (PERCENT)
 HIGHEST    79          1100 PM
 LOWEST     41           700 PM
 AVERAGE    60

..........................................................


THE ERIE PA CLIMATE NORMALS FOR TODAY
                         NORMAL    RECORD    YEAR
 MAXIMUM TEMPERATURE (F)   60        82      1947
 MINIMUM TEMPERATURE (F)   45        26      1978


SUNRISE AND SUNSET
OCTOBER 17 2017.......SUNRISE   736 AM EDT   SUNSET   635 PM EDT
OCTOBER 18 2017.......SUNRISE   737 AM EDT   SUNSET   634 PM EDT


-  INDICATES NEGATIVE NUMBERS.
R  INDICATES RECORD WAS SET OR TIED.
MM INDICATES DATA IS MISSING.
T  INDICATES TRACE AMOUNT.




$$
