000
CDUS41 KCLE 132115
CLIERI


CLIMATE REPORT
NATIONAL WEATHER SERVICE CLEVELAND OH
515 PM EDT FRI MAY 13 2016


...................................

...THE ERIE PA CLIMATE SUMMARY FOR MAY 13 2016...
VALID TODAY AS OF 0500 PM LOCAL TIME.

CLIMATE NORMAL PERIOD 1981 TO 2010
CLIMATE RECORD PERIOD 1873 TO 2016


WEATHER ITEM   OBSERVED TIME   RECORD YEAR NORMAL DEPARTURE LAST
                VALUE   (LST)  VALUE       VALUE  FROM      YEAR
                                                  NORMAL
..................................................................
TEMPERATURE (F)
 TODAY
  MAXIMUM         63    359 PM  88    2014  66     -3       50
  MINIMUM         55   1152 AM  32    1967  47      8       40
                                      1895
  AVERAGE         59                        56      3       45

PRECIPITATION (IN)
  TODAY            0.30                      0.11   0.19     0.00
  MONTH TO DATE    1.15                      1.40  -0.25     0.88
  SINCE MAR 1      6.14                      7.68  -1.54     5.85
  SINCE JAN 1     12.35                     13.02  -0.67    11.61

SNOWFALL (IN)
  TODAY            0.0                       0.0    0.0      0.0
  MONTH TO DATE    0.0                       0.0    0.0      0.0
  SINCE MAR 1      4.0                      16.9  -12.9     10.9
  SINCE JUL 1     71.2                     100.9  -29.7    110.3
  SNOW DEPTH       0

DEGREE DAYS
 HEATING
  TODAY            6                         9     -3       20
  MONTH TO DATE  149                       144      5       71
  SINCE MAR 1   1452                      1598   -146     1647
  SINCE JUL 1   5050                      5963   -913     6523

 COOLING
  TODAY            0                         1     -1        0
  MONTH TO DATE    4                         8     -4       42
  SINCE MAR 1      4                        15    -11       42
  SINCE JAN 1      4                        15    -11       42
..................................................................


WIND (MPH)
  HIGHEST WIND SPEED    24   HIGHEST WIND DIRECTION     W (260)
  HIGHEST GUST SPEED    34   HIGHEST GUST DIRECTION     W (250)


SKY COVER
  POSSIBLE SUNSHINE  MM
  AVERAGE SKY COVER 0.8


WEATHER CONDITIONS
 THE FOLLOWING WEATHER WAS RECORDED TODAY.
  RAIN
  LIGHT RAIN
  FOG


RELATIVE HUMIDITY (PERCENT)
 HIGHEST   100           200 AM
 LOWEST     60           300 PM
 AVERAGE    80

..........................................................


THE ERIE PA CLIMATE NORMALS FOR TOMORROW
                         NORMAL    RECORD    YEAR
 MAXIMUM TEMPERATURE (F)   66        87      1962
 MINIMUM TEMPERATURE (F)   48        34      2013


SUNRISE AND SUNSET
MAY 13 2016...........SUNRISE   602 AM EDT   SUNSET   833 PM EDT
MAY 14 2016...........SUNRISE   601 AM EDT   SUNSET   834 PM EDT


-  INDICATES NEGATIVE NUMBERS.
R  INDICATES RECORD WAS SET OR TIED.
MM INDICATES DATA IS MISSING.
T  INDICATES TRACE AMOUNT.




$$
