000
CDUS41 KCLE 210529
CLIERI


CLIMATE REPORT
NATIONAL WEATHER SERVICE CLEVELAND OH
1227 AM EST SAT FEB 21 2015


...................................

...THE ERIE PA CLIMATE SUMMARY FOR FEBRUARY 20 2015...

CLIMATE NORMAL PERIOD 1981 TO 2010
CLIMATE RECORD PERIOD 1873 TO 2015


WEATHER ITEM   OBSERVED TIME   RECORD YEAR NORMAL DEPARTURE LAST
                VALUE   (LST)  VALUE       VALUE  FROM      YEAR
                                                  NORMAL
..................................................................
TEMPERATURE (F)
 YESTERDAY
  MAXIMUM         11   1159 PM  66    1930  36    -25       54
  MINIMUM        -17R   505 AM  -8    1934  22    -39       30
  AVERAGE         -3                        29    -32       42

PRECIPITATION (IN)
  YESTERDAY        0.00                      0.08  -0.08     0.61
  MONTH TO DATE    1.63                      1.66  -0.03     2.85
  SINCE DEC 1      7.82                      8.35  -0.53    11.37
  SINCE JAN 1      5.37                      4.61   0.76     5.41

SNOWFALL (IN)
  YESTERDAY        0.0                       0.6   -0.6      0.0
  MONTH TO DATE   26.2                      13.4   12.8     22.3
  SINCE DEC 1     69.1                      70.5   -1.4     98.4
  SINCE JUL 1     94.1                      79.2   14.9    114.0
  SNOW DEPTH      13

DEGREE DAYS
 HEATING
  YESTERDAY       68                        36     32       23
  MONTH TO DATE 1017                       746    271      909
  SINCE DEC 1   3233                      2928    305     3291
  SINCE JUL 1   4447                      4084    363     4490

 COOLING
  YESTERDAY        0                         0      0        0
  MONTH TO DATE    0                         0      0        0
  SINCE DEC 1      0                         0      0        0
  SINCE JAN 1      0                         0      0        0
..................................................................


WIND (MPH)
  HIGHEST WIND SPEED    22   HIGHEST WIND DIRECTION     S (170)
  HIGHEST GUST SPEED    28   HIGHEST GUST DIRECTION     S (170)
  AVERAGE WIND SPEED     6.6


SKY COVER
  POSSIBLE SUNSHINE  MM
  AVERAGE SKY COVER 0.1


WEATHER CONDITIONS
 THE FOLLOWING WEATHER WAS RECORDED YESTERDAY.
  NO SIGNIFICANT WEATHER WAS OBSERVED.


RELATIVE HUMIDITY (PERCENT)
 HIGHEST    79          1200 AM
 LOWEST     46          1100 PM
 AVERAGE    63

..........................................................


THE ERIE PA CLIMATE NORMALS FOR TODAY
                         NORMAL    RECORD    YEAR
 MAXIMUM TEMPERATURE (F)   37        70      1997
 MINIMUM TEMPERATURE (F)   22        -1      1968
                                             1918


SUNRISE AND SUNSET
FEBRUARY 21 2015......SUNRISE   709 AM EST   SUNSET   601 PM EST
FEBRUARY 22 2015......SUNRISE   707 AM EST   SUNSET   602 PM EST


-  INDICATES NEGATIVE NUMBERS.
R  INDICATES RECORD WAS SET OR TIED.
MM INDICATES DATA IS MISSING.
T  INDICATES TRACE AMOUNT.




$$
