000
CDUS41 KCLE 190530
CLIERI


CLIMATE REPORT
NATIONAL WEATHER SERVICE CLEVELAND OH
1230 AM EST MON JAN 19 2015


...................................

...THE ERIE PA CLIMATE SUMMARY FOR JANUARY 18 2015...

CLIMATE NORMAL PERIOD 1981 TO 2010
CLIMATE RECORD PERIOD 1873 TO 2015


WEATHER ITEM   OBSERVED TIME   RECORD YEAR NORMAL DEPARTURE LAST
                VALUE   (LST)  VALUE       VALUE  FROM      YEAR
                                                  NORMAL
..................................................................
TEMPERATURE (F)
 YESTERDAY
  MAXIMUM         46    122 AM  65    1929  34     12       24
  MINIMUM         32   1159 PM -10    1994  20     12       12
  AVERAGE         39                        27     12       18

PRECIPITATION (IN)
  YESTERDAY        0.13                      0.09   0.04     0.03
  MONTH TO DATE    2.89                      1.83   1.06     2.11
  SINCE DEC 1      5.34                      5.57  -0.23     8.07
  SINCE JAN 1      2.89                      1.83   1.06     2.11

SNOWFALL (IN)
  YESTERDAY        0.2                       1.0   -0.8      0.7
  MONTH TO DATE   28.1                      18.3    9.8     19.2
  SINCE DEC 1     33.6                      45.8  -12.2     67.2
  SINCE JUL 1     58.6                      54.5    4.1     82.8
  SNOW DEPTH       4

DEGREE DAYS
 HEATING
  YESTERDAY       26                        38    -12       47
  MONTH TO DATE  775                       676     99      703
  SINCE DEC 1   1668                      1688    -20     1746
  SINCE JUL 1   2882                      2844     38     2945

 COOLING
  YESTERDAY        0                         0      0        0
  MONTH TO DATE    0                         0      0        0
  SINCE DEC 1      0                         0      0        0
  SINCE JAN 1      0                         0      0        0
..................................................................


WIND (MPH)
  HIGHEST WIND SPEED    23   HIGHEST WIND DIRECTION     W (250)
  HIGHEST GUST SPEED    33   HIGHEST GUST DIRECTION     W (280)
  AVERAGE WIND SPEED    14.1


SKY COVER
  POSSIBLE SUNSHINE  MM
  AVERAGE SKY COVER 1.0


WEATHER CONDITIONS
 THE FOLLOWING WEATHER WAS RECORDED YESTERDAY.
  LIGHT RAIN
  LIGHT SNOW
  FOG
  HAZE


RELATIVE HUMIDITY (PERCENT)
 HIGHEST    92           200 PM
 LOWEST     49          1200 AM
 AVERAGE    71

..........................................................


THE ERIE PA CLIMATE NORMALS FOR TODAY
                         NORMAL    RECORD    YEAR
 MAXIMUM TEMPERATURE (F)   33        65      1907
 MINIMUM TEMPERATURE (F)   20       -18      1994


SUNRISE AND SUNSET
JANUARY 19 2015.......SUNRISE   744 AM EST   SUNSET   519 PM EST
JANUARY 20 2015.......SUNRISE   744 AM EST   SUNSET   520 PM EST


-  INDICATES NEGATIVE NUMBERS.
R  INDICATES RECORD WAS SET OR TIED.
MM INDICATES DATA IS MISSING.
T  INDICATES TRACE AMOUNT.




$$
