000
CDUS41 KCLE 210529
CLIERI


CLIMATE REPORT
NATIONAL WEATHER SERVICE CLEVELAND OH
1229 AM EST SUN DEC 21 2014


...................................

...THE ERIE PA CLIMATE SUMMARY FOR DECEMBER 20 2014...

CLIMATE NORMAL PERIOD 1981 TO 2010
CLIMATE RECORD PERIOD 1873 TO 2014


WEATHER ITEM   OBSERVED TIME   RECORD YEAR NORMAL DEPARTURE LAST
                VALUE   (LST)  VALUE       VALUE  FROM      YEAR
                                                  NORMAL
..................................................................
TEMPERATURE (F)
 YESTERDAY
  MAXIMUM         32    126 PM  62    1957  37     -5       54
                                      1895
  MINIMUM         29    359 AM   4    1942  25      4       43
  AVERAGE         31                        31      0       49

PRECIPITATION (IN)
  YESTERDAY        0.00                      0.12  -0.12     0.51
  MONTH TO DATE    1.80                      2.47  -0.67     2.75
  SINCE DEC 1      1.80                      2.47  -0.67     2.75
  SINCE JAN 1     40.03                     40.89  -0.86    51.25

SNOWFALL (IN)
  YESTERDAY        0.0                       1.0   -1.0      0.0
  MONTH TO DATE    3.8                      16.2  -12.4     32.8
  SINCE DEC 1      3.8                      16.2  -12.4     32.8
  SINCE JUL 1     28.8                      24.9    3.9     48.4
  SNOW DEPTH       0

DEGREE DAYS
 HEATING
  YESTERDAY       34                        34      0       16
  MONTH TO DATE  592                       622    -30      689
  SINCE DEC 1    592                       622    -30      689
  SINCE JUL 1   1806                      1778     28     1888

 COOLING
  YESTERDAY        0                         0      0        0
  MONTH TO DATE    0                         0      0        0
  SINCE DEC 1      0                         0      0        0
  SINCE JAN 1    603                       638    -35      706
..................................................................


WIND (MPH)
  HIGHEST WIND SPEED    10   HIGHEST WIND DIRECTION     N (350)
  HIGHEST GUST SPEED    14   HIGHEST GUST DIRECTION     N (10)
  AVERAGE WIND SPEED     4.1


SKY COVER
  POSSIBLE SUNSHINE  MM
  AVERAGE SKY COVER 1.0


WEATHER CONDITIONS
 THE FOLLOWING WEATHER WAS RECORDED YESTERDAY.
  NO SIGNIFICANT WEATHER WAS OBSERVED.


RELATIVE HUMIDITY (PERCENT)
 HIGHEST    69          1200 AM
 LOWEST     63           300 AM
 AVERAGE    66

..........................................................


THE ERIE PA CLIMATE NORMALS FOR TODAY
                         NORMAL    RECORD    YEAR
 MAXIMUM TEMPERATURE (F)   36        65      1967
 MINIMUM TEMPERATURE (F)   25         0      1901


SUNRISE AND SUNSET
DECEMBER 21 2014......SUNRISE   746 AM EST   SUNSET   452 PM EST
DECEMBER 22 2014......SUNRISE   746 AM EST   SUNSET   453 PM EST


-  INDICATES NEGATIVE NUMBERS.
R  INDICATES RECORD WAS SET OR TIED.
MM INDICATES DATA IS MISSING.
T  INDICATES TRACE AMOUNT.




$$
