000
CDUS41 KCLE 082218
CLIERI


CLIMATE REPORT
NATIONAL WEATHER SERVICE CLEVELAND OH
518 PM EST SUN JAN 8 2017


...................................

...THE ERIE PA CLIMATE SUMMARY FOR JANUARY 8 2017...
VALID TODAY AS OF 0500 PM LOCAL TIME.

CLIMATE NORMAL PERIOD 1981 TO 2010
CLIMATE RECORD PERIOD 1873 TO 2017


WEATHER ITEM   OBSERVED TIME   RECORD YEAR NORMAL DEPARTURE LAST
                VALUE   (LST)  VALUE       VALUE  FROM      YEAR
                                                  NORMAL
..................................................................
TEMPERATURE (F)
 TODAY
  MAXIMUM         19    331 PM  67    2008  34    -15       43
  MINIMUM         16    929 AM  -6    1970  21     -5       24
  AVERAGE         18                        28    -10       34

PRECIPITATION (IN)
  TODAY            T                         0.10  -0.10     0.13
  MONTH TO DATE    1.57                      0.86   0.71     0.47
  SINCE DEC 1      5.45                      4.60   0.85     4.36
  SINCE JAN 1      1.57                      0.86   0.71     0.47

SNOWFALL (IN)
  TODAY            T                         1.0   -1.0      0.0
  MONTH TO DATE   19.6                       8.3   11.3      6.7
  SINCE DEC 1     41.8                      35.8    6.0     11.6
  SINCE JUL 1     44.2                      44.5   -0.3     12.1
  SNOW DEPTH       6

DEGREE DAYS
 HEATING
  TODAY           47                        37     10       31
  MONTH TO DATE  313                       296     17      294
  SINCE DEC 1   1306                      1308     -2      938
  SINCE JUL 1   2086                      2464   -378     1829

 COOLING
  TODAY            0                         0      0        0
  MONTH TO DATE    0                         0      0        0
  SINCE DEC 1      0                         0      0        0
  SINCE JAN 1      0                         0      0        0
..................................................................


WIND (MPH)
  HIGHEST WIND SPEED    25   HIGHEST WIND DIRECTION     W (290)
  HIGHEST GUST SPEED    36   HIGHEST GUST DIRECTION     W (290)


SKY COVER
  POSSIBLE SUNSHINE  MM
  AVERAGE SKY COVER 1.0


WEATHER CONDITIONS
 THE FOLLOWING WEATHER WAS RECORDED TODAY.
  LIGHT SNOW
  HAZE


RELATIVE HUMIDITY (PERCENT)
 HIGHEST    67           500 AM
 LOWEST     53           200 AM
 AVERAGE    60

..........................................................


THE ERIE PA CLIMATE NORMALS FOR TOMORROW
                         NORMAL    RECORD    YEAR
 MAXIMUM TEMPERATURE (F)   34        64      1937
 MINIMUM TEMPERATURE (F)   21       -10      1875


SUNRISE AND SUNSET
JANUARY  8 2017.......SUNRISE   749 AM EST   SUNSET   507 PM EST
JANUARY  9 2017.......SUNRISE   748 AM EST   SUNSET   508 PM EST


-  INDICATES NEGATIVE NUMBERS.
R  INDICATES RECORD WAS SET OR TIED.
MM INDICATES DATA IS MISSING.
T  INDICATES TRACE AMOUNT.




$$
