000
CDUS41 KCLE 092114
CLIERI


CLIMATE REPORT
NATIONAL WEATHER SERVICE CLEVELAND OH
513 PM EDT FRI JUN 9 2017


...................................

...THE ERIE PA CLIMATE SUMMARY FOR JUNE 9 2017...
VALID TODAY AS OF 0500 PM LOCAL TIME.

CLIMATE NORMAL PERIOD 1981 TO 2010
CLIMATE RECORD PERIOD 1873 TO 2017


WEATHER ITEM   OBSERVED TIME   RECORD YEAR NORMAL DEPARTURE LAST
                VALUE   (LST)  VALUE       VALUE  FROM      YEAR
                                                  NORMAL
..................................................................
TEMPERATURE (F)
 TODAY
  MAXIMUM         74    335 PM  93    2008  74      0       65
  MINIMUM         51    410 AM  41    1980  57     -6       42
  AVERAGE         63                        65     -2       54

PRECIPITATION (IN)
  TODAY            0.00                      0.13  -0.13     0.00
  MONTH TO DATE    0.73                      1.12  -0.39     1.04
  SINCE JUN 1      0.73                      1.12  -0.39     1.04
  SINCE JAN 1     20.72                     16.18   4.54    13.81

SNOWFALL (IN)
  TODAY            0.0                       0.0    0.0      0.0
  MONTH TO DATE    0.0                       0.0    0.0      0.0
  SINCE JUN 1      0.0                       0.0    0.0      0.0
  SINCE JUL 1     78.6                     100.9  -22.3     71.2
  SNOW DEPTH       0

DEGREE DAYS
 HEATING
  TODAY            2                         3     -1       11
  MONTH TO DATE   38                        32      6       27
  SINCE JUN 1     38                        32      6       27
  SINCE JUL 1   5095                      6118  -1023     5197

 COOLING
  TODAY            0                         3     -3        0
  MONTH TO DATE    5                        23    -18       29
  SINCE JUN 1      5                        23    -18       29
  SINCE JAN 1     49                        62    -13      104
..................................................................


WIND (MPH)
  HIGHEST WIND SPEED    20   HIGHEST WIND DIRECTION     W (250)
  HIGHEST GUST SPEED    30   HIGHEST GUST DIRECTION     W (260)


SKY COVER
  POSSIBLE SUNSHINE  MM
  AVERAGE SKY COVER 0.1


WEATHER CONDITIONS
 THE FOLLOWING WEATHER WAS RECORDED TODAY.
  HAZE


RELATIVE HUMIDITY (PERCENT)
 HIGHEST    83          1200 AM
 LOWEST     46          1200 PM
 AVERAGE    65

..........................................................


THE ERIE PA CLIMATE NORMALS FOR TOMORROW
                         NORMAL    RECORD    YEAR
 MAXIMUM TEMPERATURE (F)   74        92      1947
 MINIMUM TEMPERATURE (F)   57        39      1980


SUNRISE AND SUNSET
JUNE  9 2017..........SUNRISE   545 AM EDT   SUNSET   856 PM EDT
JUNE 10 2017..........SUNRISE   545 AM EDT   SUNSET   856 PM EDT


-  INDICATES NEGATIVE NUMBERS.
R  INDICATES RECORD WAS SET OR TIED.
MM INDICATES DATA IS MISSING.
T  INDICATES TRACE AMOUNT.




$$
