000
CDUS41 KCLE 130545
CLIERI


CLIMATE REPORT
NATIONAL WEATHER SERVICE CLEVELAND OH
145 AM EDT WED AUG 13 2014


...................................

...THE ERIE PA CLIMATE SUMMARY FOR AUGUST 12 2014...

CLIMATE NORMAL PERIOD 1981 TO 2010
CLIMATE RECORD PERIOD 1873 TO 2014


WEATHER ITEM   OBSERVED TIME   RECORD YEAR NORMAL DEPARTURE LAST
                VALUE   (LST)  VALUE       VALUE  FROM      YEAR
                                                  NORMAL
..................................................................
TEMPERATURE (F)
 YESTERDAY
  MAXIMUM         80    123 PM  93    2005  79      1       74
                                      1935
  MINIMUM         66    103 AM  48    1967  63      3       63
  AVERAGE         73                        71      2       69

PRECIPITATION (IN)
  YESTERDAY        0.84                      0.11   0.73     0.22
  MONTH TO DATE    1.86                      1.39   0.47     1.00
  SINCE JUN 1     10.10                      8.69   1.41    13.90
  SINCE JAN 1     26.25                     23.75   2.50    31.13

SNOWFALL (IN)
  YESTERDAY        0.0                       0.0    0.0      0.0
  MONTH TO DATE    0.0                       0.0    0.0      0.0
  SINCE JUN 1      0.0                       0.0    0.0      0.0
  SINCE JUL 1      0.0                       0.0    0.0      0.0
  SNOW DEPTH       0

DEGREE DAYS
 HEATING
  YESTERDAY        0                         0      0        0
  MONTH TO DATE    0                         0      0        3
  SINCE JUN 1     35                        68    -33       74
  SINCE JUL 1      5                         7     -2        6

 COOLING
  YESTERDAY        8                         6      2        4
  MONTH TO DATE   69                        80    -11       56
  SINCE JUN 1    379                       416    -37      421
  SINCE JAN 1    418                       455    -37      506
..................................................................


WIND (MPH)
  HIGHEST WIND SPEED    22   HIGHEST WIND DIRECTION     S (170)
  HIGHEST GUST SPEED    29   HIGHEST GUST DIRECTION     W (290)
  AVERAGE WIND SPEED    10.0


SKY COVER
  POSSIBLE SUNSHINE  MM
  AVERAGE SKY COVER 0.6


WEATHER CONDITIONS
 THE FOLLOWING WEATHER WAS RECORDED YESTERDAY.
  THUNDERSTORM
  HEAVY RAIN
  RAIN
  LIGHT RAIN
  FOG


RELATIVE HUMIDITY (PERCENT)
 HIGHEST    87           600 AM
 LOWEST     58          1200 PM
 AVERAGE    73

..........................................................


THE ERIE PA CLIMATE NORMALS FOR TODAY
                         NORMAL    RECORD    YEAR
 MAXIMUM TEMPERATURE (F)   79        91      2002
                                             1945
                                             1918
 MINIMUM TEMPERATURE (F)   63        47      1954


SUNRISE AND SUNSET
AUGUST 13 2014........SUNRISE   626 AM EDT   SUNSET   824 PM EDT
AUGUST 14 2014........SUNRISE   627 AM EDT   SUNSET   823 PM EDT


-  INDICATES NEGATIVE NUMBERS.
R  INDICATES RECORD WAS SET OR TIED.
MM INDICATES DATA IS MISSING.
T  INDICATES TRACE AMOUNT.




$$
