000
CDUS41 KCLE 140543
CLIERI


CLIMATE REPORT
NATIONAL WEATHER SERVICE CLEVELAND OH
142 AM EDT TUE OCT 14 2014


...................................

...THE ERIE PA CLIMATE SUMMARY FOR OCTOBER 13 2014...

CLIMATE NORMAL PERIOD 1981 TO 2010
CLIMATE RECORD PERIOD 1873 TO 2014


WEATHER ITEM   OBSERVED TIME   RECORD YEAR NORMAL DEPARTURE LAST
                VALUE   (LST)  VALUE       VALUE  FROM      YEAR
                                                  NORMAL
..................................................................
TEMPERATURE (F)
 YESTERDAY
  MAXIMUM         73    229 PM  83    1983  62     11       71
  MINIMUM         56    655 AM  33    2012  46     10       59
                                      1957
                                      1934
  AVERAGE         65                        54     11       65

PRECIPITATION (IN)
  YESTERDAY        0.53                      0.13   0.40     0.20
  MONTH TO DATE    2.29                      1.86   0.43     2.42
  SINCE SEP 1      5.08                      6.47  -1.39     6.40
  SINCE JAN 1     32.79                     32.30   0.49    40.27

SNOWFALL (IN)
  YESTERDAY        0.0                       0.0    0.0      0.0
  MONTH TO DATE    0.0                       0.0    0.0      0.0
  SINCE SEP 1      0.0                       0.0    0.0      0.0
  SINCE JUL 1      0.0                       0.0    0.0      0.0
  SNOW DEPTH       0

DEGREE DAYS
 HEATING
  YESTERDAY        0                        11    -11        0
  MONTH TO DATE  119                       125     -6       47
  SINCE SEP 1    218                       231    -13      167
  SINCE JUL 1    236                       249    -13      179

 COOLING
  YESTERDAY        0                         0      0        0
  MONTH TO DATE    2                         7     -5       20
  SINCE SEP 1     82                        78      4       85
  SINCE JAN 1    598                       636    -38      706
..................................................................


WIND (MPH)
  HIGHEST WIND SPEED    23   HIGHEST WIND DIRECTION    SE (150)
  HIGHEST GUST SPEED    35   HIGHEST GUST DIRECTION     S (160)
  AVERAGE WIND SPEED    13.8


SKY COVER
  POSSIBLE SUNSHINE  MM
  AVERAGE SKY COVER 0.7


WEATHER CONDITIONS
 THE FOLLOWING WEATHER WAS RECORDED YESTERDAY.
  HEAVY RAIN
  RAIN
  LIGHT RAIN
  FOG


RELATIVE HUMIDITY (PERCENT)
 HIGHEST    93           700 AM
 LOWEST     62          1200 AM
 AVERAGE    78

..........................................................


THE ERIE PA CLIMATE NORMALS FOR TODAY
                         NORMAL    RECORD    YEAR
 MAXIMUM TEMPERATURE (F)   61        83      1954
 MINIMUM TEMPERATURE (F)   46        31      1934
                                             1876


SUNRISE AND SUNSET
OCTOBER 14 2014.......SUNRISE   732 AM EDT   SUNSET   641 PM EDT
OCTOBER 15 2014.......SUNRISE   733 AM EDT   SUNSET   639 PM EDT


-  INDICATES NEGATIVE NUMBERS.
R  INDICATES RECORD WAS SET OR TIED.
MM INDICATES DATA IS MISSING.
T  INDICATES TRACE AMOUNT.




$$
