000
CDUS41 KCLE 140545
CLIERI


CLIMATE REPORT
NATIONAL WEATHER SERVICE CLEVELAND OH
145 AM EDT WED JUN 14 2017


...................................

...THE ERIE PA CLIMATE SUMMARY FOR JUNE 13 2017...

CLIMATE NORMAL PERIOD 1981 TO 2010
CLIMATE RECORD PERIOD 1873 TO 2017


WEATHER ITEM   OBSERVED TIME   RECORD YEAR NORMAL DEPARTURE LAST
                VALUE   (LST)  VALUE       VALUE  FROM      YEAR
                                                  NORMAL
..................................................................
TEMPERATURE (F)
 YESTERDAY
  MAXIMUM         87   1124 AM  91    1949  75     12       64
  MINIMUM         67   1159 PM  40    1979  58      9       56
  AVERAGE         77                        66     11       60

PRECIPITATION (IN)
  YESTERDAY        0.00                      0.12  -0.12     0.00
  MONTH TO DATE    0.97                      1.62  -0.65     1.04
  SINCE JUN 1      0.97                      1.62  -0.65     1.04
  SINCE JAN 1     20.96                     16.68   4.28    13.81

SNOWFALL (IN)
  YESTERDAY        0.0                       0.0    0.0      0.0
  MONTH TO DATE    0.0                       0.0    0.0      0.0
  SINCE JUN 1      0.0                       0.0    0.0      0.0
  SINCE JUL 1     78.6                     100.9  -22.3     71.2
  SNOW DEPTH       0

DEGREE DAYS
 HEATING
  YESTERDAY        0                         2     -2        5
  MONTH TO DATE   38                        41     -3       36
  SINCE JUN 1     38                        41     -3       36
  SINCE JUL 1   5095                      6127  -1032     5206

 COOLING
  YESTERDAY       12                         4      8        0
  MONTH TO DATE   51                        37     14       45
  SINCE JUN 1     51                        37     14       45
  SINCE JAN 1     95                        76     19      120
..................................................................


WIND (MPH)
  HIGHEST WIND SPEED    22   HIGHEST WIND DIRECTION    NE (40)
  HIGHEST GUST SPEED    27   HIGHEST GUST DIRECTION    NE (50)
  AVERAGE WIND SPEED     9.2


SKY COVER
  POSSIBLE SUNSHINE  MM
  AVERAGE SKY COVER 0.1


WEATHER CONDITIONS
 THE FOLLOWING WEATHER WAS RECORDED YESTERDAY.
  HAZE


RELATIVE HUMIDITY (PERCENT)
 HIGHEST    79           600 AM
 LOWEST     54           500 PM
 AVERAGE    67

..........................................................


THE ERIE PA CLIMATE NORMALS FOR TODAY
                         NORMAL    RECORD    YEAR
 MAXIMUM TEMPERATURE (F)   76        91      2000
 MINIMUM TEMPERATURE (F)   58        44      1875


SUNRISE AND SUNSET
JUNE 14 2017..........SUNRISE   544 AM EDT   SUNSET   858 PM EDT
JUNE 15 2017..........SUNRISE   544 AM EDT   SUNSET   858 PM EDT


-  INDICATES NEGATIVE NUMBERS.
R  INDICATES RECORD WAS SET OR TIED.
MM INDICATES DATA IS MISSING.
T  INDICATES TRACE AMOUNT.




$$
