000
CDUS41 KCLE 150526
CLIERI


CLIMATE REPORT
NATIONAL WEATHER SERVICE CLEVELAND OH
126 AM EDT FRI JUL 15 2016


...................................

...THE ERIE PA CLIMATE SUMMARY FOR JULY 14 2016...

CLIMATE NORMAL PERIOD 1981 TO 2010
CLIMATE RECORD PERIOD 1873 TO 2016


WEATHER ITEM   OBSERVED TIME   RECORD YEAR NORMAL DEPARTURE LAST
                VALUE   (LST)  VALUE       VALUE  FROM      YEAR
                                                  NORMAL
..................................................................
TEMPERATURE (F)
 YESTERDAY
  MAXIMUM         82   1126 AM  92    1936  80      2       81
  MINIMUM         71    801 AM  50    1926  64      7       70
  AVERAGE         77                        72      5       76

PRECIPITATION (IN)
  YESTERDAY        0.03                      0.11  -0.08     0.12
  MONTH TO DATE    2.37                      1.52   0.85     2.11
  SINCE JUN 1      4.21                      5.28  -1.07     7.39
  SINCE JAN 1     16.98                     20.34  -3.36    21.58

SNOWFALL (IN)
  YESTERDAY        0.0                       0.0    0.0      0.0
  MONTH TO DATE    0.0                       0.0    0.0      0.0
  SINCE JUN 1      0.0                       0.0    0.0      0.0
  SINCE JUL 1      0.0                       0.0    0.0      0.0
  SNOW DEPTH       0

DEGREE DAYS
 HEATING
  YESTERDAY        0                         0      0        0
  MONTH TO DATE    0                         2     -2        6
  SINCE JUN 1     40                        63    -23       43
  SINCE JUL 1      0                         2     -2        6

 COOLING
  YESTERDAY       12                         7      5       11
  MONTH TO DATE  124                        96     28       56
  SINCE JUN 1    275                       219     56      156
  SINCE JAN 1    350                       258     92      268
..................................................................


WIND (MPH)
  HIGHEST WIND SPEED    18   HIGHEST WIND DIRECTION     W (280)
  HIGHEST GUST SPEED    26   HIGHEST GUST DIRECTION     W (280)
  AVERAGE WIND SPEED    11.7


SKY COVER
  POSSIBLE SUNSHINE  MM
  AVERAGE SKY COVER 0.3


WEATHER CONDITIONS
 THE FOLLOWING WEATHER WAS RECORDED YESTERDAY.
  LIGHT RAIN
  FOG


RELATIVE HUMIDITY (PERCENT)
 HIGHEST    84           900 AM
 LOWEST     60           800 PM
 AVERAGE    72

..........................................................


THE ERIE PA CLIMATE NORMALS FOR TODAY
                         NORMAL    RECORD    YEAR
 MAXIMUM TEMPERATURE (F)   80        92      1912
 MINIMUM TEMPERATURE (F)   64        51      1971
                                             1960
                                             1930


SUNRISE AND SUNSET
JULY 15 2016..........SUNRISE   559 AM EDT   SUNSET   854 PM EDT
JULY 16 2016..........SUNRISE   559 AM EDT   SUNSET   854 PM EDT


-  INDICATES NEGATIVE NUMBERS.
R  INDICATES RECORD WAS SET OR TIED.
MM INDICATES DATA IS MISSING.
T  INDICATES TRACE AMOUNT.




$$
