000
CDUS41 KCLE 160545
CLIERI


CLIMATE REPORT
NATIONAL WEATHER SERVICE CLEVELAND OH
145 AM EDT SUN APR 16 2017


...................................

...THE ERIE PA CLIMATE SUMMARY FOR APRIL 15 2017...

CLIMATE NORMAL PERIOD 1981 TO 2010
CLIMATE RECORD PERIOD 1873 TO 2017


WEATHER ITEM   OBSERVED TIME   RECORD YEAR NORMAL DEPARTURE LAST
                VALUE   (LST)  VALUE       VALUE  FROM      YEAR
                                                  NORMAL
..................................................................
TEMPERATURE (F)
 YESTERDAY
  MAXIMUM         79    511 PM  85    1993  56     23       67
  MINIMUM         45    203 AM  20    1926  38      7       36
  AVERAGE         62                        47     15       52

PRECIPITATION (IN)
  YESTERDAY        0.06                      0.11  -0.05     0.00
  MONTH TO DATE    1.48                      1.75  -0.27     1.21
  SINCE MAR 1      5.57                      4.70   0.87     4.37
  SINCE JAN 1     12.99                     10.04   2.95    10.58

SNOWFALL (IN)
  YESTERDAY       MM                         0.2   MM        0.0
  MONTH TO DATE    0.5                       2.7   -2.2      2.9
  SINCE MAR 1     10.3                      16.4   -6.1      4.0
  SINCE JUL 1     78.6                     100.4  -21.8     71.2
  SNOW DEPTH       0

DEGREE DAYS
 HEATING
  YESTERDAY        3                        18    -15       13
  MONTH TO DATE  228                       312    -84      397
  SINCE MAR 1   1124                      1223    -99     1073
  SINCE JUL 1   4628                      5588   -960     4671

 COOLING
  YESTERDAY        0                         0      0        0
  MONTH TO DATE    3                         0      3        0
  SINCE MAR 1      3                         1      2        0
  SINCE JAN 1      3                         1      2        0
..................................................................


WIND (MPH)
  HIGHEST WIND SPEED    23   HIGHEST WIND DIRECTION     S (190)
  HIGHEST GUST SPEED    30   HIGHEST GUST DIRECTION     S (190)
  AVERAGE WIND SPEED    11.3


SKY COVER
  POSSIBLE SUNSHINE  MM
  AVERAGE SKY COVER 0.5


WEATHER CONDITIONS
 THE FOLLOWING WEATHER WAS RECORDED YESTERDAY.
  RAIN
  LIGHT RAIN


RELATIVE HUMIDITY (PERCENT)
 HIGHEST    60           100 AM
 LOWEST     40           600 PM
 AVERAGE    50

..........................................................


THE ERIE PA CLIMATE NORMALS FOR TODAY
                         NORMAL    RECORD    YEAR
 MAXIMUM TEMPERATURE (F)   56        82      2012
                                             2002
 MINIMUM TEMPERATURE (F)   38        21      2014
                                             1875


SUNRISE AND SUNSET
APRIL 16 2017.........SUNRISE   638 AM EDT   SUNSET   803 PM EDT
APRIL 17 2017.........SUNRISE   637 AM EDT   SUNSET   805 PM EDT


-  INDICATES NEGATIVE NUMBERS.
R  INDICATES RECORD WAS SET OR TIED.
MM INDICATES DATA IS MISSING.
T  INDICATES TRACE AMOUNT.




$$
