000
CDUS41 KCLE 240527
CLIERI


CLIMATE REPORT
NATIONAL WEATHER SERVICE CLEVELAND OH
127 AM EDT WED SEP 24 2014


...................................

...THE ERIE PA CLIMATE SUMMARY FOR SEPTEMBER 23 2014...

CLIMATE NORMAL PERIOD 1981 TO 2010
CLIMATE RECORD PERIOD 1873 TO 2014


WEATHER ITEM   OBSERVED TIME   RECORD YEAR NORMAL DEPARTURE LAST
                VALUE   (LST)  VALUE       VALUE  FROM      YEAR
                                                  NORMAL
..................................................................
TEMPERATURE (F)
 YESTERDAY
  MAXIMUM         66    433 PM  92    1936  69     -3       59
  MINIMUM         46    627 AM  33    1974  53     -7       44
  AVERAGE         56                        61     -5       52

PRECIPITATION (IN)
  YESTERDAY        0.00                      0.17  -0.17     0.00
  MONTH TO DATE    2.16                      3.44  -1.28     3.95
  SINCE SEP 1      2.16                      3.44  -1.28     3.95
  SINCE JAN 1     29.87                     29.27   0.60    37.82

SNOWFALL (IN)
  YESTERDAY        0.0                       0.0    0.0      0.0
  MONTH TO DATE    0.0                       0.0    0.0      0.0
  SINCE SEP 1      0.0                       0.0    0.0      0.0
  SINCE JUL 1      0.0                       0.0    0.0      0.0
  SNOW DEPTH       0

DEGREE DAYS
 HEATING
  YESTERDAY        9                         5      4       13
  MONTH TO DATE   86                        60     26       84
  SINCE SEP 1     86                        60     26       84
  SINCE JUL 1    104                        78     26       96

 COOLING
  YESTERDAY        0                         1     -1        0
  MONTH TO DATE   79                        63     16       65
  SINCE SEP 1     79                        63     16       65
  SINCE JAN 1    595                       621    -26      686
..................................................................


WIND (MPH)
  HIGHEST WIND SPEED    12   HIGHEST WIND DIRECTION    NW (300)
  HIGHEST GUST SPEED    15   HIGHEST GUST DIRECTION     W (290)
  AVERAGE WIND SPEED     5.5


SKY COVER
  POSSIBLE SUNSHINE  MM
  AVERAGE SKY COVER 0.0


WEATHER CONDITIONS
 THE FOLLOWING WEATHER WAS RECORDED YESTERDAY.
  NO SIGNIFICANT WEATHER WAS OBSERVED.


RELATIVE HUMIDITY (PERCENT)
 HIGHEST    86           300 AM
 LOWEST     56          1100 AM
 AVERAGE    71

..........................................................


THE ERIE PA CLIMATE NORMALS FOR TODAY
                         NORMAL    RECORD    YEAR
 MAXIMUM TEMPERATURE (F)   69        89      2010
 MINIMUM TEMPERATURE (F)   53        34      1974


SUNRISE AND SUNSET
SEPTEMBER 24 2014.....SUNRISE   710 AM EDT   SUNSET   714 PM EDT
SEPTEMBER 25 2014.....SUNRISE   711 AM EDT   SUNSET   713 PM EDT


-  INDICATES NEGATIVE NUMBERS.
R  INDICATES RECORD WAS SET OR TIED.
MM INDICATES DATA IS MISSING.
T  INDICATES TRACE AMOUNT.




$$
