000
CDUS41 KCLE 200531
CLIERI


CLIMATE REPORT
NATIONAL WEATHER SERVICE CLEVELAND OH
1230 AM EST FRI FEB 20 2015


...................................

...THE ERIE PA CLIMATE SUMMARY FOR FEBRUARY 19 2015...

CLIMATE NORMAL PERIOD 1981 TO 2010
CLIMATE RECORD PERIOD 1873 TO 2015


WEATHER ITEM   OBSERVED TIME   RECORD YEAR NORMAL DEPARTURE LAST
                VALUE   (LST)  VALUE       VALUE  FROM      YEAR
                                                  NORMAL
..................................................................
TEMPERATURE (F)
 YESTERDAY
  MAXIMUM          8    118 AM  65    1948  36    -28       48
  MINIMUM        -10R  1139 PM  -4    1903  21    -31       32
  AVERAGE         -1                        29    -30       40

PRECIPITATION (IN)
  YESTERDAY        T                         0.09  -0.09     0.00
  MONTH TO DATE    1.63                      1.58   0.05     2.24
  SINCE DEC 1      7.82                      8.27  -0.45    10.76
  SINCE JAN 1      5.37                      4.53   0.84     4.80

SNOWFALL (IN)
  YESTERDAY        T                         0.6   -0.6      0.0
  MONTH TO DATE   26.2                      12.8   13.4     22.3
  SINCE DEC 1     69.1                      69.9   -0.8     98.4
  SINCE JUL 1     94.1                      78.6   15.5    114.0
  SNOW DEPTH      13

DEGREE DAYS
 HEATING
  YESTERDAY       66                        36     30       25
  MONTH TO DATE  949                       710    239      886
  SINCE DEC 1   3165                      2892    273     3268
  SINCE JUL 1   4379                      4048    331     4467

 COOLING
  YESTERDAY        0                         0      0        0
  MONTH TO DATE    0                         0      0        0
  SINCE DEC 1      0                         0      0        0
  SINCE JAN 1      0                         0      0        0
..................................................................


WIND (MPH)
  HIGHEST WIND SPEED    22   HIGHEST WIND DIRECTION     W (270)
  HIGHEST GUST SPEED    32   HIGHEST GUST DIRECTION     W (260)
  AVERAGE WIND SPEED    10.0


SKY COVER
  POSSIBLE SUNSHINE  MM
  AVERAGE SKY COVER 0.6


WEATHER CONDITIONS
 THE FOLLOWING WEATHER WAS RECORDED YESTERDAY.
  LIGHT SNOW
  HAZE


RELATIVE HUMIDITY (PERCENT)
 HIGHEST    79           800 PM
 LOWEST     56           300 PM
 AVERAGE    68

..........................................................


THE ERIE PA CLIMATE NORMALS FOR TODAY
                         NORMAL    RECORD    YEAR
 MAXIMUM TEMPERATURE (F)   36        66      1930
 MINIMUM TEMPERATURE (F)   22        -8      1934


SUNRISE AND SUNSET
FEBRUARY 20 2015......SUNRISE   710 AM EST   SUNSET   559 PM EST
FEBRUARY 21 2015......SUNRISE   709 AM EST   SUNSET   601 PM EST


-  INDICATES NEGATIVE NUMBERS.
R  INDICATES RECORD WAS SET OR TIED.
MM INDICATES DATA IS MISSING.
T  INDICATES TRACE AMOUNT.




$$
