000
CDUS41 KCLE 090545
CLIERI


CLIMATE REPORT
NATIONAL WEATHER SERVICE CLEVELAND OH
145 AM EDT TUE SEP 9 2014


...................................

...THE ERIE PA CLIMATE SUMMARY FOR SEPTEMBER 8 2014...

CLIMATE NORMAL PERIOD 1981 TO 2010
CLIMATE RECORD PERIOD 1873 TO 2014


WEATHER ITEM   OBSERVED TIME   RECORD YEAR NORMAL DEPARTURE LAST
                VALUE   (LST)  VALUE       VALUE  FROM      YEAR
                                                  NORMAL
..................................................................
TEMPERATURE (F)
 YESTERDAY
  MAXIMUM         79    429 PM  92    1964  75      4       72
                                      1959
  MINIMUM         53   1205 AM  45    1979  58     -5       56
                                      1957
                                      1955
  AVERAGE         66                        67     -1       64

PRECIPITATION (IN)
  YESTERDAY        0.00                      0.14  -0.14      T
  MONTH TO DATE    0.79                      1.07  -0.28     0.99
  SINCE SEP 1      0.79                      1.07  -0.28     0.99
  SINCE JAN 1     28.50                     26.90   1.60    34.86

SNOWFALL (IN)
  YESTERDAY        0.0                       0.0    0.0      0.0
  MONTH TO DATE    0.0                       0.0    0.0      0.0
  SINCE SEP 1      0.0                       0.0    0.0      0.0
  SINCE JUL 1      0.0                       0.0    0.0      0.0
  SNOW DEPTH       0

DEGREE DAYS
 HEATING
  YESTERDAY        0                         2     -2        1
  MONTH TO DATE    3                        10     -7       12
  SINCE SEP 1      3                        10     -7       12
  SINCE JUL 1     21                        28     -7       24

 COOLING
  YESTERDAY        1                         3     -2        0
  MONTH TO DATE   55                        30     25       20
  SINCE SEP 1     55                        30     25       20
  SINCE JAN 1    571                       588    -17      641
..................................................................


WIND (MPH)
  HIGHEST WIND SPEED    18   HIGHEST WIND DIRECTION    SE (150)
  HIGHEST GUST SPEED    24   HIGHEST GUST DIRECTION     S (160)
  AVERAGE WIND SPEED     8.9


SKY COVER
  POSSIBLE SUNSHINE  MM
  AVERAGE SKY COVER 0.0


WEATHER CONDITIONS
 THE FOLLOWING WEATHER WAS RECORDED YESTERDAY.
  NO SIGNIFICANT WEATHER WAS OBSERVED.


RELATIVE HUMIDITY (PERCENT)
 HIGHEST    77          1200 AM
 LOWEST     37           200 PM
 AVERAGE    57

..........................................................


THE ERIE PA CLIMATE NORMALS FOR TODAY
                         NORMAL    RECORD    YEAR
 MAXIMUM TEMPERATURE (F)   74        94      1959
 MINIMUM TEMPERATURE (F)   58        42      1956


SUNRISE AND SUNSET
SEPTEMBER  9 2014.....SUNRISE   654 AM EDT   SUNSET   741 PM EDT
SEPTEMBER 10 2014.....SUNRISE   656 AM EDT   SUNSET   739 PM EDT


-  INDICATES NEGATIVE NUMBERS.
R  INDICATES RECORD WAS SET OR TIED.
MM INDICATES DATA IS MISSING.
T  INDICATES TRACE AMOUNT.




$$
