000
CDUS41 KCLE 140545
CLIERI


CLIMATE REPORT
NATIONAL WEATHER SERVICE CLEVELAND OH
145 AM EDT FRI JUL 14 2017


...................................

...THE ERIE PA CLIMATE SUMMARY FOR JULY 13 2017...

CLIMATE NORMAL PERIOD 1981 TO 2010
CLIMATE RECORD PERIOD 1873 TO 2017


WEATHER ITEM   OBSERVED TIME   RECORD YEAR NORMAL DEPARTURE LAST
                VALUE   (LST)  VALUE       VALUE  FROM      YEAR
                                                  NORMAL
..................................................................
TEMPERATURE (F)
 YESTERDAY
  MAXIMUM         82    217 PM  95    1936  80      2       88
  MINIMUM         71    820 AM  48    1980  64      7       73
  AVERAGE         77                        72      5       81

PRECIPITATION (IN)
  YESTERDAY        0.01                      0.11  -0.10      T
  MONTH TO DATE    0.72                      1.41  -0.69     2.34
  SINCE JUN 1      9.18                      5.17   4.01     4.18
  SINCE JAN 1     29.17                     20.23   8.94    16.95

SNOWFALL (IN)
  YESTERDAY        0.0                       0.0    0.0      0.0
  MONTH TO DATE    0.0                       0.0    0.0      0.0
  SINCE JUN 1      0.0                       0.0    0.0      0.0
  SINCE JUL 1      0.0                       0.0    0.0      0.0
  SNOW DEPTH       0

DEGREE DAYS
 HEATING
  YESTERDAY        0                         0      0        0
  MONTH TO DATE    0                         2     -2        0
  SINCE JUN 1     48                        63    -15       40
  SINCE JUL 1      0                         2     -2        0

 COOLING
  YESTERDAY       12                         7      5       16
  MONTH TO DATE   83                        89     -6      112
  SINCE JUN 1    230                       212     18      263
  SINCE JAN 1    274                       251     23      338
..................................................................


WIND (MPH)
  HIGHEST WIND SPEED    17   HIGHEST WIND DIRECTION    SW (230)
  HIGHEST GUST SPEED    23   HIGHEST GUST DIRECTION    SW (210)
  AVERAGE WIND SPEED     7.9


SKY COVER
  POSSIBLE SUNSHINE  MM
  AVERAGE SKY COVER 0.7


WEATHER CONDITIONS
 THE FOLLOWING WEATHER WAS RECORDED YESTERDAY.
  THUNDERSTORM
  LIGHT RAIN
  FOG


RELATIVE HUMIDITY (PERCENT)
 HIGHEST    93           800 AM
 LOWEST     74           100 PM
 AVERAGE    84

..........................................................


THE ERIE PA CLIMATE NORMALS FOR TODAY
                         NORMAL    RECORD    YEAR
 MAXIMUM TEMPERATURE (F)   80        92      1936
 MINIMUM TEMPERATURE (F)   64        50      1926


SUNRISE AND SUNSET
JULY 14 2017..........SUNRISE   558 AM EDT   SUNSET   855 PM EDT
JULY 15 2017..........SUNRISE   558 AM EDT   SUNSET   855 PM EDT


-  INDICATES NEGATIVE NUMBERS.
R  INDICATES RECORD WAS SET OR TIED.
MM INDICATES DATA IS MISSING.
T  INDICATES TRACE AMOUNT.




$$
