000
CDUS41 KCLE 120526
CLIERI


CLIMATE REPORT
NATIONAL WEATHER SERVICE CLEVELAND OH
126 AM EDT TUE SEP 12 2017


...................................

...THE ERIE PA CLIMATE SUMMARY FOR SEPTEMBER 11 2017...

CLIMATE NORMAL PERIOD 1981 TO 2010
CLIMATE RECORD PERIOD 1873 TO 2017


WEATHER ITEM   OBSERVED TIME   RECORD YEAR NORMAL DEPARTURE LAST
                VALUE   (LST)  VALUE       VALUE  FROM      YEAR
                                                  NORMAL
..................................................................
TEMPERATURE (F)
 YESTERDAY
  MAXIMUM         70   1131 AM  92    1925  74     -4       72
  MINIMUM         49    202 AM  42    1967  58     -9       56
  AVERAGE         60                        66     -6       64

PRECIPITATION (IN)
  YESTERDAY        0.00                      0.14  -0.14      T
  MONTH TO DATE    3.71                      1.50   2.21     2.66
  SINCE SEP 1      3.71                      1.50   2.21     2.66
  SINCE JAN 1     35.08                     27.33   7.75    29.72

SNOWFALL (IN)
  YESTERDAY        0.0                       0.0    0.0      0.0
  MONTH TO DATE    0.0                       0.0    0.0      0.0
  SINCE SEP 1      0.0                       0.0    0.0      0.0
  SINCE JUL 1      0.0                       0.0    0.0      0.0
  SNOW DEPTH       0

DEGREE DAYS
 HEATING
  YESTERDAY        5                         2      3        1
  MONTH TO DATE   60                        16     44        1
  SINCE SEP 1     60                        16     44        1
  SINCE JUL 1     70                        34     36        1

 COOLING
  YESTERDAY        0                         3     -3        0
  MONTH TO DATE    6                        39    -33       81
  SINCE SEP 1      6                        39    -33       81
  SINCE JAN 1    568                       597    -29      930
..................................................................


WIND (MPH)
  HIGHEST WIND SPEED    14   HIGHEST WIND DIRECTION    NE (40)
  HIGHEST GUST SPEED    19   HIGHEST GUST DIRECTION    SE (150)
  AVERAGE WIND SPEED     6.3


SKY COVER
  POSSIBLE SUNSHINE  MM
  AVERAGE SKY COVER 0.0


WEATHER CONDITIONS
 THE FOLLOWING WEATHER WAS RECORDED YESTERDAY.
  NO SIGNIFICANT WEATHER WAS OBSERVED.


RELATIVE HUMIDITY (PERCENT)
 HIGHEST    86           100 AM
 LOWEST     52          1100 AM
 AVERAGE    69

..........................................................


THE ERIE PA CLIMATE NORMALS FOR TODAY
                         NORMAL    RECORD    YEAR
 MAXIMUM TEMPERATURE (F)   73        88      1931
                                             1903
 MINIMUM TEMPERATURE (F)   57        41      1958


SUNRISE AND SUNSET
SEPTEMBER 12 2017.....SUNRISE   658 AM EDT   SUNSET   735 PM EDT
SEPTEMBER 13 2017.....SUNRISE   659 AM EDT   SUNSET   733 PM EDT


-  INDICATES NEGATIVE NUMBERS.
R  INDICATES RECORD WAS SET OR TIED.
MM INDICATES DATA IS MISSING.
T  INDICATES TRACE AMOUNT.




$$
