000
CDUS41 KCLE 180525
CLIERI


CLIMATE REPORT
NATIONAL WEATHER SERVICE CLEVELAND OH
1225 AM EST FRI NOV 18 2016


...................................

...THE ERIE PA CLIMATE SUMMARY FOR NOVEMBER 17 2016...

CLIMATE NORMAL PERIOD 1981 TO 2010
CLIMATE RECORD PERIOD 1873 TO 2016


WEATHER ITEM   OBSERVED TIME   RECORD YEAR NORMAL DEPARTURE LAST
                VALUE   (LST)  VALUE       VALUE  FROM      YEAR
                                                  NORMAL
..................................................................
TEMPERATURE (F)
 YESTERDAY
  MAXIMUM         60    309 PM  70    1931  49     11       65
                                      1928
  MINIMUM         38    741 AM  15    1959  36      2       38
  AVERAGE         49                        43      6       52

PRECIPITATION (IN)
  YESTERDAY        0.00                      0.13  -0.13     0.00
  MONTH TO DATE    0.93                      2.21  -1.28     1.79
  SINCE SEP 1     13.13                     10.87   2.26     9.18
  SINCE JAN 1     40.19                     36.70   3.49    32.89

SNOWFALL (IN)
  YESTERDAY        0.0                       0.2   -0.2      0.0
  MONTH TO DATE    0.0                       3.2   -3.2      0.0
  SINCE SEP 1      0.0                       3.4   -3.4       T
  SINCE JUL 1      0.0                       3.4   -3.4       T
  SNOW DEPTH       0

DEGREE DAYS
 HEATING
  YESTERDAY       16                        22     -6       13
  MONTH TO DATE  234                       329    -95      221
  SINCE SEP 1    510                       814   -304      590
  SINCE JUL 1    510                       832   -322      608

 COOLING
  YESTERDAY        0                         0      0        0
  MONTH TO DATE    2                         0      2        4
  SINCE SEP 1    168                        80     88      167
  SINCE JAN 1   1017                       638    379      773
..................................................................


WIND (MPH)
  HIGHEST WIND SPEED    20   HIGHEST WIND DIRECTION     S (170)
  HIGHEST GUST SPEED    26   HIGHEST GUST DIRECTION     S (180)
  AVERAGE WIND SPEED     7.4


SKY COVER
  POSSIBLE SUNSHINE  MM
  AVERAGE SKY COVER 0.1


WEATHER CONDITIONS
 THE FOLLOWING WEATHER WAS RECORDED YESTERDAY.
  FOG


RELATIVE HUMIDITY (PERCENT)
 HIGHEST    93           200 AM
 LOWEST     51           500 PM
 AVERAGE    72

..........................................................


THE ERIE PA CLIMATE NORMALS FOR TODAY
                         NORMAL    RECORD    YEAR
 MAXIMUM TEMPERATURE (F)   49        73      1958
 MINIMUM TEMPERATURE (F)   36        14      2014
                                             1959


SUNRISE AND SUNSET
NOVEMBER 18 2016......SUNRISE   715 AM EST   SUNSET   457 PM EST
NOVEMBER 19 2016......SUNRISE   716 AM EST   SUNSET   456 PM EST


-  INDICATES NEGATIVE NUMBERS.
R  INDICATES RECORD WAS SET OR TIED.
MM INDICATES DATA IS MISSING.
T  INDICATES TRACE AMOUNT.




$$
