000
CDUS41 KCLE 180532
CLIERI


CLIMATE REPORT
NATIONAL WEATHER SERVICE CLEVELAND OH
1232 AM EST TUE NOV 18 2014


...................................

...THE ERIE PA CLIMATE SUMMARY FOR NOVEMBER 17 2014...

CLIMATE NORMAL PERIOD 1981 TO 2010
CLIMATE RECORD PERIOD 1873 TO 2014


WEATHER ITEM   OBSERVED TIME   RECORD YEAR NORMAL DEPARTURE LAST
                VALUE   (LST)  VALUE       VALUE  FROM      YEAR
                                                  NORMAL
..................................................................
TEMPERATURE (F)
 YESTERDAY
  MAXIMUM         36    249 PM  70    1931  49    -13       64
                                      1928
  MINIMUM         20   1159 PM  15    1959  36    -16       53
  AVERAGE         28                        43    -15       59

PRECIPITATION (IN)
  YESTERDAY        0.34                      0.13   0.21     0.50
  MONTH TO DATE    2.46                      2.21   0.25     3.19
  SINCE SEP 1      9.54                     10.87  -1.33    13.38
  SINCE JAN 1     37.25                     36.70   0.55    47.25

SNOWFALL (IN)
  YESTERDAY        1.8                       0.2    1.6      0.0
  MONTH TO DATE   17.5                       3.2   14.3      3.1
  SINCE SEP 1     17.5                       3.4   14.1      3.4
  SINCE JUL 1     17.5                       3.4   14.1      3.4
  SNOW DEPTH       5

DEGREE DAYS
 HEATING
  YESTERDAY       37                        22     15        6
  MONTH TO DATE  380                       329     51      340
  SINCE SEP 1    809                       814     -5      772
  SINCE JUL 1    827                       832     -5      784

 COOLING
  YESTERDAY        0                         0      0        0
  MONTH TO DATE    0                         0      0        0
  SINCE SEP 1     87                        80      7       85
  SINCE JAN 1    603                       638    -35      706
..................................................................


WIND (MPH)
  HIGHEST WIND SPEED    31   HIGHEST WIND DIRECTION    SW (220)
  HIGHEST GUST SPEED    41   HIGHEST GUST DIRECTION    SW (210)
  AVERAGE WIND SPEED    11.3


SKY COVER
  POSSIBLE SUNSHINE  MM
  AVERAGE SKY COVER 1.0


WEATHER CONDITIONS
 THE FOLLOWING WEATHER WAS RECORDED YESTERDAY.
  LIGHT SNOW
  FOG
  HAZE


RELATIVE HUMIDITY (PERCENT)
 HIGHEST    89          1200 AM
 LOWEST     63           700 PM
 AVERAGE    76

..........................................................


THE ERIE PA CLIMATE NORMALS FOR TODAY
                         NORMAL    RECORD    YEAR
 MAXIMUM TEMPERATURE (F)   49        73      1958
 MINIMUM TEMPERATURE (F)   36        14      1959


SUNRISE AND SUNSET
NOVEMBER 18 2014......SUNRISE   714 AM EST   SUNSET   457 PM EST
NOVEMBER 19 2014......SUNRISE   716 AM EST   SUNSET   456 PM EST


-  INDICATES NEGATIVE NUMBERS.
R  INDICATES RECORD WAS SET OR TIED.
MM INDICATES DATA IS MISSING.
T  INDICATES TRACE AMOUNT.




$$
