000
CDUS41 KCLE 310529
CLIERI


CLIMATE REPORT
NATIONAL WEATHER SERVICE CLEVELAND OH
128 AM EDT MON MAR 31 2014


...................................

...THE ERIE PA CLIMATE SUMMARY FOR MARCH 30 2014...

CLIMATE NORMAL PERIOD 1981 TO 2010
CLIMATE RECORD PERIOD 1873 TO 2014


WEATHER ITEM   OBSERVED TIME   RECORD YEAR NORMAL DEPARTURE LAST
                VALUE   (LST)  VALUE       VALUE  FROM      YEAR
                                                  NORMAL
..................................................................
TEMPERATURE (F)
 YESTERDAY
  MAXIMUM         39    408 PM  82    1998  49    -10       51
  MINIMUM         29   1007 PM  15    1887  32     -3       26
  AVERAGE         34                        41     -7       39

PRECIPITATION (IN)
  YESTERDAY        0.05                      0.10  -0.05     0.00
  MONTH TO DATE    3.17                      2.84   0.33     2.57
  SINCE MAR 1      3.17                      2.84   0.33     2.57
  SINCE JAN 1      9.08                      8.18   0.90     9.08

SNOWFALL (IN)
  YESTERDAY        0.5                       0.3    0.2      0.0
  MONTH TO DATE   17.5                      13.5    4.0     25.2
  SINCE MAR 1     17.5                      13.5    4.0     25.2
  SINCE JUL 1    137.1                      97.5   39.6    104.5
  SNOW DEPTH       4

DEGREE DAYS
 HEATING
  YESTERDAY       31                        24      7       26
  MONTH TO DATE 1110                       887    223      979
  SINCE MAR 1   1110                       887    223      979
  SINCE JUL 1   5931                      5252    679     5073

 COOLING
  YESTERDAY        0                         0      0        0
  MONTH TO DATE    0                         0      0        0
  SINCE MAR 1      0                         0      0        0
  SINCE JAN 1      0                         0      0        0
..................................................................


WIND (MPH)
  HIGHEST WIND SPEED    18   HIGHEST WIND DIRECTION     N (10)
  HIGHEST GUST SPEED    24   HIGHEST GUST DIRECTION    NE (30)
  AVERAGE WIND SPEED     8.8


SKY COVER
  POSSIBLE SUNSHINE  MM
  AVERAGE SKY COVER 0.5


WEATHER CONDITIONS
 THE FOLLOWING WEATHER WAS RECORDED YESTERDAY.
  LIGHT SNOW
  FOG


RELATIVE HUMIDITY (PERCENT)
 HIGHEST   100           200 AM
 LOWEST     59           300 PM
 AVERAGE    80

..........................................................


THE ERIE PA CLIMATE NORMALS FOR TODAY
                         NORMAL    RECORD    YEAR
 MAXIMUM TEMPERATURE (F)   50        82      1998
 MINIMUM TEMPERATURE (F)   33         9      1923


SUNRISE AND SUNSET
MARCH 31 2014.........SUNRISE   705 AM EDT   SUNSET   745 PM EDT
APRIL  1 2014.........SUNRISE   703 AM EDT   SUNSET   746 PM EDT


-  INDICATES NEGATIVE NUMBERS.
R  INDICATES RECORD WAS SET OR TIED.
MM INDICATES DATA IS MISSING.
T  INDICATES TRACE AMOUNT.




$$
