000
CDUS41 KCLE 310528
CLIERI


CLIMATE REPORT
NATIONAL WEATHER SERVICE CLEVELAND OH
1227 AM EST SAT DEC 31 2016


...................................

...THE ERIE PA CLIMATE SUMMARY FOR DECEMBER 30 2016...

CLIMATE NORMAL PERIOD 1981 TO 2010
CLIMATE RECORD PERIOD 1873 TO 2016


WEATHER ITEM   OBSERVED TIME   RECORD YEAR NORMAL DEPARTURE LAST
                VALUE   (LST)  VALUE       VALUE  FROM      YEAR
                                                  NORMAL
..................................................................
TEMPERATURE (F)
 YESTERDAY
  MAXIMUM         34   1238 AM  61    1884  35     -1       39
  MINIMUM         28    516 PM -11    1880  23      5       36
  AVERAGE         31                        29      2       38

PRECIPITATION (IN)
  YESTERDAY        T                         0.12  -0.12     0.00
  MONTH TO DATE    3.88                      3.63   0.25     3.79
  SINCE DEC 1      3.88                      3.63   0.25     3.79
  SINCE JAN 1     45.66                     42.05   3.61    37.27

SNOWFALL (IN)
  YESTERDAY        T                         1.1   -1.1      0.0
  MONTH TO DATE   22.2                      26.4   -4.2      4.3
  SINCE DEC 1     22.2                      26.4   -4.2      4.3
  SINCE JUL 1     24.6                      35.1  -10.5      4.8
  SNOW DEPTH       1

DEGREE DAYS
 HEATING
  YESTERDAY       34                        36     -2       27
  MONTH TO DATE  963                       976    -13      613
  SINCE DEC 1    963                       976    -13      613
  SINCE JUL 1   1743                      2132   -389     1504

 COOLING
  YESTERDAY        0                         0      0        0
  MONTH TO DATE    0                         0      0        0
  SINCE DEC 1      0                         0      0        0
  SINCE JAN 1   1017                       638    379      773
..................................................................


WIND (MPH)
  HIGHEST WIND SPEED    24   HIGHEST WIND DIRECTION     W (280)
  HIGHEST GUST SPEED    35   HIGHEST GUST DIRECTION     W (270)
  AVERAGE WIND SPEED    16.7


SKY COVER
  POSSIBLE SUNSHINE  MM
  AVERAGE SKY COVER 0.7


WEATHER CONDITIONS
 THE FOLLOWING WEATHER WAS RECORDED YESTERDAY.
  LIGHT SNOW
  HAZE


RELATIVE HUMIDITY (PERCENT)
 HIGHEST    69          1100 AM
 LOWEST     53           300 PM
 AVERAGE    61

..........................................................


THE ERIE PA CLIMATE NORMALS FOR TODAY
                         NORMAL    RECORD    YEAR
 MAXIMUM TEMPERATURE (F)   35        68      1875
 MINIMUM TEMPERATURE (F)   23        -4      1880


SUNRISE AND SUNSET
DECEMBER 31 2016......SUNRISE   749 AM EST   SUNSET   459 PM EST
JANUARY  1 2017.......SUNRISE   749 AM EST   SUNSET   500 PM EST


-  INDICATES NEGATIVE NUMBERS.
R  INDICATES RECORD WAS SET OR TIED.
MM INDICATES DATA IS MISSING.
T  INDICATES TRACE AMOUNT.




$$
