000
CDUS41 KCLE 090545
CLIERI


CLIMATE REPORT
NATIONAL WEATHER SERVICE CLEVELAND OH
145 AM EDT FRI SEP 9 2016


...................................

...THE ERIE PA CLIMATE SUMMARY FOR SEPTEMBER 8 2016...

CLIMATE NORMAL PERIOD 1981 TO 2010
CLIMATE RECORD PERIOD 1873 TO 2016


WEATHER ITEM   OBSERVED TIME   RECORD YEAR NORMAL DEPARTURE LAST
                VALUE   (LST)  VALUE       VALUE  FROM      YEAR
                                                  NORMAL
..................................................................
TEMPERATURE (F)
 YESTERDAY
  MAXIMUM         86   1100 AM  92    1964  75     11       89
                                      1959
  MINIMUM         74   1159 PM  45    1979  58     16       75
                                      1957
                                      1955
  AVERAGE         80                        67     13       82

PRECIPITATION (IN)
  YESTERDAY        0.90                      0.14   0.76     0.00
  MONTH TO DATE    0.90                      1.07  -0.17     0.01
  SINCE SEP 1      0.90                      1.07  -0.17     0.01
  SINCE JAN 1     27.96                     26.90   1.06    23.72

SNOWFALL (IN)
  YESTERDAY        0.0                       0.0    0.0      0.0
  MONTH TO DATE    0.0                       0.0    0.0      0.0
  SINCE SEP 1      0.0                       0.0    0.0      0.0
  SINCE JUL 1      0.0                       0.0    0.0      0.0
  SNOW DEPTH       0

DEGREE DAYS
 HEATING
  YESTERDAY        0                         2     -2        0
  MONTH TO DATE    0                        10    -10        0
  SINCE SEP 1      0                        10    -10        0
  SINCE JUL 1      0                        28    -28       18

 COOLING
  YESTERDAY       15                         3     12       17
  MONTH TO DATE   59                        30     29      106
  SINCE SEP 1     59                        30     29      106
  SINCE JAN 1    908                       588    320      712
..................................................................


WIND (MPH)
  HIGHEST WIND SPEED    18   HIGHEST WIND DIRECTION     W (250)
  HIGHEST GUST SPEED    27   HIGHEST GUST DIRECTION     W (260)
  AVERAGE WIND SPEED     9.5


SKY COVER
  POSSIBLE SUNSHINE  MM
  AVERAGE SKY COVER 0.4


WEATHER CONDITIONS
 THE FOLLOWING WEATHER WAS RECORDED YESTERDAY.
  THUNDERSTORM
  HEAVY RAIN
  LIGHT RAIN
  FOG


RELATIVE HUMIDITY (PERCENT)
 HIGHEST    91           200 PM
 LOWEST     65          1100 AM
 AVERAGE    78

..........................................................


THE ERIE PA CLIMATE NORMALS FOR TODAY
                         NORMAL    RECORD    YEAR
 MAXIMUM TEMPERATURE (F)   74        94      1959
 MINIMUM TEMPERATURE (F)   58        42      1956


SUNRISE AND SUNSET
SEPTEMBER  9 2016.....SUNRISE   655 AM EDT   SUNSET   740 PM EDT
SEPTEMBER 10 2016.....SUNRISE   656 AM EDT   SUNSET   738 PM EDT


-  INDICATES NEGATIVE NUMBERS.
R  INDICATES RECORD WAS SET OR TIED.
MM INDICATES DATA IS MISSING.
T  INDICATES TRACE AMOUNT.




$$
