000
CDUS41 KCLE 020531
CLIERI


CLIMATE REPORT
NATIONAL WEATHER SERVICE CLEVELAND OH
1229 AM EST TUE JAN 2 2018


...................................

...THE ERIE PA CLIMATE SUMMARY FOR JANUARY 1 2018...

CLIMATE NORMAL PERIOD 1981 TO 2010
CLIMATE RECORD PERIOD 1873 TO 2018


WEATHER ITEM   OBSERVED TIME   RECORD YEAR NORMAL DEPARTURE LAST
                VALUE   (LST)  VALUE       VALUE  FROM      YEAR
                                                  NORMAL
..................................................................
TEMPERATURE (F)
 YESTERDAY
  MAXIMUM         15   1159 PM  73    1876  35    -20       39
  MINIMUM         12    310 PM   0    1968  22    -10       26
  AVERAGE         14                        28    -14       33

PRECIPITATION (IN)
  YESTERDAY        0.02                      0.11  -0.09     0.00
  MONTH TO DATE    0.02                      0.11  -0.09     0.00
  SINCE DEC 1      7.54                      3.85   3.69     3.88
  SINCE JAN 1      0.02                      0.11  -0.09     0.00

SNOWFALL (IN)
  YESTERDAY        1.1                       1.1    0.0      0.0
  MONTH TO DATE    1.1                       1.1    0.0      0.0
  SINCE DEC 1    122.4                      28.6   93.8     22.2
  SINCE JUL 1    122.9                      37.3   85.6     24.6
  SNOW DEPTH      14

DEGREE DAYS
 HEATING
  YESTERDAY       51                        37     14       32
  MONTH TO DATE   51                        37     14       32
  SINCE DEC 1   1180                      1049    131     1025
  SINCE JUL 1   2177                      2205    -28     1805

 COOLING
  YESTERDAY        0                         0      0        0
  MONTH TO DATE    0                         0      0        0
  SINCE DEC 1      0                         0      0        0
  SINCE JAN 1      0                         0      0        0
..................................................................


WIND (MPH)
  HIGHEST WIND SPEED    23   HIGHEST WIND DIRECTION     W (280)
  HIGHEST GUST SPEED    32   HIGHEST GUST DIRECTION     W (290)
  AVERAGE WIND SPEED    14.4


SKY COVER
  POSSIBLE SUNSHINE  MM
  AVERAGE SKY COVER 1.0


WEATHER CONDITIONS
 THE FOLLOWING WEATHER WAS RECORDED YESTERDAY.
  HEAVY SNOW
  SNOW
  LIGHT SNOW
  HAZE


RELATIVE HUMIDITY (PERCENT)
 HIGHEST    76           100 PM
 LOWEST     53           800 AM
 AVERAGE    65

..........................................................


THE ERIE PA CLIMATE NORMALS FOR TODAY
                         NORMAL    RECORD    YEAR
 MAXIMUM TEMPERATURE (F)   34        61      2000
                                             1897
                                             1876
 MINIMUM TEMPERATURE (F)   22        -5      1879


SUNRISE AND SUNSET
JANUARY  2 2018.......SUNRISE   749 AM EST   SUNSET   501 PM EST
JANUARY  3 2018.......SUNRISE   749 AM EST   SUNSET   502 PM EST


-  INDICATES NEGATIVE NUMBERS.
R  INDICATES RECORD WAS SET OR TIED.
MM INDICATES DATA IS MISSING.
T  INDICATES TRACE AMOUNT.




$$
