000
CDUS41 KCLE 312216
CLIERI


CLIMATE REPORT
NATIONAL WEATHER SERVICE CLEVELAND OH
515 PM EST SUN DEC 31 2017


...................................

...THE ERIE PA CLIMATE SUMMARY FOR DECEMBER 31 2017...
VALID TODAY AS OF 0500 PM LOCAL TIME.

CLIMATE NORMAL PERIOD 1981 TO 2010
CLIMATE RECORD PERIOD 1873 TO 2017


WEATHER ITEM   OBSERVED TIME   RECORD YEAR NORMAL DEPARTURE LAST
                VALUE   (LST)  VALUE       VALUE  FROM      YEAR
                                                  NORMAL
..................................................................
TEMPERATURE (F)
 TODAY
  MAXIMUM         14    256 PM  68    1875  35    -21       41
  MINIMUM         11    914 AM  -4    1880  23    -12       28
  AVERAGE         13                        29    -16       35

PRECIPITATION (IN)
  TODAY            T                         0.11  -0.11      T
  MONTH TO DATE    7.52                      3.74   3.78     3.88
  SINCE DEC 1      7.52                      3.74   3.78     3.88
  SINCE JAN 1     53.49                     42.16  11.33    45.66

SNOWFALL (IN)
  TODAY            T                         1.1   -1.1       T
  MONTH TO DATE  121.3                      27.5   93.8     22.2
  SINCE DEC 1    121.3                      27.5   93.8     22.2
  SINCE JUL 1    121.8                      36.2   85.6     24.6
  SNOW DEPTH      19

DEGREE DAYS
 HEATING
  TODAY           52                        36     16       30
  MONTH TO DATE 1129                      1012    117      993
  SINCE DEC 1   1129                      1012    117      993
  SINCE JUL 1   2126                      2168    -42     1773

 COOLING
  TODAY            0                         0      0        0
  MONTH TO DATE    0                         0      0        0
  SINCE DEC 1      0                         0      0        0
  SINCE JAN 1    697                       638     59     1017
..................................................................


WIND (MPH)
  HIGHEST WIND SPEED    16   HIGHEST WIND DIRECTION     N (350)
  HIGHEST GUST SPEED    22   HIGHEST GUST DIRECTION    NW (330)


SKY COVER
  POSSIBLE SUNSHINE  MM
  AVERAGE SKY COVER 0.8


WEATHER CONDITIONS
 THE FOLLOWING WEATHER WAS RECORDED TODAY.
  LIGHT SNOW
  HAZE


RELATIVE HUMIDITY (PERCENT)
 HIGHEST    70           400 PM
 LOWEST     61           100 AM
 AVERAGE    66

..........................................................


THE ERIE PA CLIMATE NORMALS FOR TOMORROW
                         NORMAL    RECORD    YEAR
 MAXIMUM TEMPERATURE (F)   35        73      1876
 MINIMUM TEMPERATURE (F)   22         0      1968


SUNRISE AND SUNSET
DECEMBER 31 2017......SUNRISE   749 AM EST   SUNSET   459 PM EST
JANUARY  1 2018.......SUNRISE   749 AM EST   SUNSET   500 PM EST


-  INDICATES NEGATIVE NUMBERS.
R  INDICATES RECORD WAS SET OR TIED.
MM INDICATES DATA IS MISSING.
T  INDICATES TRACE AMOUNT.




$$
