000
CDUS41 KCLE 170539
CLIERI


CLIMATE REPORT
NATIONAL WEATHER SERVICE CLEVELAND OH
1238 AM EST MON NOV 17 2014


...................................

...THE ERIE PA CLIMATE SUMMARY FOR NOVEMBER 16 2014...

CLIMATE NORMAL PERIOD 1981 TO 2010
CLIMATE RECORD PERIOD 1873 TO 2014


WEATHER ITEM   OBSERVED TIME   RECORD YEAR NORMAL DEPARTURE LAST
                VALUE   (LST)  VALUE       VALUE  FROM      YEAR
                                                  NORMAL
..................................................................
TEMPERATURE (F)
 YESTERDAY
  MAXIMUM         36    122 PM  70    2005  50    -14       60
                                      1955
  MINIMUM         28    127 AM  14    1933  37     -9       42
  AVERAGE         32                        43    -11       51

PRECIPITATION (IN)
  YESTERDAY        0.01                      0.14  -0.13     0.00
  MONTH TO DATE    2.12                      2.08   0.04     2.69
  SINCE SEP 1      9.20                     10.74  -1.54    12.88
  SINCE JAN 1     36.91                     36.57   0.34    46.75

SNOWFALL (IN)
  YESTERDAY        0.1                       0.3   -0.2      0.0
  MONTH TO DATE   15.7                       3.0   12.7      3.1
  SINCE SEP 1     15.7                       3.2   12.5      3.4
  SINCE JUL 1     15.7                       3.2   12.5      3.4
  SNOW DEPTH       6

DEGREE DAYS
 HEATING
  YESTERDAY       33                        22     11       14
  MONTH TO DATE  343                       307     36      334
  SINCE SEP 1    772                       792    -20      766
  SINCE JUL 1    790                       810    -20      778

 COOLING
  YESTERDAY        0                         0      0        0
  MONTH TO DATE    0                         0      0        0
  SINCE SEP 1     87                        80      7       85
  SINCE JAN 1    603                       638    -35      706
..................................................................


WIND (MPH)
  HIGHEST WIND SPEED    17   HIGHEST WIND DIRECTION    SW (210)
  HIGHEST GUST SPEED    20   HIGHEST GUST DIRECTION    SW (220)
  AVERAGE WIND SPEED     8.6


SKY COVER
  POSSIBLE SUNSHINE  MM
  AVERAGE SKY COVER 0.8


WEATHER CONDITIONS
 THE FOLLOWING WEATHER WAS RECORDED YESTERDAY.
  LIGHT SNOW
  FOG
  HAZE


RELATIVE HUMIDITY (PERCENT)
 HIGHEST    75           800 PM
 LOWEST     47          1000 AM
 AVERAGE    61

..........................................................


THE ERIE PA CLIMATE NORMALS FOR TODAY
                         NORMAL    RECORD    YEAR
 MAXIMUM TEMPERATURE (F)   49        70      1931
                                             1928
 MINIMUM TEMPERATURE (F)   36        15      1959


SUNRISE AND SUNSET
NOVEMBER 17 2014......SUNRISE   713 AM EST   SUNSET   458 PM EST
NOVEMBER 18 2014......SUNRISE   714 AM EST   SUNSET   457 PM EST


-  INDICATES NEGATIVE NUMBERS.
R  INDICATES RECORD WAS SET OR TIED.
MM INDICATES DATA IS MISSING.
T  INDICATES TRACE AMOUNT.




$$
