000
CDUS41 KCLE 050545
CLIERI


CLIMATE REPORT
NATIONAL WEATHER SERVICE CLEVELAND OH
145 AM EDT TUE SEP 5 2017


...................................

...THE ERIE PA CLIMATE SUMMARY FOR SEPTEMBER 4 2017...

CLIMATE NORMAL PERIOD 1981 TO 2010
CLIMATE RECORD PERIOD 1873 TO 2017


WEATHER ITEM   OBSERVED TIME   RECORD YEAR NORMAL DEPARTURE LAST
                VALUE   (LST)  VALUE       VALUE  FROM      YEAR
                                                  NORMAL
..................................................................
TEMPERATURE (F)
 YESTERDAY
  MAXIMUM         82    417 PM  97    1953  76      6       78
  MINIMUM         60    140 AM  46    1974  60      0       58
  AVERAGE         71                        68      3       68

PRECIPITATION (IN)
  YESTERDAY        0.31                      0.13   0.18     0.00
  MONTH TO DATE    1.66                      0.52   1.14      T
  SINCE SEP 1      1.66                      0.52   1.14      T
  SINCE JAN 1     33.03                     26.35   6.68    27.06

SNOWFALL (IN)
  YESTERDAY        0.0                       0.0    0.0      0.0
  MONTH TO DATE    0.0                       0.0    0.0      0.0
  SINCE SEP 1      0.0                       0.0    0.0      0.0
  SINCE JUL 1      0.0                       0.0    0.0      0.0
  SNOW DEPTH       0

DEGREE DAYS
 HEATING
  YESTERDAY        0                         1     -1        0
  MONTH TO DATE   16                         4     12        0
  SINCE SEP 1     16                         4     12        0
  SINCE JUL 1     26                        22      4        0

 COOLING
  YESTERDAY        6                         4      2        3
  MONTH TO DATE    6                        16    -10       10
  SINCE SEP 1      6                        16    -10       10
  SINCE JAN 1    568                       574     -6      859
..................................................................


WIND (MPH)
  HIGHEST WIND SPEED    26   HIGHEST WIND DIRECTION     S (190)
  HIGHEST GUST SPEED    36   HIGHEST GUST DIRECTION     S (180)
  AVERAGE WIND SPEED    15.0


SKY COVER
  POSSIBLE SUNSHINE  MM
  AVERAGE SKY COVER 0.1


WEATHER CONDITIONS
 THE FOLLOWING WEATHER WAS RECORDED YESTERDAY.
  THUNDERSTORM
  HEAVY RAIN
  LIGHT RAIN
  FOG


RELATIVE HUMIDITY (PERCENT)
 HIGHEST    90          1200 AM
 LOWEST     46           200 PM
 AVERAGE    68

..........................................................


THE ERIE PA CLIMATE NORMALS FOR TODAY
                         NORMAL    RECORD    YEAR
 MAXIMUM TEMPERATURE (F)   76        92      1881
 MINIMUM TEMPERATURE (F)   59        45      1974


SUNRISE AND SUNSET
SEPTEMBER  5 2017.....SUNRISE   651 AM EDT   SUNSET   747 PM EDT
SEPTEMBER  6 2017.....SUNRISE   652 AM EDT   SUNSET   745 PM EDT


-  INDICATES NEGATIVE NUMBERS.
R  INDICATES RECORD WAS SET OR TIED.
MM INDICATES DATA IS MISSING.
T  INDICATES TRACE AMOUNT.




$$
