000
CDUS41 KCLE 010541
CLIERI


CLIMATE REPORT
NATIONAL WEATHER SERVICE CLEVELAND OH
140 AM EDT WED NOV 1 2017


...................................

...THE ERIE PA CLIMATE SUMMARY FOR OCTOBER 31 2017...

CLIMATE NORMAL PERIOD 1981 TO 2010
CLIMATE RECORD PERIOD 1873 TO 2017


WEATHER ITEM   OBSERVED TIME   RECORD YEAR NORMAL DEPARTURE LAST
                VALUE   (LST)  VALUE       VALUE  FROM      YEAR
                                                  NORMAL
..................................................................
TEMPERATURE (F)
 YESTERDAY
  MAXIMUM         42    956 AM  76    1927  56    -14       53
  MINIMUM         35   1159 PM  24    1975  41     -6       37
  AVERAGE         39                        48     -9       45

PRECIPITATION (IN)
  YESTERDAY        0.05                      0.12  -0.07     0.00
  MONTH TO DATE    4.30                      4.05   0.25     6.24
  SINCE SEP 1      8.13                      8.66  -0.53    12.20
  SINCE JAN 1     39.50                     34.49   5.01    39.26

SNOWFALL (IN)
  YESTERDAY        0.0                       0.0    0.0      0.0
  MONTH TO DATE    0.0                       0.2   -0.2      0.0
  SINCE SEP 1      0.0                       0.2   -0.2      0.0
  SINCE JUL 1      0.0                       0.2   -0.2      0.0
  SNOW DEPTH       0

DEGREE DAYS
 HEATING
  YESTERDAY       26                        17      9       20
  MONTH TO DATE  234                       380   -146      253
  SINCE SEP 1    321                       485   -164      276
  SINCE JUL 1    331                       503   -172      276

 COOLING
  YESTERDAY        0                         0      0        0
  MONTH TO DATE   29                         9     20       30
  SINCE SEP 1    135                        80     55      166
  SINCE JAN 1    697                       638     59     1015
..................................................................


WIND (MPH)
  HIGHEST WIND SPEED    28   HIGHEST WIND DIRECTION    SW (220)
  HIGHEST GUST SPEED    40   HIGHEST GUST DIRECTION    SW (210)
  AVERAGE WIND SPEED    16.3


SKY COVER
  POSSIBLE SUNSHINE  MM
  AVERAGE SKY COVER 0.8


WEATHER CONDITIONS
 THE FOLLOWING WEATHER WAS RECORDED YESTERDAY.
  LIGHT RAIN
  FOG


RELATIVE HUMIDITY (PERCENT)
 HIGHEST    70           500 AM
 LOWEST     54           600 PM
 AVERAGE    62

..........................................................


THE ERIE PA CLIMATE NORMALS FOR TODAY
                         NORMAL    RECORD    YEAR
 MAXIMUM TEMPERATURE (F)   56        82      1950
 MINIMUM TEMPERATURE (F)   41        28      1954


SUNRISE AND SUNSET
NOVEMBER  1 2017......SUNRISE   754 AM EDT   SUNSET   614 PM EDT
NOVEMBER  2 2017......SUNRISE   755 AM EDT   SUNSET   613 PM EDT


-  INDICATES NEGATIVE NUMBERS.
R  INDICATES RECORD WAS SET OR TIED.
MM INDICATES DATA IS MISSING.
T  INDICATES TRACE AMOUNT.




$$
