000
CDUS41 KCLE 250526
CLIERI


CLIMATE REPORT
NATIONAL WEATHER SERVICE CLEVELAND OH
1226 AM EST WED FEB 25 2015


...................................

...THE ERIE PA CLIMATE SUMMARY FOR FEBRUARY 24 2015...

CLIMATE NORMAL PERIOD 1981 TO 2010
CLIMATE RECORD PERIOD 1873 TO 2015


WEATHER ITEM   OBSERVED TIME   RECORD YEAR NORMAL DEPARTURE LAST
                VALUE   (LST)  VALUE       VALUE  FROM      YEAR
                                                  NORMAL
..................................................................
TEMPERATURE (F)
 YESTERDAY
  MAXIMUM         23    625 PM  67    1906  37    -14       25
  MINIMUM         -6    126 AM -10    1889  22    -28       20
  AVERAGE          9                        30    -21       23

PRECIPITATION (IN)
  YESTERDAY        T                         0.09  -0.09     0.04
  MONTH TO DATE    1.92                      2.01  -0.09     3.10
  SINCE DEC 1      8.11                      8.70  -0.59    11.62
  SINCE JAN 1      5.66                      4.96   0.70     5.66

SNOWFALL (IN)
  YESTERDAY        T                         0.6   -0.6      0.6
  MONTH TO DATE   29.9                      15.8   14.1     22.9
  SINCE DEC 1     72.8                      72.9   -0.1     99.0
  SINCE JUL 1     97.8                      81.6   16.2    114.6
  SNOW DEPTH      14

DEGREE DAYS
 HEATING
  YESTERDAY       56                        35     21       42
  MONTH TO DATE 1224                       889    335     1029
  SINCE DEC 1   3440                      3071    369     3411
  SINCE JUL 1   4654                      4227    427     4610

 COOLING
  YESTERDAY        0                         0      0        0
  MONTH TO DATE    0                         0      0        0
  SINCE DEC 1      0                         0      0        0
  SINCE JAN 1      0                         0      0        0
..................................................................


WIND (MPH)
  HIGHEST WIND SPEED    28   HIGHEST WIND DIRECTION    SW (210)
  HIGHEST GUST SPEED    36   HIGHEST GUST DIRECTION     S (190)
  AVERAGE WIND SPEED    14.0


SKY COVER
  POSSIBLE SUNSHINE  MM
  AVERAGE SKY COVER 0.3


WEATHER CONDITIONS
 THE FOLLOWING WEATHER WAS RECORDED YESTERDAY.
  LIGHT SNOW
  HAZE


RELATIVE HUMIDITY (PERCENT)
 HIGHEST    73          1100 PM
 LOWEST     33           100 PM
 AVERAGE    53

..........................................................


THE ERIE PA CLIMATE NORMALS FOR TODAY
                         NORMAL    RECORD    YEAR
 MAXIMUM TEMPERATURE (F)   37        67      1957
 MINIMUM TEMPERATURE (F)   22        -4      1900


SUNRISE AND SUNSET
FEBRUARY 25 2015......SUNRISE   702 AM EST   SUNSET   606 PM EST
FEBRUARY 26 2015......SUNRISE   701 AM EST   SUNSET   607 PM EST


-  INDICATES NEGATIVE NUMBERS.
R  INDICATES RECORD WAS SET OR TIED.
MM INDICATES DATA IS MISSING.
T  INDICATES TRACE AMOUNT.




$$
