000
CDUS41 KCLE 101607
CLIERI


CLIMATE REPORT
NATIONAL WEATHER SERVICE CLEVELAND OH
1104 AM EST SUN DEC 10 2017


...................................

...THE ERIE PA CLIMATE SUMMARY FOR DECEMBER 9 2017...

CLIMATE NORMAL PERIOD 1981 TO 2010
CLIMATE RECORD PERIOD 1873 TO 2017


WEATHER ITEM   OBSERVED TIME   RECORD YEAR NORMAL DEPARTURE LAST
                VALUE   (LST)  VALUE       VALUE  FROM      YEAR
                                                  NORMAL
..................................................................
TEMPERATURE (F)
 YESTERDAY
  MAXIMUM         33    359 PM  65    1885  40     -7       34
  MINIMUM         20    805 AM  -2    1917  29     -9       28
  AVERAGE         27                        34     -7       31

PRECIPITATION (IN)
  YESTERDAY        T                         0.13  -0.13      T
  MONTH TO DATE    0.70                      1.12  -0.42     1.64
  SINCE DEC 1      0.70                      1.12  -0.42     1.64
  SINCE JAN 1     46.67                     39.54   7.13    43.42

SNOWFALL (IN)
  YESTERDAY        T                         0.8   -0.8       T
  MONTH TO DATE    6.4                       6.1    0.3      4.8
  SINCE DEC 1      6.4                       6.1    0.3      4.8
  SINCE JUL 1      6.9                      14.8   -7.9      7.2
  SNOW DEPTH       2

DEGREE DAYS
 HEATING
  YESTERDAY       38                        31      7       34
  MONTH TO DATE  261                       263     -2      249
  SINCE DEC 1    261                       263     -2      249
  SINCE JUL 1   1258                      1419   -161     1029

 COOLING
  YESTERDAY        0                         0      0        0
  MONTH TO DATE    0                         0      0        0
  SINCE DEC 1      0                         0      0        0
  SINCE JAN 1    697                       638     59     1017
..................................................................


WIND (MPH)
  HIGHEST WIND SPEED    18   HIGHEST WIND DIRECTION     S (160)
  HIGHEST GUST SPEED    24   HIGHEST GUST DIRECTION    SE (150)
  AVERAGE WIND SPEED    10.8


SKY COVER
  POSSIBLE SUNSHINE  MM
  AVERAGE SKY COVER 0.7


WEATHER CONDITIONS
 THE FOLLOWING WEATHER WAS RECORDED YESTERDAY.
  HAZE


RELATIVE HUMIDITY (PERCENT)
 HIGHEST    75          1000 PM
 LOWEST     38           300 PM
 AVERAGE    57

..........................................................


THE ERIE PA CLIMATE NORMALS FOR TODAY
                         NORMAL    RECORD    YEAR
 MAXIMUM TEMPERATURE (F)   40        65      1971
 MINIMUM TEMPERATURE (F)   28        -4      1876


SUNRISE AND SUNSET
DECEMBER 10 2017......SUNRISE   738 AM EST   SUNSET   449 PM EST
DECEMBER 11 2017......SUNRISE   739 AM EST   SUNSET   449 PM EST


-  INDICATES NEGATIVE NUMBERS.
R  INDICATES RECORD WAS SET OR TIED.
MM INDICATES DATA IS MISSING.
T  INDICATES TRACE AMOUNT.




$$
