000
CDUS41 KCLE 120545
CLIERI


CLIMATE REPORT
NATIONAL WEATHER SERVICE CLEVELAND OH
145 AM EDT SUN OCT 12 2014


...................................

...THE ERIE PA CLIMATE SUMMARY FOR OCTOBER 11 2014...

CLIMATE NORMAL PERIOD 1981 TO 2010
CLIMATE RECORD PERIOD 1873 TO 2014


WEATHER ITEM   OBSERVED TIME   RECORD YEAR NORMAL DEPARTURE LAST
                VALUE   (LST)  VALUE       VALUE  FROM      YEAR
                                                  NORMAL
..................................................................
TEMPERATURE (F)
 YESTERDAY
  MAXIMUM         55    424 PM  84    1949  62     -7       69
  MINIMUM         40   1159 PM  32    1993  47     -7       47
                                      1964
                                      1956
  AVERAGE         48                        54     -6       58

PRECIPITATION (IN)
  YESTERDAY        0.00                      0.14  -0.14     0.00
  MONTH TO DATE    1.76                      1.59   0.17     2.22
  SINCE SEP 1      4.55                      6.20  -1.65     6.20
  SINCE JAN 1     32.26                     32.03   0.23    40.07

SNOWFALL (IN)
  YESTERDAY        0.0                       0.0    0.0      0.0
  MONTH TO DATE    0.0                       0.0    0.0      0.0
  SINCE SEP 1      0.0                       0.0    0.0      0.0
  SINCE JUL 1      0.0                       0.0    0.0      0.0
  SNOW DEPTH       0

DEGREE DAYS
 HEATING
  YESTERDAY       17                        11      6        7
  MONTH TO DATE  105                       103      2       42
  SINCE SEP 1    204                       209     -5      162
  SINCE JUL 1    222                       227     -5      174

 COOLING
  YESTERDAY        0                         0      0        0
  MONTH TO DATE    2                         7     -5       20
  SINCE SEP 1     82                        78      4       85
  SINCE JAN 1    598                       636    -38      706
..................................................................


WIND (MPH)
  HIGHEST WIND SPEED    12   HIGHEST WIND DIRECTION     N (360)
  HIGHEST GUST SPEED    16   HIGHEST GUST DIRECTION     N (360)
  AVERAGE WIND SPEED     5.1


SKY COVER
  POSSIBLE SUNSHINE  MM
  AVERAGE SKY COVER 0.3


WEATHER CONDITIONS
 THE FOLLOWING WEATHER WAS RECORDED YESTERDAY.
  NO SIGNIFICANT WEATHER WAS OBSERVED.


RELATIVE HUMIDITY (PERCENT)
 HIGHEST    76          1000 PM
 LOWEST     50          1100 AM
 AVERAGE    63

..........................................................


THE ERIE PA CLIMATE NORMALS FOR TODAY
                         NORMAL    RECORD    YEAR
 MAXIMUM TEMPERATURE (F)   62        84      1893
 MINIMUM TEMPERATURE (F)   46        30      1891


SUNRISE AND SUNSET
OCTOBER 12 2014.......SUNRISE   730 AM EDT   SUNSET   644 PM EDT
OCTOBER 13 2014.......SUNRISE   731 AM EDT   SUNSET   642 PM EDT


-  INDICATES NEGATIVE NUMBERS.
R  INDICATES RECORD WAS SET OR TIED.
MM INDICATES DATA IS MISSING.
T  INDICATES TRACE AMOUNT.




$$
