000
CDUS41 KCLE 160529
CLIERI


CLIMATE REPORT
NATIONAL WEATHER SERVICE CLEVELAND OH
1229 AM EST FRI JAN 16 2015


...................................

...THE ERIE PA CLIMATE SUMMARY FOR JANUARY 15 2015...

CLIMATE NORMAL PERIOD 1981 TO 2010
CLIMATE RECORD PERIOD 1873 TO 2015


WEATHER ITEM   OBSERVED TIME   RECORD YEAR NORMAL DEPARTURE LAST
                VALUE   (LST)  VALUE       VALUE  FROM      YEAR
                                                  NORMAL
..................................................................
TEMPERATURE (F)
 YESTERDAY
  MAXIMUM         30   1159 PM  65    1932  34     -4       40
  MINIMUM          6    149 AM  -6    1984  21    -15       25
                                      1970
  AVERAGE         18                        27     -9       33

PRECIPITATION (IN)
  YESTERDAY        T                         0.09  -0.09     0.12
  MONTH TO DATE    2.75                      1.55   1.20     2.03
  SINCE DEC 1      5.20                      5.29  -0.09     7.99
  SINCE JAN 1      2.75                      1.55   1.20     2.03

SNOWFALL (IN)
  YESTERDAY        T                         1.0   -1.0      2.5
  MONTH TO DATE   27.7                      15.3   12.4     17.6
  SINCE DEC 1     33.2                      42.8   -9.6     65.6
  SINCE JUL 1     58.2                      51.5    6.7     81.2
  SNOW DEPTH       7

DEGREE DAYS
 HEATING
  YESTERDAY       47                        38      9       32
  MONTH TO DATE  663                       562    101      585
  SINCE DEC 1   1556                      1574    -18     1628
  SINCE JUL 1   2770                      2730     40     2827

 COOLING
  YESTERDAY        0                         0      0        0
  MONTH TO DATE    0                         0      0        0
  SINCE DEC 1      0                         0      0        0
  SINCE JAN 1      0                         0      0        0
..................................................................


WIND (MPH)
  HIGHEST WIND SPEED    24   HIGHEST WIND DIRECTION     S (200)
  HIGHEST GUST SPEED    33   HIGHEST GUST DIRECTION    SW (220)
  AVERAGE WIND SPEED    12.4


SKY COVER
  POSSIBLE SUNSHINE  MM
  AVERAGE SKY COVER 0.7


WEATHER CONDITIONS
 THE FOLLOWING WEATHER WAS RECORDED YESTERDAY.
  LIGHT SNOW
  FOG


RELATIVE HUMIDITY (PERCENT)
 HIGHEST    88           100 AM
 LOWEST     37           400 PM
 AVERAGE    63

..........................................................


THE ERIE PA CLIMATE NORMALS FOR TODAY
                         NORMAL    RECORD    YEAR
 MAXIMUM TEMPERATURE (F)   34        60      1953
 MINIMUM TEMPERATURE (F)   21        -8      1982


SUNRISE AND SUNSET
JANUARY 16 2015.......SUNRISE   746 AM EST   SUNSET   515 PM EST
JANUARY 17 2015.......SUNRISE   746 AM EST   SUNSET   516 PM EST


-  INDICATES NEGATIVE NUMBERS.
R  INDICATES RECORD WAS SET OR TIED.
MM INDICATES DATA IS MISSING.
T  INDICATES TRACE AMOUNT.




$$
