000
CDUS41 KCLE 010532
CLIERI


CLIMATE REPORT
NATIONAL WEATHER SERVICE CLEVELAND OH
130 AM EDT TUE APR 1 2014


...................................

...THE ERIE PA CLIMATE SUMMARY FOR MARCH 31 2014...

CLIMATE NORMAL PERIOD 1981 TO 2010
CLIMATE RECORD PERIOD 1873 TO 2014


WEATHER ITEM   OBSERVED TIME   RECORD YEAR NORMAL DEPARTURE LAST
                VALUE   (LST)  VALUE       VALUE  FROM      YEAR
                                                  NORMAL
..................................................................
TEMPERATURE (F)
 YESTERDAY
  MAXIMUM         46    338 PM  82    1998  50     -4       55
  MINIMUM         25    643 AM   9    1923  33     -8       42
  AVERAGE         36                        41     -5       49

PRECIPITATION (IN)
  YESTERDAY        0.00                      0.11  -0.11     0.03
  MONTH TO DATE    3.17                      2.95   0.22     2.60
  SINCE MAR 1      3.17                      2.95   0.22     2.60
  SINCE JAN 1      9.08                      8.29   0.79     9.11

SNOWFALL (IN)
  YESTERDAY        0.0                       0.2   -0.2      0.0
  MONTH TO DATE   17.5                      13.7    3.8     25.2
  SINCE MAR 1     17.5                      13.7    3.8     25.2
  SINCE JUL 1    137.1                      97.7   39.4    104.5
  SNOW DEPTH       1

DEGREE DAYS
 HEATING
  YESTERDAY       29                        24      5       16
  MONTH TO DATE 1139                       911    228      995
  SINCE MAR 1   1139                       911    228      995
  SINCE JUL 1   5960                      5276    684     5089

 COOLING
  YESTERDAY        0                         0      0        0
  MONTH TO DATE    0                         1     -1        0
  SINCE MAR 1      0                         1     -1        0
  SINCE JAN 1      0                         1     -1        0
..................................................................


WIND (MPH)
  HIGHEST WIND SPEED    10   HIGHEST WIND DIRECTION    SE (150)
  HIGHEST GUST SPEED    14   HIGHEST GUST DIRECTION    SE (150)
  AVERAGE WIND SPEED     3.5


SKY COVER
  POSSIBLE SUNSHINE  MM
  AVERAGE SKY COVER 0.0


WEATHER CONDITIONS
 THE FOLLOWING WEATHER WAS RECORDED YESTERDAY.
  NO SIGNIFICANT WEATHER WAS OBSERVED.


RELATIVE HUMIDITY (PERCENT)
 HIGHEST    84           200 AM
 LOWEST     31           400 PM
 AVERAGE    58

..........................................................


THE ERIE PA CLIMATE NORMALS FOR TODAY
                         NORMAL    RECORD    YEAR
 MAXIMUM TEMPERATURE (F)   50        82      2010
 MINIMUM TEMPERATURE (F)   33         7      1923


SUNRISE AND SUNSET
APRIL  1 2014.........SUNRISE   703 AM EDT   SUNSET   746 PM EDT
APRIL  2 2014.........SUNRISE   702 AM EDT   SUNSET   748 PM EDT


-  INDICATES NEGATIVE NUMBERS.
R  INDICATES RECORD WAS SET OR TIED.
MM INDICATES DATA IS MISSING.
T  INDICATES TRACE AMOUNT.




$$
