000
CDUS41 KCLE 080533
CLIERI


CLIMATE REPORT
NATIONAL WEATHER SERVICE CLEVELAND OH
1233 AM EST SUN JAN 8 2017


...................................

...THE ERIE PA CLIMATE SUMMARY FOR JANUARY 7 2017...

CLIMATE NORMAL PERIOD 1981 TO 2010
CLIMATE RECORD PERIOD 1873 TO 2017


WEATHER ITEM   OBSERVED TIME   RECORD YEAR NORMAL DEPARTURE LAST
                VALUE   (LST)  VALUE       VALUE  FROM      YEAR
                                                  NORMAL
..................................................................
TEMPERATURE (F)
 YESTERDAY
  MAXIMUM         17   1113 PM  65    2008  34    -17       45
  MINIMUM          8    402 AM -10    2014  21    -13       23
  AVERAGE         13                        28    -15       34

PRECIPITATION (IN)
  YESTERDAY        0.30                      0.10   0.20     0.00
  MONTH TO DATE    1.57                      0.76   0.81     0.34
  SINCE DEC 1      5.45                      4.50   0.95     4.23
  SINCE JAN 1      1.57                      0.76   0.81     0.34

SNOWFALL (IN)
  YESTERDAY        6.0                       1.1    4.9      0.0
  MONTH TO DATE   19.6                       7.3   12.3      6.7
  SINCE DEC 1     41.8                      34.8    7.0     11.6
  SINCE JUL 1     44.2                      43.5    0.7     12.1
  SNOW DEPTH       6

DEGREE DAYS
 HEATING
  YESTERDAY       52                        37     15       31
  MONTH TO DATE  266                       259      7      263
  SINCE DEC 1   1259                      1271    -12      907
  SINCE JUL 1   2039                      2427   -388     1798

 COOLING
  YESTERDAY        0                         0      0        0
  MONTH TO DATE    0                         0      0        0
  SINCE DEC 1      0                         0      0        0
  SINCE JAN 1      0                         0      0        0
..................................................................


WIND (MPH)
  HIGHEST WIND SPEED    25   HIGHEST WIND DIRECTION     W (280)
  HIGHEST GUST SPEED    37   HIGHEST GUST DIRECTION     W (270)
  AVERAGE WIND SPEED    11.9


SKY COVER
  POSSIBLE SUNSHINE  MM
  AVERAGE SKY COVER 0.9


WEATHER CONDITIONS
 THE FOLLOWING WEATHER WAS RECORDED YESTERDAY.
  HEAVY SNOW
  SNOW
  LIGHT SNOW
  FOG
  FOG W/VISIBILITY <= 1/4 MILE
  HAZE


RELATIVE HUMIDITY (PERCENT)
 HIGHEST    84          1000 AM
 LOWEST     61           500 PM
 AVERAGE    73

..........................................................


THE ERIE PA CLIMATE NORMALS FOR TODAY
                         NORMAL    RECORD    YEAR
 MAXIMUM TEMPERATURE (F)   34        67      2008
 MINIMUM TEMPERATURE (F)   21        -6      1970


SUNRISE AND SUNSET
JANUARY  8 2017.......SUNRISE   749 AM EST   SUNSET   507 PM EST
JANUARY  9 2017.......SUNRISE   748 AM EST   SUNSET   508 PM EST


-  INDICATES NEGATIVE NUMBERS.
R  INDICATES RECORD WAS SET OR TIED.
MM INDICATES DATA IS MISSING.
T  INDICATES TRACE AMOUNT.




$$
