000
CDUS41 KCLE 112116
CLIERI


CLIMATE REPORT
NATIONAL WEATHER SERVICE CLEVELAND OH
515 PM EDT MON JUL 11 2016


...................................

...THE ERIE PA CLIMATE SUMMARY FOR JULY 11 2016...
VALID TODAY AS OF 0500 PM LOCAL TIME.

CLIMATE NORMAL PERIOD 1981 TO 2010
CLIMATE RECORD PERIOD 1873 TO 2016


WEATHER ITEM   OBSERVED TIME   RECORD YEAR NORMAL DEPARTURE LAST
                VALUE   (LST)  VALUE       VALUE  FROM      YEAR
                                                  NORMAL
..................................................................
TEMPERATURE (F)
 TODAY
  MAXIMUM         85    407 PM  95    1946  80      5       78
                                      1936
  MINIMUM         62    507 AM  51    1978  64     -2       57
                                      1974
                                      1954
  AVERAGE         74                        72      2       68

PRECIPITATION (IN)
  TODAY            0.00                      0.11  -0.11     0.00
  MONTH TO DATE    2.34                      1.19   1.15     1.82
  SINCE JUN 1      4.18                      4.95  -0.77     7.10
  SINCE JAN 1     16.95                     20.01  -3.06    21.29

SNOWFALL (IN)
  TODAY            0.0                       0.0    0.0      0.0
  MONTH TO DATE    0.0                       0.0    0.0      0.0
  SINCE JUN 1      0.0                       0.0    0.0      0.0
  SINCE JUL 1      0.0                       0.0    0.0      0.0
  SNOW DEPTH      MM

DEGREE DAYS
 HEATING
  TODAY            0                         0      0        0
  MONTH TO DATE    0                         2     -2        6
  SINCE JUN 1     40                        63    -23       43
  SINCE JUL 1      0                         2     -2        6

 COOLING
  TODAY            9                         7      2        3
  MONTH TO DATE   79                        75      4       31
  SINCE JUN 1    230                       198     32      131
  SINCE JAN 1    305                       237     68      243
..................................................................


WIND (MPH)
  HIGHEST WIND SPEED    12   HIGHEST WIND DIRECTION    NE (30)
  HIGHEST GUST SPEED    15   HIGHEST GUST DIRECTION     S (200)


SKY COVER
  POSSIBLE SUNSHINE  MM
  AVERAGE SKY COVER 0.0


WEATHER CONDITIONS
 THE FOLLOWING WEATHER WAS RECORDED TODAY.
  NO SIGNIFICANT WEATHER WAS OBSERVED.


RELATIVE HUMIDITY (PERCENT)
 HIGHEST    84           500 AM
 LOWEST     43          1100 AM
 AVERAGE    64

..........................................................


THE ERIE PA CLIMATE NORMALS FOR TOMORROW
                         NORMAL    RECORD    YEAR
 MAXIMUM TEMPERATURE (F)   80        94      2005
                                             1936
 MINIMUM TEMPERATURE (F)   64        46      1973


SUNRISE AND SUNSET
JULY 11 2016..........SUNRISE   555 AM EDT   SUNSET   857 PM EDT
JULY 12 2016..........SUNRISE   556 AM EDT   SUNSET   856 PM EDT


-  INDICATES NEGATIVE NUMBERS.
R  INDICATES RECORD WAS SET OR TIED.
MM INDICATES DATA IS MISSING.
T  INDICATES TRACE AMOUNT.




$$
