000
CDUS41 KCLE 222111
CLIERI


CLIMATE REPORT
NATIONAL WEATHER SERVICE CLEVELAND OH
511 PM EDT MON JUN 22 2015


...................................

...THE ERIE PA CLIMATE SUMMARY FOR JUNE 22 2015...
VALID TODAY AS OF 0500 PM LOCAL TIME.

CLIMATE NORMAL PERIOD 1981 TO 2010
CLIMATE RECORD PERIOD 1873 TO 2015


WEATHER ITEM   OBSERVED TIME   RECORD YEAR NORMAL DEPARTURE LAST
                VALUE   (LST)  VALUE       VALUE  FROM      YEAR
                                                  NORMAL
..................................................................
TEMPERATURE (F)
 TODAY
  MAXIMUM         86    351 PM  94    1988  78      8       77
  MINIMUM         67    543 AM  44    1958  61      6       56
  AVERAGE         77                        69      8       67

PRECIPITATION (IN)
  TODAY            0.00                      0.12  -0.12     0.00
  MONTH TO DATE    3.09                      2.76   0.33     3.45
  SINCE JUN 1      3.09                      2.76   0.33     3.45
  SINCE JAN 1     17.28                     17.82  -0.54    19.60

SNOWFALL (IN)
  TODAY            0.0                       0.0    0.0      0.0
  MONTH TO DATE    0.0                       0.0    0.0      0.0
  SINCE JUN 1      0.0                       0.0    0.0      0.0
  SINCE JUL 1    110.3                     100.9    9.4    138.4
  SNOW DEPTH       0

DEGREE DAYS
 HEATING
  TODAY            0                         1     -1        0
  MONTH TO DATE   33                        54    -21       30
  SINCE JUN 1     33                        54    -21       30
  SINCE JUL 1   6647                      6140    507     6757

 COOLING
  TODAY           12                         5      7        2
  MONTH TO DATE   89                        77     12       85
  SINCE JUN 1     89                        77     12       85
  SINCE JAN 1    201                       116     85      124
..................................................................


WIND (MPH)
  HIGHEST WIND SPEED    20   HIGHEST WIND DIRECTION     S (200)
  HIGHEST GUST SPEED    24   HIGHEST GUST DIRECTION     S (180)


SKY COVER
  POSSIBLE SUNSHINE  MM
  AVERAGE SKY COVER 0.1


WEATHER CONDITIONS
 THE FOLLOWING WEATHER WAS RECORDED TODAY.
  NO SIGNIFICANT WEATHER WAS OBSERVED.


RELATIVE HUMIDITY (PERCENT)
 HIGHEST    87           100 AM
 LOWEST     40           200 PM
 AVERAGE    64

..........................................................


THE ERIE PA CLIMATE NORMALS FOR TOMORROW
                         NORMAL    RECORD    YEAR
 MAXIMUM TEMPERATURE (F)   78        92      1964
                                             1948
 MINIMUM TEMPERATURE (F)   61        45      1963
                                             1918


SUNRISE AND SUNSET
JUNE 22 2015..........SUNRISE   545 AM EDT   SUNSET   900 PM EDT
JUNE 23 2015..........SUNRISE   545 AM EDT   SUNSET   900 PM EDT


-  INDICATES NEGATIVE NUMBERS.
R  INDICATES RECORD WAS SET OR TIED.
MM INDICATES DATA IS MISSING.
T  INDICATES TRACE AMOUNT.




$$
