000
CDUS41 KCLE 110527
CLIERI


CLIMATE REPORT
NATIONAL WEATHER SERVICE CLEVELAND OH
127 AM EDT MON APR 11 2016


...................................

...THE ERIE PA CLIMATE SUMMARY FOR APRIL 10 2016...

CLIMATE NORMAL PERIOD 1981 TO 2010
CLIMATE RECORD PERIOD 1873 TO 2016


WEATHER ITEM   OBSERVED TIME   RECORD YEAR NORMAL DEPARTURE LAST
                VALUE   (LST)  VALUE       VALUE  FROM      YEAR
                                                  NORMAL
..................................................................
TEMPERATURE (F)
 YESTERDAY
  MAXIMUM         42   1108 PM  82    2011  54    -12       67
  MINIMUM         20R   508 AM  22    1985  36    -16       39
                                      1882
  AVERAGE         31                        45    -14       53

PRECIPITATION (IN)
  YESTERDAY        0.07                      0.12  -0.05     0.17
  MONTH TO DATE    0.82                      1.16  -0.34     1.63
  SINCE MAR 1      3.98                      4.11  -0.13     3.63
  SINCE JAN 1     10.19                      9.45   0.74     9.39

SNOWFALL (IN)
  YESTERDAY        0.2                       0.2    0.0      0.0
  MONTH TO DATE    2.9                       2.0    0.9      0.0
  SINCE MAR 1      4.0                      15.7  -11.7     10.9
  SINCE JUL 1     71.2                      99.7  -28.5    110.3
  SNOW DEPTH       0

DEGREE DAYS
 HEATING
  YESTERDAY       34                        20     14       12
  MONTH TO DATE  284                       218     66      187
  SINCE MAR 1    960                      1129   -169     1233
  SINCE JUL 1   4558                      5494   -936     6109

 COOLING
  YESTERDAY        0                         0      0        0
  MONTH TO DATE    0                         0      0        0
  SINCE MAR 1      0                         1     -1        0
  SINCE JAN 1      0                         1     -1        0
..................................................................


WIND (MPH)
  HIGHEST WIND SPEED    26   HIGHEST WIND DIRECTION     S (160)
  HIGHEST GUST SPEED    36   HIGHEST GUST DIRECTION     S (160)
  AVERAGE WIND SPEED    13.8


SKY COVER
  POSSIBLE SUNSHINE  MM
  AVERAGE SKY COVER 0.7


WEATHER CONDITIONS
 THE FOLLOWING WEATHER WAS RECORDED YESTERDAY.
  LIGHT RAIN
  LT FREEZING RAIN
  LIGHT SNOW
  HAZE


RELATIVE HUMIDITY (PERCENT)
 HIGHEST    77           300 AM
 LOWEST     43          1200 PM
 AVERAGE    60

..........................................................


THE ERIE PA CLIMATE NORMALS FOR TODAY
                         NORMAL    RECORD    YEAR
 MAXIMUM TEMPERATURE (F)   54        85      1945
 MINIMUM TEMPERATURE (F)   37        17      1909


SUNRISE AND SUNSET
APRIL 11 2016.........SUNRISE   646 AM EDT   SUNSET   758 PM EDT
APRIL 12 2016.........SUNRISE   644 AM EDT   SUNSET   759 PM EDT


-  INDICATES NEGATIVE NUMBERS.
R  INDICATES RECORD WAS SET OR TIED.
MM INDICATES DATA IS MISSING.
T  INDICATES TRACE AMOUNT.




$$
