000
CDUS41 KCLE 080552
CLIERI


CLIMATE REPORT
NATIONAL WEATHER SERVICE CLEVELAND OH
1251 AM EST WED MAR 8 2017


...................................

...THE ERIE PA CLIMATE SUMMARY FOR MARCH 7 2017...

CLIMATE NORMAL PERIOD 1981 TO 2010
CLIMATE RECORD PERIOD 1873 TO 2017


WEATHER ITEM   OBSERVED TIME   RECORD YEAR NORMAL DEPARTURE LAST
                VALUE   (LST)  VALUE       VALUE  FROM      YEAR
                                                  NORMAL
..................................................................
TEMPERATURE (F)
 YESTERDAY
  MAXIMUM         59    242 PM  77    1983  40     19       64
  MINIMUM         43    955 PM  -3    1978  25     18       39
  AVERAGE         51                        32     19       52

PRECIPITATION (IN)
  YESTERDAY        0.73                      0.09   0.64     0.00
  MONTH TO DATE    1.15                      0.64   0.51     0.30
  SINCE MAR 1      1.15                      0.64   0.51     0.30
  SINCE JAN 1      8.57                      5.98   2.59     6.51

SNOWFALL (IN)
  YESTERDAY        0.0                       0.6   -0.6      0.0
  MONTH TO DATE    2.2                       3.9   -1.7      1.1
  SINCE MAR 1      2.2                       3.9   -1.7      1.1
  SINCE JUL 1     70.5                      87.9  -17.4     68.3
  SNOW DEPTH       0

DEGREE DAYS
 HEATING
  YESTERDAY       14                        33    -19       13
  MONTH TO DATE  198                       234    -36      236
  SINCE MAR 1    198                       234    -36      236
  SINCE JUL 1   3702                      4599   -897     3834

 COOLING
  YESTERDAY        0                         0      0        0
  MONTH TO DATE    0                         0      0        0
  SINCE MAR 1      0                         0      0        0
  SINCE JAN 1      0                         0      0        0
..................................................................


WIND (MPH)
  HIGHEST WIND SPEED    33   HIGHEST WIND DIRECTION     S (180)
  HIGHEST GUST SPEED    49   HIGHEST GUST DIRECTION     S (170)
  AVERAGE WIND SPEED    18.1


SKY COVER
  POSSIBLE SUNSHINE  MM
  AVERAGE SKY COVER 0.9


WEATHER CONDITIONS
 THE FOLLOWING WEATHER WAS RECORDED YESTERDAY.
  THUNDERSTORM
  RAIN
  LIGHT RAIN
  FOG


RELATIVE HUMIDITY (PERCENT)
 HIGHEST    93           700 PM
 LOWEST     67           600 AM
 AVERAGE    80

..........................................................


THE ERIE PA CLIMATE NORMALS FOR TODAY
                         NORMAL    RECORD    YEAR
 MAXIMUM TEMPERATURE (F)   41        72      2000
 MINIMUM TEMPERATURE (F)   25         0      1999


SUNRISE AND SUNSET
MARCH  8 2017.........SUNRISE   644 AM EST   SUNSET   619 PM EST
MARCH  9 2017.........SUNRISE   642 AM EST   SUNSET   621 PM EST


-  INDICATES NEGATIVE NUMBERS.
R  INDICATES RECORD WAS SET OR TIED.
MM INDICATES DATA IS MISSING.
T  INDICATES TRACE AMOUNT.




$$
