000
CDUS41 KCLE 102121
CLIERI


CLIMATE REPORT
NATIONAL WEATHER SERVICE CLEVELAND OH
520 PM EDT TUE MAY 10 2016


...................................

...THE ERIE PA CLIMATE SUMMARY FOR MAY 10 2016...
VALID TODAY AS OF 0500 PM LOCAL TIME.

CLIMATE NORMAL PERIOD 1981 TO 2010
CLIMATE RECORD PERIOD 1873 TO 2016


WEATHER ITEM   OBSERVED TIME   RECORD YEAR NORMAL DEPARTURE LAST
                VALUE   (LST)  VALUE       VALUE  FROM      YEAR
                                                  NORMAL
..................................................................
TEMPERATURE (F)
 TODAY
  MAXIMUM         59    359 PM  85    2015  65     -6       85
                                      1936
                                      1894
  MINIMUM         43    336 AM  31    2010  46     -3       65
                                      1907
  AVERAGE         51                        56     -5       75

PRECIPITATION (IN)
  TODAY            0.03                      0.10  -0.07     0.09
  MONTH TO DATE    0.84                      1.06  -0.22     0.71
  SINCE MAR 1      5.83                      7.34  -1.51     5.68
  SINCE JAN 1     12.04                     12.68  -0.64    11.44

SNOWFALL (IN)
  TODAY            0.0                       0.0    0.0      0.0
  MONTH TO DATE    0.0                       0.0    0.0      0.0
  SINCE MAR 1      4.0                      16.9  -12.9     10.9
  SINCE JUL 1     71.2                     100.9  -29.7    110.3
  SNOW DEPTH       0

DEGREE DAYS
 HEATING
  TODAY           14                        10      4        0
  MONTH TO DATE  140                       115     25       45
  SINCE MAR 1   1443                      1569   -126     1621
  SINCE JUL 1   5041                      5934   -893     6497

 COOLING
  TODAY            0                         1     -1       10
  MONTH TO DATE    0                         5     -5       32
  SINCE MAR 1      0                        12    -12       32
  SINCE JAN 1      0                        12    -12       32
..................................................................


WIND (MPH)
  HIGHEST WIND SPEED    15   HIGHEST WIND DIRECTION    SE (150)
  HIGHEST GUST SPEED    22   HIGHEST GUST DIRECTION    SE (140)


SKY COVER
  POSSIBLE SUNSHINE  MM
  AVERAGE SKY COVER 0.6


WEATHER CONDITIONS
 THE FOLLOWING WEATHER WAS RECORDED TODAY.
  LIGHT RAIN


RELATIVE HUMIDITY (PERCENT)
 HIGHEST    77          1200 PM
 LOWEST     44           700 AM
 AVERAGE    61

..........................................................


THE ERIE PA CLIMATE NORMALS FOR TOMORROW
                         NORMAL    RECORD    YEAR
 MAXIMUM TEMPERATURE (F)   65        86      1953
 MINIMUM TEMPERATURE (F)   47        31      1966


SUNRISE AND SUNSET
MAY 10 2016...........SUNRISE   605 AM EDT   SUNSET   830 PM EDT
MAY 11 2016...........SUNRISE   604 AM EDT   SUNSET   831 PM EDT


-  INDICATES NEGATIVE NUMBERS.
R  INDICATES RECORD WAS SET OR TIED.
MM INDICATES DATA IS MISSING.
T  INDICATES TRACE AMOUNT.




$$
