000
CDUS41 KCLE 200526
CLIERI


CLIMATE REPORT
NATIONAL WEATHER SERVICE CLEVELAND OH
125 AM EDT SAT JUN 20 2015


...................................

...THE ERIE PA CLIMATE SUMMARY FOR JUNE 19 2015...

CLIMATE NORMAL PERIOD 1981 TO 2010
CLIMATE RECORD PERIOD 1873 TO 2015


WEATHER ITEM   OBSERVED TIME   RECORD YEAR NORMAL DEPARTURE LAST
                VALUE   (LST)  VALUE       VALUE  FROM      YEAR
                                                  NORMAL
..................................................................
TEMPERATURE (F)
 YESTERDAY
  MAXIMUM         72    116 AM  92    1931  77     -5       74
  MINIMUM         58   1147 PM  44    1979  60     -2       57
  AVERAGE         65                        68     -3       66

PRECIPITATION (IN)
  YESTERDAY        T                         0.13  -0.13     0.02
  MONTH TO DATE    3.09                      2.40   0.69     3.45
  SINCE JUN 1      3.09                      2.40   0.69     3.45
  SINCE JAN 1     17.28                     17.46  -0.18    19.60

SNOWFALL (IN)
  YESTERDAY        0.0                       0.0    0.0      0.0
  MONTH TO DATE    0.0                       0.0    0.0      0.0
  SINCE JUN 1      0.0                       0.0    0.0      0.0
  SINCE JUL 1    110.3                     100.9    9.4    138.4
  SNOW DEPTH       0

DEGREE DAYS
 HEATING
  YESTERDAY        0                         1     -1        0
  MONTH TO DATE   33                        51    -18       28
  SINCE JUN 1     33                        51    -18       28
  SINCE JUL 1   6647                      6137    510     6755

 COOLING
  YESTERDAY        0                         5     -5        1
  MONTH TO DATE   68                        62      6       81
  SINCE JUN 1     68                        62      6       81
  SINCE JAN 1    180                       101     79      120
..................................................................


WIND (MPH)
  HIGHEST WIND SPEED    16   HIGHEST WIND DIRECTION    NE (50)
  HIGHEST GUST SPEED    20   HIGHEST GUST DIRECTION    NE (50)
  AVERAGE WIND SPEED     7.8


SKY COVER
  POSSIBLE SUNSHINE  MM
  AVERAGE SKY COVER 0.6


WEATHER CONDITIONS
 THE FOLLOWING WEATHER WAS RECORDED YESTERDAY.
  FOG


RELATIVE HUMIDITY (PERCENT)
 HIGHEST    93           400 AM
 LOWEST     61           500 PM
 AVERAGE    77

..........................................................


THE ERIE PA CLIMATE NORMALS FOR TODAY
                         NORMAL    RECORD    YEAR
 MAXIMUM TEMPERATURE (F)   77        92      1931
 MINIMUM TEMPERATURE (F)   60        42      1970


SUNRISE AND SUNSET
JUNE 20 2015..........SUNRISE   545 AM EDT   SUNSET   900 PM EDT
JUNE 21 2015..........SUNRISE   545 AM EDT   SUNSET   900 PM EDT


-  INDICATES NEGATIVE NUMBERS.
R  INDICATES RECORD WAS SET OR TIED.
MM INDICATES DATA IS MISSING.
T  INDICATES TRACE AMOUNT.




$$
