000
CDUS41 KCLE 062119
CLIERI


CLIMATE REPORT
NATIONAL WEATHER SERVICE CLEVELAND OH
518 PM EDT THU APR 6 2017


...................................

...THE ERIE PA CLIMATE SUMMARY FOR APRIL 6 2017...
VALID TODAY AS OF 0500 PM LOCAL TIME.

CLIMATE NORMAL PERIOD 1981 TO 2010
CLIMATE RECORD PERIOD 1873 TO 2017


WEATHER ITEM   OBSERVED TIME   RECORD YEAR NORMAL DEPARTURE LAST
                VALUE   (LST)  VALUE       VALUE  FROM      YEAR
                                                  NORMAL
..................................................................
TEMPERATURE (F)
 TODAY
  MAXIMUM         60    240 AM  79    1942  52      8       55
                                      1929
                                      1928
  MINIMUM         40    359 PM  16    1982  35      5       28
  AVERAGE         50                        44      6       42

PRECIPITATION (IN)
  TODAY            0.47                      0.11   0.36     0.13
  MONTH TO DATE    0.72                      0.68   0.04     0.43
  SINCE MAR 1      4.81                      3.63   1.18     3.59
  SINCE JAN 1     12.23                      8.97   3.26     9.80

SNOWFALL (IN)
  TODAY            0.0                       0.2   -0.2      0.0
  MONTH TO DATE    0.0                       1.3   -1.3      1.1
  SINCE MAR 1      9.8                      15.0   -5.2      2.2
  SINCE JUL 1     78.1                      99.0  -20.9     69.4
  SNOW DEPTH       0

DEGREE DAYS
 HEATING
  TODAY           15                        22     -7       23
  MONTH TO DATE  100                       136    -36      164
  SINCE MAR 1    996                      1047    -51      840
  SINCE JUL 1   4500                      5412   -912     4438

 COOLING
  TODAY            0                         0      0        0
  MONTH TO DATE    0                         0      0        0
  SINCE MAR 1      0                         1     -1        0
  SINCE JAN 1      0                         1     -1        0
..................................................................


WIND (MPH)
  HIGHEST WIND SPEED    31   HIGHEST WIND DIRECTION    SE (140)
  HIGHEST GUST SPEED    42   HIGHEST GUST DIRECTION    SE (150)


SKY COVER
  POSSIBLE SUNSHINE  MM
  AVERAGE SKY COVER 0.7


WEATHER CONDITIONS
 THE FOLLOWING WEATHER WAS RECORDED TODAY.
  RAIN
  LIGHT RAIN
  FOG


RELATIVE HUMIDITY (PERCENT)
 HIGHEST   100           400 PM
 LOWEST     76          1200 AM
 AVERAGE    88

..........................................................


THE ERIE PA CLIMATE NORMALS FOR TOMORROW
                         NORMAL    RECORD    YEAR
 MAXIMUM TEMPERATURE (F)   53        81      1929
                                             1921
 MINIMUM TEMPERATURE (F)   35        16      1982


SUNRISE AND SUNSET
APRIL  6 2017.........SUNRISE   655 AM EDT   SUNSET   752 PM EDT
APRIL  7 2017.........SUNRISE   653 AM EDT   SUNSET   753 PM EDT


-  INDICATES NEGATIVE NUMBERS.
R  INDICATES RECORD WAS SET OR TIED.
MM INDICATES DATA IS MISSING.
T  INDICATES TRACE AMOUNT.




$$
