000
CDUS41 KCLE 190526
CLIERI


CLIMATE REPORT
NATIONAL WEATHER SERVICE CLEVELAND OH
126 AM EDT THU MAR 19 2015


...................................

...THE ERIE PA CLIMATE SUMMARY FOR MARCH 18 2015...

CLIMATE NORMAL PERIOD 1981 TO 2010
CLIMATE RECORD PERIOD 1873 TO 2015


WEATHER ITEM   OBSERVED TIME   RECORD YEAR NORMAL DEPARTURE LAST
                VALUE   (LST)  VALUE       VALUE  FROM      YEAR
                                                  NORMAL
..................................................................
TEMPERATURE (F)
 YESTERDAY
  MAXIMUM         39    501 PM  75    2012  44     -5       44
                                      1894
  MINIMUM         24    514 AM  -5    1916  28     -4       20
  AVERAGE         32                        36     -4       32

PRECIPITATION (IN)
  YESTERDAY        0.00                      0.10  -0.10     0.00
  MONTH TO DATE    0.84                      1.63  -0.79     1.34
  SINCE MAR 1      0.84                      1.63  -0.79     1.34
  SINCE JAN 1      6.60                      6.97  -0.37     7.25

SNOWFALL (IN)
  YESTERDAY        0.0                       0.4   -0.4      0.0
  MONTH TO DATE    4.6                       9.2   -4.6      9.8
  SINCE MAR 1      4.6                       9.2   -4.6      9.8
  SINCE JUL 1    104.0                      93.2   10.8    129.4
  SNOW DEPTH       0

DEGREE DAYS
 HEATING
  YESTERDAY       33                        29      4       33
  MONTH TO DATE  606                       571     35      716
  SINCE MAR 1    606                       571     35      716
  SINCE JUL 1   5482                      4936    546     5537

 COOLING
  YESTERDAY        0                         0      0        0
  MONTH TO DATE    0                         0      0        0
  SINCE MAR 1      0                         0      0        0
  SINCE JAN 1      0                         0      0        0
..................................................................


WIND (MPH)
  HIGHEST WIND SPEED    22   HIGHEST WIND DIRECTION     W (270)
  HIGHEST GUST SPEED    31   HIGHEST GUST DIRECTION     W (270)
  AVERAGE WIND SPEED     7.9


SKY COVER
  POSSIBLE SUNSHINE  MM
  AVERAGE SKY COVER 0.0


WEATHER CONDITIONS
 THE FOLLOWING WEATHER WAS RECORDED YESTERDAY.
  NO SIGNIFICANT WEATHER WAS OBSERVED.


RELATIVE HUMIDITY (PERCENT)
 HIGHEST    81          1100 PM
 LOWEST     40           300 PM
 AVERAGE    61

..........................................................


THE ERIE PA CLIMATE NORMALS FOR TODAY
                         NORMAL    RECORD    YEAR
 MAXIMUM TEMPERATURE (F)   45        77      1903
 MINIMUM TEMPERATURE (F)   28         2      1967


SUNRISE AND SUNSET
MARCH 19 2015.........SUNRISE   726 AM EDT   SUNSET   732 PM EDT
MARCH 20 2015.........SUNRISE   724 AM EDT   SUNSET   733 PM EDT


-  INDICATES NEGATIVE NUMBERS.
R  INDICATES RECORD WAS SET OR TIED.
MM INDICATES DATA IS MISSING.
T  INDICATES TRACE AMOUNT.




$$
