000
CDUS41 KCLE 140534
CLIERI


CLIMATE REPORT
NATIONAL WEATHER SERVICE CLEVELAND OH
134 AM EDT MON JUL 14 2014


...................................

...THE ERIE PA CLIMATE SUMMARY FOR JULY 13 2014...

CLIMATE NORMAL PERIOD 1981 TO 2010
CLIMATE RECORD PERIOD 1873 TO 2014


WEATHER ITEM   OBSERVED TIME   RECORD YEAR NORMAL DEPARTURE LAST
                VALUE   (LST)  VALUE       VALUE  FROM      YEAR
                                                  NORMAL
..................................................................
TEMPERATURE (F)
 YESTERDAY
  MAXIMUM         81   1200 PM  95    1936  80      1       79
  MINIMUM         70   1159 PM  48    1980  64      6       63
  AVERAGE         76                        72      4       71

PRECIPITATION (IN)
  YESTERDAY        0.08                      0.11  -0.03     0.00
  MONTH TO DATE    2.05                      1.41   0.64     2.26
  SINCE JUN 1      7.04                      5.17   1.87     9.54
  SINCE JAN 1     23.19                     20.23   2.96    26.77

SNOWFALL (IN)
  YESTERDAY        0.0                       0.0    0.0      0.0
  MONTH TO DATE    0.0                       0.0    0.0      0.0
  SINCE JUN 1      0.0                       0.0    0.0      0.0
  SINCE JUL 1      0.0                       0.0    0.0      0.0
  SNOW DEPTH       0

DEGREE DAYS
 HEATING
  YESTERDAY        0                         0      0        0
  MONTH TO DATE    1                         2     -1        0
  SINCE JUN 1     31                        63    -32       68
  SINCE JUL 1      1                         2     -1        0

 COOLING
  YESTERDAY       11                         7      4        6
  MONTH TO DATE   77                        89    -12      107
  SINCE JUN 1    242                       212     30      225
  SINCE JAN 1    281                       251     30      310
..................................................................


WIND (MPH)
  HIGHEST WIND SPEED    26   HIGHEST WIND DIRECTION     W (260)
  HIGHEST GUST SPEED    36   HIGHEST GUST DIRECTION     W (250)
  AVERAGE WIND SPEED    12.0


SKY COVER
  POSSIBLE SUNSHINE  MM
  AVERAGE SKY COVER 0.3


WEATHER CONDITIONS
 THE FOLLOWING WEATHER WAS RECORDED YESTERDAY.
  HEAVY RAIN
  LIGHT RAIN
  HAZE


RELATIVE HUMIDITY (PERCENT)
 HIGHEST    84           600 AM
 LOWEST     56           100 AM
 AVERAGE    70

..........................................................


THE ERIE PA CLIMATE NORMALS FOR TODAY
                         NORMAL    RECORD    YEAR
 MAXIMUM TEMPERATURE (F)   80        92      1936
 MINIMUM TEMPERATURE (F)   64        50      1926


SUNRISE AND SUNSET
JULY 14 2014..........SUNRISE   557 AM EDT   SUNSET   855 PM EDT
JULY 15 2014..........SUNRISE   558 AM EDT   SUNSET   855 PM EDT


-  INDICATES NEGATIVE NUMBERS.
R  INDICATES RECORD WAS SET OR TIED.
MM INDICATES DATA IS MISSING.
T  INDICATES TRACE AMOUNT.




$$
