000
CDUS41 KCLE 160538
CLIERI


CLIMATE REPORT
NATIONAL WEATHER SERVICE CLEVELAND OH
137 AM EDT SAT JUL 16 2016


...................................

...THE ERIE PA CLIMATE SUMMARY FOR JULY 15 2016...

CLIMATE NORMAL PERIOD 1981 TO 2010
CLIMATE RECORD PERIOD 1873 TO 2016


WEATHER ITEM   OBSERVED TIME   RECORD YEAR NORMAL DEPARTURE LAST
                VALUE   (LST)  VALUE       VALUE  FROM      YEAR
                                                  NORMAL
..................................................................
TEMPERATURE (F)
 YESTERDAY
  MAXIMUM         81    225 PM  92    1912  80      1       72
  MINIMUM         70   1159 PM  51    1971  64      6       52
                                      1960
                                      1930
  AVERAGE         76                        72      4       62

PRECIPITATION (IN)
  YESTERDAY        0.12                      0.11   0.01      T
  MONTH TO DATE    2.49                      1.63   0.86     2.11
  SINCE JUN 1      4.33                      5.39  -1.06     7.39
  SINCE JAN 1     17.10                     20.45  -3.35    21.58

SNOWFALL (IN)
  YESTERDAY        0.0                       0.0    0.0      0.0
  MONTH TO DATE    0.0                       0.0    0.0      0.0
  SINCE JUN 1      0.0                       0.0    0.0      0.0
  SINCE JUL 1      0.0                       0.0    0.0      0.0
  SNOW DEPTH       0

DEGREE DAYS
 HEATING
  YESTERDAY        0                         0      0        3
  MONTH TO DATE    0                         2     -2        9
  SINCE JUN 1     40                        63    -23       46
  SINCE JUL 1      0                         2     -2        9

 COOLING
  YESTERDAY       11                         7      4        0
  MONTH TO DATE  135                       103     32       56
  SINCE JUN 1    286                       226     60      156
  SINCE JAN 1    361                       265     96      268
..................................................................


WIND (MPH)
  HIGHEST WIND SPEED    21   HIGHEST WIND DIRECTION     W (270)
  HIGHEST GUST SPEED    32   HIGHEST GUST DIRECTION     W (290)
  AVERAGE WIND SPEED    10.8


SKY COVER
  POSSIBLE SUNSHINE  MM
  AVERAGE SKY COVER 0.4


WEATHER CONDITIONS
 THE FOLLOWING WEATHER WAS RECORDED YESTERDAY.
  HEAVY RAIN
  RAIN
  FOG
  HAZE


RELATIVE HUMIDITY (PERCENT)
 HIGHEST    84           500 AM
 LOWEST     51           200 PM
 AVERAGE    68

..........................................................


THE ERIE PA CLIMATE NORMALS FOR TODAY
                         NORMAL    RECORD    YEAR
 MAXIMUM TEMPERATURE (F)   80        96      1988
 MINIMUM TEMPERATURE (F)   64        49      1957
                                             1954


SUNRISE AND SUNSET
JULY 16 2016..........SUNRISE   559 AM EDT   SUNSET   854 PM EDT
JULY 17 2016..........SUNRISE   600 AM EDT   SUNSET   853 PM EDT


-  INDICATES NEGATIVE NUMBERS.
R  INDICATES RECORD WAS SET OR TIED.
MM INDICATES DATA IS MISSING.
T  INDICATES TRACE AMOUNT.




$$
