000
CDUS41 KCLE 110526
CLIERI


CLIMATE REPORT
NATIONAL WEATHER SERVICE CLEVELAND OH
126 AM EDT SAT OCT 11 2014


...................................

...THE ERIE PA CLIMATE SUMMARY FOR OCTOBER 10 2014...

CLIMATE NORMAL PERIOD 1981 TO 2010
CLIMATE RECORD PERIOD 1873 TO 2014


WEATHER ITEM   OBSERVED TIME   RECORD YEAR NORMAL DEPARTURE LAST
                VALUE   (LST)  VALUE       VALUE  FROM      YEAR
                                                  NORMAL
..................................................................
TEMPERATURE (F)
 YESTERDAY
  MAXIMUM         57    135 PM  88    1949  63     -6       65
  MINIMUM         41    702 AM  29    1972  47     -6       43
  AVERAGE         49                        55     -6       54

PRECIPITATION (IN)
  YESTERDAY        0.00                      0.14  -0.14     0.00
  MONTH TO DATE    1.76                      1.45   0.31     2.22
  SINCE SEP 1      4.55                      6.06  -1.51     6.20
  SINCE JAN 1     32.26                     31.89   0.37    40.07

SNOWFALL (IN)
  YESTERDAY        0.0                       0.0    0.0      0.0
  MONTH TO DATE    0.0                       0.0    0.0      0.0
  SINCE SEP 1      0.0                       0.0    0.0      0.0
  SINCE JUL 1      0.0                       0.0    0.0      0.0
  SNOW DEPTH       0

DEGREE DAYS
 HEATING
  YESTERDAY       16                        11      5       11
  MONTH TO DATE   88                        92     -4       35
  SINCE SEP 1    187                       198    -11      155
  SINCE JUL 1    205                       216    -11      167

 COOLING
  YESTERDAY        0                         0      0        0
  MONTH TO DATE    2                         7     -5       20
  SINCE SEP 1     82                        78      4       85
  SINCE JAN 1    598                       636    -38      706
..................................................................


WIND (MPH)
  HIGHEST WIND SPEED    14   HIGHEST WIND DIRECTION    NE (30)
  HIGHEST GUST SPEED    16   HIGHEST GUST DIRECTION    NE (50)
  AVERAGE WIND SPEED     4.9


SKY COVER
  POSSIBLE SUNSHINE  MM
  AVERAGE SKY COVER 0.2


WEATHER CONDITIONS
 THE FOLLOWING WEATHER WAS RECORDED YESTERDAY.
  NO SIGNIFICANT WEATHER WAS OBSERVED.


RELATIVE HUMIDITY (PERCENT)
 HIGHEST    83           800 AM
 LOWEST     54          1100 PM
 AVERAGE    69

..........................................................


THE ERIE PA CLIMATE NORMALS FOR TODAY
                         NORMAL    RECORD    YEAR
 MAXIMUM TEMPERATURE (F)   62        84      1949
 MINIMUM TEMPERATURE (F)   47        32      1993
                                             1964
                                             1956


SUNRISE AND SUNSET
OCTOBER 11 2014.......SUNRISE   729 AM EDT   SUNSET   645 PM EDT
OCTOBER 12 2014.......SUNRISE   730 AM EDT   SUNSET   644 PM EDT


-  INDICATES NEGATIVE NUMBERS.
R  INDICATES RECORD WAS SET OR TIED.
MM INDICATES DATA IS MISSING.
T  INDICATES TRACE AMOUNT.




$$
