000
CDUS41 KCLE 221209
CLIERI


CLIMATE REPORT
NATIONAL WEATHER SERVICE CLEVELAND OH
808 AM EDT SAT AUG 22 2015


...................................

...THE ERIE PA CLIMATE SUMMARY FOR AUGUST 21 2015...

CLIMATE NORMAL PERIOD 1981 TO 2010
CLIMATE RECORD PERIOD 1873 TO 2015


WEATHER ITEM   OBSERVED TIME   RECORD YEAR NORMAL DEPARTURE LAST
                VALUE   (LST)  VALUE       VALUE  FROM      YEAR
                                                  NORMAL
..................................................................
TEMPERATURE (F)
 YESTERDAY
  MAXIMUM         76   1153 AM  92    1916  78     -2       81
  MINIMUM         59   1159 PM  47    2000  62     -3       67
  AVERAGE         68                        70     -2       74

PRECIPITATION (IN)
  YESTERDAY        0.00                      0.11  -0.11     0.00
  MONTH TO DATE    0.97                      2.38  -1.41     2.68
  SINCE JUN 1      9.04                      9.68  -0.64    10.92
  SINCE JAN 1     23.23                     24.74  -1.51    27.07

SNOWFALL (IN)
  YESTERDAY        0.0                       0.0    0.0      0.0
  MONTH TO DATE    0.0                       0.0    0.0      0.0
  SINCE JUN 1      0.0                       0.0    0.0      0.0
  SINCE JUL 1      0.0                       0.0    0.0      0.0
  SNOW DEPTH       0

DEGREE DAYS
 HEATING
  YESTERDAY        0                         0      0        0
  MONTH TO DATE    0                         0      0       11
  SINCE JUN 1     49                        68    -19       46
  SINCE JUL 1     12                         7      5       16

 COOLING
  YESTERDAY        3                         6     -3        9
  MONTH TO DATE  161                       134     27       94
  SINCE JUN 1    460                       470    -10      404
  SINCE JAN 1    572                       509     63      443
..................................................................


WIND (MPH)
  HIGHEST WIND SPEED    20   HIGHEST WIND DIRECTION     W (260)
  HIGHEST GUST SPEED    29   HIGHEST GUST DIRECTION     W (290)
  AVERAGE WIND SPEED    10.6


SKY COVER
  POSSIBLE SUNSHINE  MM
  AVERAGE SKY COVER 0.4


WEATHER CONDITIONS
 THE FOLLOWING WEATHER WAS RECORDED YESTERDAY.
  NO SIGNIFICANT WEATHER WAS OBSERVED.


RELATIVE HUMIDITY (PERCENT)
 HIGHEST    75          1100 PM
 LOWEST     38           900 AM
 AVERAGE    57

..........................................................


THE ERIE PA CLIMATE NORMALS FOR TODAY
                         NORMAL    RECORD    YEAR
 MAXIMUM TEMPERATURE (F)   78        93      1936
 MINIMUM TEMPERATURE (F)   62        42      1957


SUNRISE AND SUNSET
AUGUST 22 2015........SUNRISE   635 AM EDT   SUNSET   811 PM EDT
AUGUST 23 2015........SUNRISE   637 AM EDT   SUNSET   809 PM EDT


-  INDICATES NEGATIVE NUMBERS.
R  INDICATES RECORD WAS SET OR TIED.
MM INDICATES DATA IS MISSING.
T  INDICATES TRACE AMOUNT.




$$
