000
CDUS41 KCLE 192112
CLIERI


CLIMATE REPORT
NATIONAL WEATHER SERVICE CLEVELAND OH
511 PM EDT SUN JUL 19 2015


...................................

...THE ERIE PA CLIMATE SUMMARY FOR JULY 19 2015...
VALID TODAY AS OF 0500 PM LOCAL TIME.

CLIMATE NORMAL PERIOD 1981 TO 2010
CLIMATE RECORD PERIOD 1873 TO 2015


WEATHER ITEM   OBSERVED TIME   RECORD YEAR NORMAL DEPARTURE LAST
                VALUE   (LST)  VALUE       VALUE  FROM      YEAR
                                                  NORMAL
..................................................................
TEMPERATURE (F)
 TODAY
  MAXIMUM         88    219 PM  93    1946  80      8       69
  MINIMUM         73    536 AM  52    2003  64      9       64
                                      1979
  AVERAGE         81                        72      9       67

PRECIPITATION (IN)
  TODAY            0.00                      0.12  -0.12     0.38
  MONTH TO DATE    2.11                      2.09   0.02     2.49
  SINCE JUN 1      7.39                      5.85   1.54     7.48
  SINCE JAN 1     21.58                     20.91   0.67    23.63

SNOWFALL (IN)
  TODAY            0.0                       0.0    0.0      0.0
  MONTH TO DATE    0.0                       0.0    0.0      0.0
  SINCE JUN 1      0.0                       0.0    0.0      0.0
  SINCE JUL 1      0.0                       0.0    0.0      0.0
  SNOW DEPTH       0

DEGREE DAYS
 HEATING
  TODAY            0                         0      0        0
  MONTH TO DATE   12                         2     10        4
  SINCE JUN 1     49                        63    -14       34
  SINCE JUL 1     12                         2     10        4

 COOLING
  TODAY           16                         7      9        2
  MONTH TO DATE   98                       131    -33       95
  SINCE JUN 1    198                       254    -56      260
  SINCE JAN 1    310                       293     17      299
..................................................................


WIND (MPH)
  HIGHEST WIND SPEED    16   HIGHEST WIND DIRECTION    SW (220)
  HIGHEST GUST SPEED    21   HIGHEST GUST DIRECTION     W (270)


SKY COVER
  POSSIBLE SUNSHINE  MM
  AVERAGE SKY COVER 0.3


WEATHER CONDITIONS
 THE FOLLOWING WEATHER WAS RECORDED TODAY.
  NO SIGNIFICANT WEATHER WAS OBSERVED.


RELATIVE HUMIDITY (PERCENT)
 HIGHEST    84           600 AM
 LOWEST     59           100 PM
 AVERAGE    72

..........................................................


THE ERIE PA CLIMATE NORMALS FOR TOMORROW
                         NORMAL    RECORD    YEAR
 MAXIMUM TEMPERATURE (F)   80        93      1926
 MINIMUM TEMPERATURE (F)   64        50      1965


SUNRISE AND SUNSET
JULY 19 2015..........SUNRISE   601 AM EDT   SUNSET   852 PM EDT
JULY 20 2015..........SUNRISE   602 AM EDT   SUNSET   851 PM EDT


-  INDICATES NEGATIVE NUMBERS.
R  INDICATES RECORD WAS SET OR TIED.
MM INDICATES DATA IS MISSING.
T  INDICATES TRACE AMOUNT.




$$
