000
CDUS41 KCLE 042113
CLIERI


CLIMATE REPORT
NATIONAL WEATHER SERVICE CLEVELAND OH
511 PM EDT TUE APR 4 2017


...................................

...THE ERIE PA CLIMATE SUMMARY FOR APRIL 4 2017...
VALID TODAY AS OF 0500 PM LOCAL TIME.

CLIMATE NORMAL PERIOD 1981 TO 2010
CLIMATE RECORD PERIOD 1873 TO 2017


WEATHER ITEM   OBSERVED TIME   RECORD YEAR NORMAL DEPARTURE LAST
                VALUE   (LST)  VALUE       VALUE  FROM      YEAR
                                                  NORMAL
..................................................................
TEMPERATURE (F)
 TODAY
  MAXIMUM         60    939 AM  77    1928  51      9       44
                                      1892
  MINIMUM         49    359 PM  15    1874  34     15       25
  AVERAGE         55                        43     12       35

PRECIPITATION (IN)
  TODAY            0.07                      0.11  -0.04     0.04
  MONTH TO DATE    0.25                      0.45  -0.20     0.30
  SINCE MAR 1      4.34                      3.40   0.94     3.46
  SINCE JAN 1     11.76                      8.74   3.02     9.67

SNOWFALL (IN)
  TODAY            0.0                       0.2   -0.2      0.2
  MONTH TO DATE    0.0                       0.9   -0.9      1.1
  SINCE MAR 1      9.8                      14.6   -4.8      2.2
  SINCE JUL 1     78.1                      98.6  -20.5     69.4
  SNOW DEPTH       0

DEGREE DAYS
 HEATING
  TODAY           10                        22    -12       30
  MONTH TO DATE   60                        92    -32      105
  SINCE MAR 1    956                      1003    -47      781
  SINCE JUL 1   4460                      5368   -908     4379

 COOLING
  TODAY            0                         0      0        0
  MONTH TO DATE    0                         0      0        0
  SINCE MAR 1      0                         1     -1        0
  SINCE JAN 1      0                         1     -1        0
..................................................................


WIND (MPH)
  HIGHEST WIND SPEED    35   HIGHEST WIND DIRECTION     W (250)
  HIGHEST GUST SPEED    47   HIGHEST GUST DIRECTION     W (250)


SKY COVER
  POSSIBLE SUNSHINE  MM
  AVERAGE SKY COVER 1.0


WEATHER CONDITIONS
 THE FOLLOWING WEATHER WAS RECORDED TODAY.
  RAIN
  LIGHT RAIN
  FOG
  HAZE


RELATIVE HUMIDITY (PERCENT)
 HIGHEST    93          1200 AM
 LOWEST     71          1200 PM
 AVERAGE    82

..........................................................


THE ERIE PA CLIMATE NORMALS FOR TOMORROW
                         NORMAL    RECORD    YEAR
 MAXIMUM TEMPERATURE (F)   52        82      1910
 MINIMUM TEMPERATURE (F)   35        11      1881


SUNRISE AND SUNSET
APRIL  4 2017.........SUNRISE   658 AM EDT   SUNSET   750 PM EDT
APRIL  5 2017.........SUNRISE   656 AM EDT   SUNSET   751 PM EDT


-  INDICATES NEGATIVE NUMBERS.
R  INDICATES RECORD WAS SET OR TIED.
MM INDICATES DATA IS MISSING.
T  INDICATES TRACE AMOUNT.




$$
