000
CDUS41 KCLE 100545
CLIERI


CLIMATE REPORT
NATIONAL WEATHER SERVICE CLEVELAND OH
145 AM EDT SUN APR 10 2016


...................................

...THE ERIE PA CLIMATE SUMMARY FOR APRIL 9 2016...

CLIMATE NORMAL PERIOD 1981 TO 2010
CLIMATE RECORD PERIOD 1873 TO 2016


WEATHER ITEM   OBSERVED TIME   RECORD YEAR NORMAL DEPARTURE LAST
                VALUE   (LST)  VALUE       VALUE  FROM      YEAR
                                                  NORMAL
..................................................................
TEMPERATURE (F)
 YESTERDAY
  MAXIMUM         35    105 AM  79    1969  54    -19       67
  MINIMUM         26   1159 PM  17    1977  36    -10       34
                                      1972
                                      1958
  AVERAGE         31                        45    -14       51

PRECIPITATION (IN)
  YESTERDAY        0.05                      0.12  -0.07     0.41
  MONTH TO DATE    0.71                      1.04  -0.33     1.46
  SINCE MAR 1      3.87                      3.99  -0.12     3.46
  SINCE JAN 1     10.08                      9.33   0.75     9.22

SNOWFALL (IN)
  YESTERDAY       MM                         0.1   MM        0.0
  MONTH TO DATE    1.8                       1.8    0.0      0.0
  SINCE MAR 1      2.9                      15.5  -12.6     10.9
  SINCE JUL 1     70.1                      99.5  -29.4    110.3
  SNOW DEPTH       0

DEGREE DAYS
 HEATING
  YESTERDAY       34                        20     14       14
  MONTH TO DATE  250                       198     52      175
  SINCE MAR 1    926                      1109   -183     1221
  SINCE JUL 1   4524                      5474   -950     6097

 COOLING
  YESTERDAY        0                         0      0        0
  MONTH TO DATE    0                         0      0        0
  SINCE MAR 1      0                         1     -1        0
  SINCE JAN 1      0                         1     -1        0
..................................................................


WIND (MPH)
  HIGHEST WIND SPEED    26   HIGHEST WIND DIRECTION     N (10)
  HIGHEST GUST SPEED    35   HIGHEST GUST DIRECTION    NE (30)
  AVERAGE WIND SPEED    14.4


SKY COVER
  POSSIBLE SUNSHINE  MM
  AVERAGE SKY COVER 0.9


WEATHER CONDITIONS
 THE FOLLOWING WEATHER WAS RECORDED YESTERDAY.
  LIGHT SNOW
  FOG


RELATIVE HUMIDITY (PERCENT)
 HIGHEST    92           300 AM
 LOWEST     45           200 PM
 AVERAGE    69

..........................................................


THE ERIE PA CLIMATE NORMALS FOR TODAY
                         NORMAL    RECORD    YEAR
 MAXIMUM TEMPERATURE (F)   54        82      2011
 MINIMUM TEMPERATURE (F)   36        22      1985
                                             1882


SUNRISE AND SUNSET
APRIL 10 2016.........SUNRISE   647 AM EDT   SUNSET   757 PM EDT
APRIL 11 2016.........SUNRISE   646 AM EDT   SUNSET   758 PM EDT


-  INDICATES NEGATIVE NUMBERS.
R  INDICATES RECORD WAS SET OR TIED.
MM INDICATES DATA IS MISSING.
T  INDICATES TRACE AMOUNT.




$$
