000
CDUS41 KCLE 090529
CLIERI


CLIMATE REPORT
NATIONAL WEATHER SERVICE CLEVELAND OH
1228 AM EST FRI FEB 9 2018


...................................

...THE ERIE PA CLIMATE SUMMARY FOR FEBRUARY 8 2018...

CLIMATE NORMAL PERIOD 1981 TO 2010
CLIMATE RECORD PERIOD 1873 TO 2018


WEATHER ITEM   OBSERVED TIME   RECORD YEAR NORMAL DEPARTURE LAST
                VALUE   (LST)  VALUE       VALUE  FROM      YEAR
                                                  NORMAL
..................................................................
TEMPERATURE (F)
 YESTERDAY
  MAXIMUM         20    342 PM  70    1900  34    -14       49
  MINIMUM          7    327 AM -13    1934  20    -13       25
  AVERAGE         14                        27    -13       37

PRECIPITATION (IN)
  YESTERDAY        0.03                      0.08  -0.05     0.01
  MONTH TO DATE    0.86                      0.66   0.20     0.96
  SINCE DEC 1     11.13                      7.35   3.78     9.72
  SINCE JAN 1      3.58                      3.61  -0.03     5.84

SNOWFALL (IN)
  YESTERDAY        0.6                       0.6    0.0      0.2
  MONTH TO DATE    8.9                       5.8    3.1      4.1
  SINCE DEC 1    152.2                      62.9   89.3     59.7
  SINCE JUL 1    152.7                      71.6   81.1     62.1
  SNOW DEPTH       5

DEGREE DAYS
 HEATING
  YESTERDAY       51                        38     13       28
  MONTH TO DATE  349                       304     45      263
  SINCE DEC 1   2683                      2486    197     2234
  SINCE JUL 1   3680                      3642     38     3014

 COOLING
  YESTERDAY        0                         0      0        0
  MONTH TO DATE    0                         0      0        0
  SINCE DEC 1      0                         0      0        0
  SINCE JAN 1      0                         0      0        0
..................................................................


WIND (MPH)
  HIGHEST WIND SPEED    15   HIGHEST WIND DIRECTION     W (260)
  HIGHEST GUST SPEED    20   HIGHEST GUST DIRECTION     W (260)
  AVERAGE WIND SPEED     7.5


SKY COVER
  POSSIBLE SUNSHINE  MM
  AVERAGE SKY COVER 0.8


WEATHER CONDITIONS
 THE FOLLOWING WEATHER WAS RECORDED YESTERDAY.
  SNOW
  LIGHT SNOW
  FOG
  HAZE


RELATIVE HUMIDITY (PERCENT)
 HIGHEST    88           900 AM
 LOWEST     67           200 PM
 AVERAGE    78

..........................................................


THE ERIE PA CLIMATE NORMALS FOR TODAY
                         NORMAL    RECORD    YEAR
 MAXIMUM TEMPERATURE (F)   34        63      2001
 MINIMUM TEMPERATURE (F)   20       -16      1875


SUNRISE AND SUNSET
FEBRUARY  9 2018......SUNRISE   725 AM EST   SUNSET   546 PM EST
FEBRUARY 10 2018......SUNRISE   723 AM EST   SUNSET   547 PM EST


-  INDICATES NEGATIVE NUMBERS.
R  INDICATES RECORD WAS SET OR TIED.
MM INDICATES DATA IS MISSING.
T  INDICATES TRACE AMOUNT.




$$
