000
CDUS41 KCLE 300527
CLIERI


CLIMATE REPORT
NATIONAL WEATHER SERVICE CLEVELAND OH
126 AM EDT SAT SEP 30 2017


...................................

...THE ERIE PA CLIMATE SUMMARY FOR SEPTEMBER 29 2017...

CLIMATE NORMAL PERIOD 1981 TO 2010
CLIMATE RECORD PERIOD 1873 TO 2017


WEATHER ITEM   OBSERVED TIME   RECORD YEAR NORMAL DEPARTURE LAST
                VALUE   (LST)  VALUE       VALUE  FROM      YEAR
                                                  NORMAL
..................................................................
TEMPERATURE (F)
 YESTERDAY
  MAXIMUM         69   1222 PM  89    1954  67      2       66
  MINIMUM         47    220 AM  35    1969  51     -4       61
  AVERAGE         58                        59     -1       64

PRECIPITATION (IN)
  YESTERDAY        0.01                      0.17  -0.16     0.68
  MONTH TO DATE    3.83                      4.45  -0.62     5.52
  SINCE SEP 1      3.83                      4.45  -0.62     5.52
  SINCE JAN 1     35.20                     30.28   4.92    32.58

SNOWFALL (IN)
  YESTERDAY        0.0                       0.0    0.0      0.0
  MONTH TO DATE    0.0                       0.0    0.0      0.0
  SINCE SEP 1      0.0                       0.0    0.0      0.0
  SINCE JUL 1      0.0                       0.0    0.0      0.0
  SNOW DEPTH       0

DEGREE DAYS
 HEATING
  YESTERDAY        7                         7      0        1
  MONTH TO DATE   73                        97    -24       22
  SINCE SEP 1     73                        97    -24       22
  SINCE JUL 1     83                       115    -32       22

 COOLING
  YESTERDAY        0                         1     -1        0
  MONTH TO DATE  106                        69     37      136
  SINCE SEP 1    106                        69     37      136
  SINCE JAN 1    668                       627     41      985
..................................................................


WIND (MPH)
  HIGHEST WIND SPEED    24   HIGHEST WIND DIRECTION    SW (220)
  HIGHEST GUST SPEED    34   HIGHEST GUST DIRECTION     W (270)
  AVERAGE WIND SPEED    12.7


SKY COVER
  POSSIBLE SUNSHINE  MM
  AVERAGE SKY COVER 0.6


WEATHER CONDITIONS
 THE FOLLOWING WEATHER WAS RECORDED YESTERDAY.
  THUNDERSTORM
  LIGHT RAIN


RELATIVE HUMIDITY (PERCENT)
 HIGHEST    80           200 AM
 LOWEST     52          1200 PM
 AVERAGE    66

..........................................................


THE ERIE PA CLIMATE NORMALS FOR TODAY
                         NORMAL    RECORD    YEAR
 MAXIMUM TEMPERATURE (F)   66        86      1881
 MINIMUM TEMPERATURE (F)   51        37      1899
                                             1895
                                             1888


SUNRISE AND SUNSET
SEPTEMBER 30 2017.....SUNRISE   717 AM EDT   SUNSET   704 PM EDT
OCTOBER  1 2017.......SUNRISE   718 AM EDT   SUNSET   702 PM EDT


-  INDICATES NEGATIVE NUMBERS.
R  INDICATES RECORD WAS SET OR TIED.
MM INDICATES DATA IS MISSING.
T  INDICATES TRACE AMOUNT.




$$
