822
CDUS41 KCLE 052215
CLIERI


CLIMATE REPORT
NATIONAL WEATHER SERVICE CLEVELAND OH
514 PM EST FRI JAN 5 2018


...................................

...THE ERIE PA CLIMATE SUMMARY FOR JANUARY 5 2018...
VALID TODAY AS OF 0500 PM LOCAL TIME.

CLIMATE NORMAL PERIOD 1981 TO 2010
CLIMATE RECORD PERIOD 1873 TO 2018


WEATHER ITEM   OBSERVED TIME   RECORD YEAR NORMAL DEPARTURE LAST
                VALUE   (LST)  VALUE       VALUE  FROM      YEAR
                                                  NORMAL
..................................................................
TEMPERATURE (F)
 TODAY
  MAXIMUM          8    147 PM  66    1997  34    -26       24
  MINIMUM          6    703 AM  -7    1904  22    -16       18
  AVERAGE          7                        28    -21       21

PRECIPITATION (IN)
  TODAY            0.01                      0.11  -0.10     0.24
  MONTH TO DATE    0.39                      0.55  -0.16     0.93
  SINCE DEC 1      7.94                      4.29   3.65     4.81
  SINCE JAN 1      0.39                      0.55  -0.16     0.93

SNOWFALL (IN)
  TODAY            0.3                       1.0   -0.7      5.2
  MONTH TO DATE    8.6                       5.2    3.4      5.7
  SINCE DEC 1    129.9                      32.7   97.2     27.9
  SINCE JUL 1    130.4                      41.4   89.0     30.3
  SNOW DEPTH      12

DEGREE DAYS
 HEATING
  TODAY           58                        37     21       44
  MONTH TO DATE  265                       185     80      163
  SINCE DEC 1   1394                      1197    197     1156
  SINCE JUL 1   2391                      2353     38     1936

 COOLING
  TODAY            0                         0      0        0
  MONTH TO DATE    0                         0      0        0
  SINCE DEC 1      0                         0      0        0
  SINCE JAN 1      0                         0      0        0
..................................................................


WIND (MPH)
  HIGHEST WIND SPEED    18   HIGHEST WIND DIRECTION    NW (300)
  HIGHEST GUST SPEED    26   HIGHEST GUST DIRECTION     W (290)


SKY COVER
  POSSIBLE SUNSHINE  MM
  AVERAGE SKY COVER 1.0


WEATHER CONDITIONS
 THE FOLLOWING WEATHER WAS RECORDED TODAY.
  HEAVY SNOW
  LIGHT SNOW
  HAZE


RELATIVE HUMIDITY (PERCENT)
 HIGHEST    76           500 AM
 LOWEST     63           200 AM
 AVERAGE    70

..........................................................


THE ERIE PA CLIMATE NORMALS FOR TOMORROW
                         NORMAL    RECORD    YEAR
 MAXIMUM TEMPERATURE (F)   34        64      1946
 MINIMUM TEMPERATURE (F)   22        -9      2014


SUNRISE AND SUNSET
JANUARY  5 2018.......SUNRISE   749 AM EST   SUNSET   504 PM EST
JANUARY  6 2018.......SUNRISE   749 AM EST   SUNSET   504 PM EST


-  INDICATES NEGATIVE NUMBERS.
R  INDICATES RECORD WAS SET OR TIED.
MM INDICATES DATA IS MISSING.
T  INDICATES TRACE AMOUNT.




$$
