000
CDUS41 KCLE 052211
CLIERI


CLIMATE REPORT
NATIONAL WEATHER SERVICE CLEVELAND OH
510 PM EST WED NOV 5 2014


...................................

...THE ERIE PA CLIMATE SUMMARY FOR NOVEMBER 5 2014...
VALID TODAY AS OF 0500 PM LOCAL TIME.

CLIMATE NORMAL PERIOD 1981 TO 2010
CLIMATE RECORD PERIOD 1873 TO 2014


WEATHER ITEM   OBSERVED TIME   RECORD YEAR NORMAL DEPARTURE LAST
                VALUE   (LST)  VALUE       VALUE  FROM      YEAR
                                                  NORMAL
..................................................................
TEMPERATURE (F)
 TODAY
  MAXIMUM         53    359 PM  77    1948  54     -1       55
  MINIMUM         45    800 AM  21    1991  40      5       41
  AVERAGE         49                        47      2       48

PRECIPITATION (IN)
  TODAY            0.00                      0.13  -0.13      T
  MONTH TO DATE    0.31                      0.65  -0.34     1.01
  SINCE SEP 1      7.39                      9.31  -1.92    11.20
  SINCE JAN 1     35.10                     35.14  -0.04    45.07

SNOWFALL (IN)
  TODAY            0.0                       0.2   -0.2      0.0
  MONTH TO DATE    T                         0.7   -0.7      0.0
  SINCE SEP 1      T                         0.9   -0.9      0.3
  SINCE JUL 1      T                         0.9   -0.9      0.3
  SNOW DEPTH       0

DEGREE DAYS
 HEATING
  TODAY           16                        18     -2       17
  MONTH TO DATE   87                        87      0      101
  SINCE SEP 1    516                       572    -56      533
  SINCE JUL 1    534                       590    -56      545

 COOLING
  TODAY            0                         0      0        0
  MONTH TO DATE    0                         0      0        0
  SINCE SEP 1     87                        80      7       85
  SINCE JAN 1    603                       638    -35      706
..................................................................


WIND (MPH)
  HIGHEST WIND SPEED    22   HIGHEST WIND DIRECTION     W (250)
  HIGHEST GUST SPEED    29   HIGHEST GUST DIRECTION     W (280)


SKY COVER
  POSSIBLE SUNSHINE  MM
  AVERAGE SKY COVER 0.2


WEATHER CONDITIONS
 THE FOLLOWING WEATHER WAS RECORDED TODAY.
  NO SIGNIFICANT WEATHER WAS OBSERVED.


RELATIVE HUMIDITY (PERCENT)
 HIGHEST    77           100 AM
 LOWEST     54          1000 AM
 AVERAGE    66

..........................................................


THE ERIE PA CLIMATE NORMALS FOR TOMORROW
                         NORMAL    RECORD    YEAR
 MAXIMUM TEMPERATURE (F)   54        74      1948
 MINIMUM TEMPERATURE (F)   40        23      1951


SUNRISE AND SUNSET
NOVEMBER  5 2014......SUNRISE   658 AM EST   SUNSET   510 PM EST
NOVEMBER  6 2014......SUNRISE   700 AM EST   SUNSET   509 PM EST


-  INDICATES NEGATIVE NUMBERS.
R  INDICATES RECORD WAS SET OR TIED.
MM INDICATES DATA IS MISSING.
T  INDICATES TRACE AMOUNT.




$$
