000
CDUS41 KCLE 130529
CLIERI


CLIMATE REPORT
NATIONAL WEATHER SERVICE CLEVELAND OH
1228 AM EST MON FEB 13 2017


...................................

...THE ERIE PA CLIMATE SUMMARY FOR FEBRUARY 12 2017...

CLIMATE NORMAL PERIOD 1981 TO 2010
CLIMATE RECORD PERIOD 1873 TO 2017


WEATHER ITEM   OBSERVED TIME   RECORD YEAR NORMAL DEPARTURE LAST
                VALUE   (LST)  VALUE       VALUE  FROM      YEAR
                                                  NORMAL
..................................................................
TEMPERATURE (F)
 YESTERDAY
  MAXIMUM         39    553 PM  69    1999  35      4       23
  MINIMUM         30   1159 PM -10    1917  21      9       12
  AVERAGE         35                        28      7       18

PRECIPITATION (IN)
  YESTERDAY        0.57                      0.08   0.49     0.12
  MONTH TO DATE    1.64                      0.99   0.65     1.52
  SINCE DEC 1     10.40                      7.68   2.72     7.79
  SINCE JAN 1      6.52                      3.94   2.58     3.90

SNOWFALL (IN)
  YESTERDAY        0.7                       0.6    0.1      3.8
  MONTH TO DATE    7.1                       8.4   -1.3     12.5
  SINCE DEC 1     62.7                      65.5   -2.8     55.8
  SINCE JUL 1     65.1                      74.2   -9.1     56.3
  SNOW DEPTH       0

DEGREE DAYS
 HEATING
  YESTERDAY       30                        37     -7       47
  MONTH TO DATE  398                       453    -55      379
  SINCE DEC 1   2369                      2635   -266     2142
  SINCE JUL 1   3149                      3791   -642     3033

 COOLING
  YESTERDAY        0                         0      0        0
  MONTH TO DATE    0                         0      0        0
  SINCE DEC 1      0                         0      0        0
  SINCE JAN 1      0                         0      0        0
..................................................................


WIND (MPH)
  HIGHEST WIND SPEED    33   HIGHEST WIND DIRECTION     W (280)
  HIGHEST GUST SPEED    51   HIGHEST GUST DIRECTION     W (280)
  AVERAGE WIND SPEED    13.3


SKY COVER
  POSSIBLE SUNSHINE  MM
  AVERAGE SKY COVER 1.0


WEATHER CONDITIONS
 THE FOLLOWING WEATHER WAS RECORDED YESTERDAY.
  LIGHT RAIN
  HEAVY SNOW
  SNOW
  LIGHT SNOW
  FOG
  FOG W/VISIBILITY <= 1/4 MILE
  HAZE


RELATIVE HUMIDITY (PERCENT)
 HIGHEST   100           200 PM
 LOWEST     78          1000 PM
 AVERAGE    89

..........................................................


THE ERIE PA CLIMATE NORMALS FOR TODAY
                         NORMAL    RECORD    YEAR
 MAXIMUM TEMPERATURE (F)   35        63      1990
 MINIMUM TEMPERATURE (F)   21       -10      1914


SUNRISE AND SUNSET
FEBRUARY 13 2017......SUNRISE   719 AM EST   SUNSET   551 PM EST
FEBRUARY 14 2017......SUNRISE   718 AM EST   SUNSET   553 PM EST


-  INDICATES NEGATIVE NUMBERS.
R  INDICATES RECORD WAS SET OR TIED.
MM INDICATES DATA IS MISSING.
T  INDICATES TRACE AMOUNT.




$$
