000
CDUS41 KCLE 070526
CLIERI


CLIMATE REPORT
NATIONAL WEATHER SERVICE CLEVELAND OH
125 AM EDT SUN MAY 7 2017


...................................

...THE ERIE PA CLIMATE SUMMARY FOR MAY 6 2017...

CLIMATE NORMAL PERIOD 1981 TO 2010
CLIMATE RECORD PERIOD 1873 TO 2017


WEATHER ITEM   OBSERVED TIME   RECORD YEAR NORMAL DEPARTURE LAST
                VALUE   (LST)  VALUE       VALUE  FROM      YEAR
                                                  NORMAL
..................................................................
TEMPERATURE (F)
 YESTERDAY
  MAXIMUM         44   1159 PM  84    1999  64    -20       62
                                      1982
                                      1964
  MINIMUM         42    906 AM  31    1968  45     -3       41
                                      1957
  AVERAGE         43                        54    -11       52

PRECIPITATION (IN)
  YESTERDAY        0.44                      0.10   0.34     0.00
  MONTH TO DATE    3.00                      0.63   2.37     0.80
  SINCE MAR 1     10.47                      6.91   3.56     5.79
  SINCE JAN 1     17.89                     12.25   5.64    12.00

SNOWFALL (IN)
  YESTERDAY       MM                         0.0   MM        0.0
  MONTH TO DATE    0.0                       0.0    0.0      0.0
  SINCE MAR 1     10.3                      16.9   -6.6      4.0
  SINCE JUL 1     78.6                     100.9  -22.3     71.2
  SNOW DEPTH       0

DEGREE DAYS
 HEATING
  YESTERDAY       22                        11     11       13
  MONTH TO DATE   95                        73     22       90
  SINCE MAR 1   1371                      1527   -156     1393
  SINCE JUL 1   4875                      5892  -1017     4991

 COOLING
  YESTERDAY        0                         1     -1        0
  MONTH TO DATE    0                         1     -1        0
  SINCE MAR 1      9                         8      1        0
  SINCE JAN 1      9                         8      1        0
..................................................................


WIND (MPH)
  HIGHEST WIND SPEED    21   HIGHEST WIND DIRECTION    NW (320)
  HIGHEST GUST SPEED    31   HIGHEST GUST DIRECTION    NW (330)
  AVERAGE WIND SPEED    12.4


SKY COVER
  POSSIBLE SUNSHINE  MM
  AVERAGE SKY COVER 1.0


WEATHER CONDITIONS
 THE FOLLOWING WEATHER WAS RECORDED YESTERDAY.
  LIGHT RAIN
  FOG


RELATIVE HUMIDITY (PERCENT)
 HIGHEST   100           300 AM
 LOWEST     82           900 PM
 AVERAGE    91

..........................................................


THE ERIE PA CLIMATE NORMALS FOR TODAY
                         NORMAL    RECORD    YEAR
 MAXIMUM TEMPERATURE (F)   64        84      1936
                                             1930
 MINIMUM TEMPERATURE (F)   45        26      1970


SUNRISE AND SUNSET
MAY  7 2017...........SUNRISE   609 AM EDT   SUNSET   827 PM EDT
MAY  8 2017...........SUNRISE   607 AM EDT   SUNSET   828 PM EDT


-  INDICATES NEGATIVE NUMBERS.
R  INDICATES RECORD WAS SET OR TIED.
MM INDICATES DATA IS MISSING.
T  INDICATES TRACE AMOUNT.




$$
