000
CDUS41 KCLE 010545
CLIERI


CLIMATE REPORT
NATIONAL WEATHER SERVICE CLEVELAND OH
145 AM EDT FRI SEP 1 2017


...................................

...THE ERIE PA CLIMATE SUMMARY FOR AUGUST 31 2017...

CLIMATE NORMAL PERIOD 1981 TO 2010
CLIMATE RECORD PERIOD 1873 TO 2017


WEATHER ITEM   OBSERVED TIME   RECORD YEAR NORMAL DEPARTURE LAST
                VALUE   (LST)  VALUE       VALUE  FROM      YEAR
                                                  NORMAL
..................................................................
TEMPERATURE (F)
 YESTERDAY
  MAXIMUM         69    230 PM  93    1881  77     -8       77
  MINIMUM         57   1133 PM  46    1976  61     -4       67
  AVERAGE         63                        69     -6       72

PRECIPITATION (IN)
  YESTERDAY        0.00                      0.11  -0.11     2.01
  MONTH TO DATE    2.18                      3.47  -1.29     8.12
  SINCE JUN 1     11.38                     10.77   0.61    14.29
  SINCE JAN 1     31.37                     25.83   5.54    27.06

SNOWFALL (IN)
  YESTERDAY        0.0                       0.0    0.0      0.0
  MONTH TO DATE    0.0                       0.0    0.0      0.0
  SINCE JUN 1      0.0                       0.0    0.0      0.0
  SINCE JUL 1      0.0                       0.0    0.0      0.0
  SNOW DEPTH       0

DEGREE DAYS
 HEATING
  YESTERDAY        2                         1      1        0
  MONTH TO DATE   10                         6      4        0
  SINCE JUN 1     58                        79    -21       40
  SINCE JUL 1     10                        18     -8        0

 COOLING
  YESTERDAY        0                         4     -4        7
  MONTH TO DATE  169                       183    -14      336
  SINCE JUN 1    518                       519     -1      774
  SINCE JAN 1    562                       558      4      849
..................................................................


WIND (MPH)
  HIGHEST WIND SPEED    22   HIGHEST WIND DIRECTION    NE (30)
  HIGHEST GUST SPEED    27   HIGHEST GUST DIRECTION    NE (30)
  AVERAGE WIND SPEED    11.1


SKY COVER
  POSSIBLE SUNSHINE  MM
  AVERAGE SKY COVER 0.5


WEATHER CONDITIONS
 THE FOLLOWING WEATHER WAS RECORDED YESTERDAY.
  NO SIGNIFICANT WEATHER WAS OBSERVED.


RELATIVE HUMIDITY (PERCENT)
 HIGHEST    93           200 AM
 LOWEST     52           300 PM
 AVERAGE    73

..........................................................


THE ERIE PA CLIMATE NORMALS FOR TODAY
                         NORMAL    RECORD    YEAR
 MAXIMUM TEMPERATURE (F)   77        94      1943
 MINIMUM TEMPERATURE (F)   60        44      1970


SUNRISE AND SUNSET
SEPTEMBER  1 2017.....SUNRISE   646 AM EDT   SUNSET   754 PM EDT
SEPTEMBER  2 2017.....SUNRISE   648 AM EDT   SUNSET   752 PM EDT


-  INDICATES NEGATIVE NUMBERS.
R  INDICATES RECORD WAS SET OR TIED.
MM INDICATES DATA IS MISSING.
T  INDICATES TRACE AMOUNT.




$$
