000
CDUS41 KCLE 130527
CLIERI


CLIMATE REPORT
NATIONAL WEATHER SERVICE CLEVELAND OH
1226 AM EST THU NOV 13 2014


...................................

...THE ERIE PA CLIMATE SUMMARY FOR NOVEMBER 12 2014...

CLIMATE NORMAL PERIOD 1981 TO 2010
CLIMATE RECORD PERIOD 1873 TO 2014


WEATHER ITEM   OBSERVED TIME   RECORD YEAR NORMAL DEPARTURE LAST
                VALUE   (LST)  VALUE       VALUE  FROM      YEAR
                                                  NORMAL
..................................................................
TEMPERATURE (F)
 YESTERDAY
  MAXIMUM         49   1212 AM  71    1911  52     -3       35
  MINIMUM         36   1159 PM  18    1911  38     -2       30
  AVERAGE         43                        45     -2       33

PRECIPITATION (IN)
  YESTERDAY        0.06                      0.12  -0.06     0.09
  MONTH TO DATE    0.54                      1.54  -1.00     2.69
  SINCE SEP 1      7.62                     10.20  -2.58    12.88
  SINCE JAN 1     35.33                     36.03  -0.70    46.75

SNOWFALL (IN)
  YESTERDAY        0.0                       0.2   -0.2      0.8
  MONTH TO DATE    T                         2.0   -2.0      3.1
  SINCE SEP 1      T                         2.2   -2.2      3.4
  SINCE JUL 1      T                         2.2   -2.2      3.4
  SNOW DEPTH       0

DEGREE DAYS
 HEATING
  YESTERDAY       22                        20      2       32
  MONTH TO DATE  212                       222    -10      246
  SINCE SEP 1    641                       707    -66      678
  SINCE JUL 1    659                       725    -66      690

 COOLING
  YESTERDAY        0                         0      0        0
  MONTH TO DATE    0                         0      0        0
  SINCE SEP 1     87                        80      7       85
  SINCE JAN 1    603                       638    -35      706
..................................................................


WIND (MPH)
  HIGHEST WIND SPEED    23   HIGHEST WIND DIRECTION     W (260)
  HIGHEST GUST SPEED    33   HIGHEST GUST DIRECTION     W (290)
  AVERAGE WIND SPEED    13.8


SKY COVER
  POSSIBLE SUNSHINE  MM
  AVERAGE SKY COVER 0.9


WEATHER CONDITIONS
 THE FOLLOWING WEATHER WAS RECORDED YESTERDAY.
  LIGHT RAIN
  FOG
  HAZE


RELATIVE HUMIDITY (PERCENT)
 HIGHEST    76           300 AM
 LOWEST     59          1000 AM
 AVERAGE    68

..........................................................


THE ERIE PA CLIMATE NORMALS FOR TODAY
                         NORMAL    RECORD    YEAR
 MAXIMUM TEMPERATURE (F)   51        71      1989
 MINIMUM TEMPERATURE (F)   38        16      1911


SUNRISE AND SUNSET
NOVEMBER 13 2014......SUNRISE   708 AM EST   SUNSET   501 PM EST
NOVEMBER 14 2014......SUNRISE   710 AM EST   SUNSET   500 PM EST


-  INDICATES NEGATIVE NUMBERS.
R  INDICATES RECORD WAS SET OR TIED.
MM INDICATES DATA IS MISSING.
T  INDICATES TRACE AMOUNT.




$$
