000
CDUS41 KCLE 240546
CLIERI


CLIMATE REPORT
NATIONAL WEATHER SERVICE CLEVELAND OH
145 AM EDT SUN APR 24 2016


...................................

...THE ERIE PA CLIMATE SUMMARY FOR APRIL 23 2016...

CLIMATE NORMAL PERIOD 1981 TO 2010
CLIMATE RECORD PERIOD 1873 TO 2016


WEATHER ITEM   OBSERVED TIME   RECORD YEAR NORMAL DEPARTURE LAST
                VALUE   (LST)  VALUE       VALUE  FROM      YEAR
                                                  NORMAL
..................................................................
TEMPERATURE (F)
 YESTERDAY
  MAXIMUM         51    316 PM  84    1885  59     -8       36
  MINIMUM         37   1159 PM  27    1989  41     -4       32
                                      1978
                                      1930
  AVERAGE         44                        50     -6       34

PRECIPITATION (IN)
  YESTERDAY        0.00                      0.11  -0.11      T
  MONTH TO DATE    1.21                      2.61  -1.40     2.55
  SINCE MAR 1      4.37                      5.56  -1.19     4.55
  SINCE JAN 1     10.58                     10.90  -0.32    10.31

SNOWFALL (IN)
  YESTERDAY        0.0                       0.0    0.0       T
  MONTH TO DATE    2.9                       3.1   -0.2       T
  SINCE MAR 1      4.0                      16.8  -12.8     10.9
  SINCE JUL 1     71.2                     100.8  -29.6    110.3
  SNOW DEPTH       0

DEGREE DAYS
 HEATING
  YESTERDAY       21                        15      6       31
  MONTH TO DATE  490                       444     46      368
  SINCE MAR 1   1166                      1355   -189     1414
  SINCE JUL 1   4764                      5720   -956     6290

 COOLING
  YESTERDAY        0                         0      0        0
  MONTH TO DATE    0                         0      0        0
  SINCE MAR 1      0                         1     -1        0
  SINCE JAN 1      0                         1     -1        0
..................................................................


WIND (MPH)
  HIGHEST WIND SPEED    20   HIGHEST WIND DIRECTION    NE (50)
  HIGHEST GUST SPEED    23   HIGHEST GUST DIRECTION    NE (50)
  AVERAGE WIND SPEED     9.1


SKY COVER
  POSSIBLE SUNSHINE  MM
  AVERAGE SKY COVER 0.5


WEATHER CONDITIONS
 THE FOLLOWING WEATHER WAS RECORDED YESTERDAY.
  FOG


RELATIVE HUMIDITY (PERCENT)
 HIGHEST    93           700 AM
 LOWEST     46           300 PM
 AVERAGE    70

..........................................................


THE ERIE PA CLIMATE NORMALS FOR TODAY
                         NORMAL    RECORD    YEAR
 MAXIMUM TEMPERATURE (F)   60        85      1958
 MINIMUM TEMPERATURE (F)   41        28      2014
                                             2003
                                             1980


SUNRISE AND SUNSET
APRIL 24 2016.........SUNRISE   626 AM EDT   SUNSET   813 PM EDT
APRIL 25 2016.........SUNRISE   624 AM EDT   SUNSET   814 PM EDT


-  INDICATES NEGATIVE NUMBERS.
R  INDICATES RECORD WAS SET OR TIED.
MM INDICATES DATA IS MISSING.
T  INDICATES TRACE AMOUNT.




$$
