000
CDUS41 KCLE 280530
CLIERI


CLIMATE REPORT
NATIONAL WEATHER SERVICE CLEVELAND OH
1230 AM EST SUN JAN 28 2018


...................................

...THE ERIE PA CLIMATE SUMMARY FOR JANUARY 27 2018...

CLIMATE NORMAL PERIOD 1981 TO 2010
CLIMATE RECORD PERIOD 1873 TO 2018


WEATHER ITEM   OBSERVED TIME   RECORD YEAR NORMAL DEPARTURE LAST
                VALUE   (LST)  VALUE       VALUE  FROM      YEAR
                                                  NORMAL
..................................................................
TEMPERATURE (F)
 YESTERDAY
  MAXIMUM         52    245 AM  67    1916  34     18       34
  MINIMUM         40   1159 PM  -5    1936  20     20       29
  AVERAGE         46                        27     19       32

PRECIPITATION (IN)
  YESTERDAY        0.26                      0.08   0.18     0.11
  MONTH TO DATE    2.45                      2.62  -0.17     4.14
  SINCE DEC 1     10.00                      6.36   3.64     8.02
  SINCE JAN 1      2.45                      2.62  -0.17     4.14

SNOWFALL (IN)
  YESTERDAY        0.0                       0.9   -0.9      1.5
  MONTH TO DATE   18.2                      26.3   -8.1     21.7
  SINCE DEC 1    139.1                      53.8   85.3     43.9
  SINCE JUL 1    139.6                      62.5   77.1     46.3
  SNOW DEPTH       0

DEGREE DAYS
 HEATING
  YESTERDAY       19                        38    -19       33
  MONTH TO DATE 1058                      1018     40      827
  SINCE DEC 1   2187                      2030    157     1820
  SINCE JUL 1   3184                      3186     -2     2600

 COOLING
  YESTERDAY        0                         0      0        0
  MONTH TO DATE    0                         0      0        0
  SINCE DEC 1      0                         0      0        0
  SINCE JAN 1      0                         0      0        0
..................................................................


WIND (MPH)
  HIGHEST WIND SPEED    32   HIGHEST WIND DIRECTION     S (200)
  HIGHEST GUST SPEED    43   HIGHEST GUST DIRECTION     S (200)
  AVERAGE WIND SPEED    17.0


SKY COVER
  POSSIBLE SUNSHINE  MM
  AVERAGE SKY COVER 0.7


WEATHER CONDITIONS
 THE FOLLOWING WEATHER WAS RECORDED YESTERDAY.
  LIGHT RAIN
  FOG


RELATIVE HUMIDITY (PERCENT)
 HIGHEST    86           700 PM
 LOWEST     28           400 AM
 AVERAGE    57

..........................................................


THE ERIE PA CLIMATE NORMALS FOR TODAY
                         NORMAL    RECORD    YEAR
 MAXIMUM TEMPERATURE (F)   34        58      1949
                                             1887
 MINIMUM TEMPERATURE (F)   20       -10      1977


SUNRISE AND SUNSET
JANUARY 28 2018.......SUNRISE   737 AM EST   SUNSET   530 PM EST
JANUARY 29 2018.......SUNRISE   737 AM EST   SUNSET   532 PM EST


-  INDICATES NEGATIVE NUMBERS.
R  INDICATES RECORD WAS SET OR TIED.
MM INDICATES DATA IS MISSING.
T  INDICATES TRACE AMOUNT.




$$
