000
CDUS41 KCLE 170528
CLIERI


CLIMATE REPORT
NATIONAL WEATHER SERVICE CLEVELAND OH
1227 AM EST TUE FEB 17 2015


...................................

...THE ERIE PA CLIMATE SUMMARY FOR FEBRUARY 16 2015...

CLIMATE NORMAL PERIOD 1981 TO 2010
CLIMATE RECORD PERIOD 1873 TO 2015


WEATHER ITEM   OBSERVED TIME   RECORD YEAR NORMAL DEPARTURE LAST
                VALUE   (LST)  VALUE       VALUE  FROM      YEAR
                                                  NORMAL
..................................................................
TEMPERATURE (F)
 YESTERDAY
  MAXIMUM          5   1208 PM  70    1883  36    -31       20
  MINIMUM        -18R   644 AM  -8    1904  21    -39        4
  AVERAGE         -6                        28    -34       12

PRECIPITATION (IN)
  YESTERDAY        0.00                      0.08  -0.08     0.03
  MONTH TO DATE    1.51                      1.33   0.18     2.01
  SINCE DEC 1      7.70                      8.02  -0.32    10.53
  SINCE JAN 1      5.25                      4.28   0.97     4.57

SNOWFALL (IN)
  YESTERDAY        0.0                       0.6   -0.6      0.6
  MONTH TO DATE   23.4                      10.9   12.5     19.6
  SINCE DEC 1     66.3                      68.0   -1.7     95.7
  SINCE JUL 1     91.3                      76.7   14.6    111.3
  SNOW DEPTH      12

DEGREE DAYS
 HEATING
  YESTERDAY       71                        37     34       53
  MONTH TO DATE  770                       601    169      776
  SINCE DEC 1   2986                      2783    203     3158
  SINCE JUL 1   4200                      3939    261     4357

 COOLING
  YESTERDAY        0                         0      0        0
  MONTH TO DATE    0                         0      0        0
  SINCE DEC 1      0                         0      0        0
  SINCE JAN 1      0                         0      0        0
..................................................................


WIND (MPH)
  HIGHEST WIND SPEED     9   HIGHEST WIND DIRECTION     E (70)
  HIGHEST GUST SPEED    11   HIGHEST GUST DIRECTION     E (70)
  AVERAGE WIND SPEED     4.0


SKY COVER
  POSSIBLE SUNSHINE  MM
  AVERAGE SKY COVER 0.2


WEATHER CONDITIONS
 THE FOLLOWING WEATHER WAS RECORDED YESTERDAY.
  HAZE


RELATIVE HUMIDITY (PERCENT)
 HIGHEST    86           100 AM
 LOWEST     51          1200 PM
 AVERAGE    69

..........................................................


THE ERIE PA CLIMATE NORMALS FOR TODAY
                         NORMAL    RECORD    YEAR
 MAXIMUM TEMPERATURE (F)   36        62      2006
 MINIMUM TEMPERATURE (F)   21       -12      1973


SUNRISE AND SUNSET
FEBRUARY 17 2015......SUNRISE   714 AM EST   SUNSET   556 PM EST
FEBRUARY 18 2015......SUNRISE   713 AM EST   SUNSET   557 PM EST


-  INDICATES NEGATIVE NUMBERS.
R  INDICATES RECORD WAS SET OR TIED.
MM INDICATES DATA IS MISSING.
T  INDICATES TRACE AMOUNT.




$$
