000
CDUS41 KCLE 032340
CLIERI


CLIMATE REPORT...CORRECTED
NATIONAL WEATHER SERVICE CLEVELAND OH
738 PM EDT WED MAY 3 2017


...................................

...THE ERIE PA CLIMATE SUMMARY FOR MAY 3 2017...
VALID TODAY AS OF 0500 PM LOCAL TIME.

CLIMATE NORMAL PERIOD 1981 TO 2010
CLIMATE RECORD PERIOD 1873 TO 2017


WEATHER ITEM   OBSERVED TIME   RECORD YEAR NORMAL DEPARTURE LAST
                VALUE   (LST)  VALUE       VALUE  FROM      YEAR
                                                  NORMAL
..................................................................
TEMPERATURE (F)
 TODAY
  MAXIMUM         53    359 PM  86    1944  63    -10       52
  MINIMUM         43    741 AM  29    1978  44     -1       41
  AVERAGE         48                        53     -5       47

PRECIPITATION (IN)
  TODAY            0.00                      0.11  -0.11     0.00
  MONTH TO DATE    1.24                      0.31   0.93     0.80
  SINCE MAR 1      8.71                      6.59   2.12     5.79
  SINCE JAN 1     16.13                     11.93   4.20    12.00

SNOWFALL (IN)
  TODAY            0.0                       0.0    0.0      0.0
  MONTH TO DATE    0.0                       0.0    0.0      0.0
  SINCE MAR 1     10.3                      16.9   -6.6      4.0
  SINCE JUL 1     78.6                     100.9  -22.3     71.2
  SNOW DEPTH       0

DEGREE DAYS
 HEATING
  TODAY           17                        12      5       18
  MONTH TO DATE   37                        38     -1       51
  SINCE MAR 1   1313                      1492   -179     1354
  SINCE JUL 1   4817                      5857  -1040     4952

 COOLING
  TODAY            0                         0      0        0
  MONTH TO DATE    0                         0      0        0
  SINCE MAR 1      9                         7      2        0
  SINCE JAN 1      9                         7      2        0
..................................................................


WIND (MPH)
  HIGHEST WIND SPEED    20   HIGHEST WIND DIRECTION     W (260)
  HIGHEST GUST SPEED    30   HIGHEST GUST DIRECTION     W (290)


SKY COVER
  POSSIBLE SUNSHINE  MM
  AVERAGE SKY COVER 0.5


WEATHER CONDITIONS
 THE FOLLOWING WEATHER WAS RECORDED TODAY.
  NO SIGNIFICANT WEATHER WAS OBSERVED.


RELATIVE HUMIDITY (PERCENT)
 HIGHEST    82           500 AM
 LOWEST     46           400 PM
 AVERAGE    64

..........................................................


THE ERIE PA CLIMATE NORMALS FOR TOMORROW
                         NORMAL    RECORD    YEAR
 MAXIMUM TEMPERATURE (F)   63        84      1902
 MINIMUM TEMPERATURE (F)   44        30      1926


SUNRISE AND SUNSET
MAY  3 2017...........SUNRISE   614 AM EDT   SUNSET   822 PM EDT
MAY  4 2017...........SUNRISE   612 AM EDT   SUNSET   823 PM EDT


-  INDICATES NEGATIVE NUMBERS.
R  INDICATES RECORD WAS SET OR TIED.
MM INDICATES DATA IS MISSING.
T  INDICATES TRACE AMOUNT.




$$
