000
CDUS41 KCLE 042120
CLIERI


CLIMATE REPORT
NATIONAL WEATHER SERVICE CLEVELAND OH
520 PM EDT SUN JUN 4 2017


...................................

...THE ERIE PA CLIMATE SUMMARY FOR JUNE 4 2017...
VALID TODAY AS OF 0500 PM LOCAL TIME.

CLIMATE NORMAL PERIOD 1981 TO 2010
CLIMATE RECORD PERIOD 1873 TO 2017


WEATHER ITEM   OBSERVED TIME   RECORD YEAR NORMAL DEPARTURE LAST
                VALUE   (LST)  VALUE       VALUE  FROM      YEAR
                                                  NORMAL
..................................................................
TEMPERATURE (F)
 TODAY
  MAXIMUM         76    359 PM  92    1919  73      3       79
  MINIMUM         62    127 AM  40    2009  55      7       58
  AVERAGE         69                        64      5       69

PRECIPITATION (IN)
  TODAY            0.14                      0.12   0.02     0.09
  MONTH TO DATE    0.14                      0.48  -0.34     0.12
  SINCE JUN 1      0.14                      0.48  -0.34     0.12
  SINCE JAN 1     20.13                     15.54   4.59    12.89

SNOWFALL (IN)
  TODAY            0.0                       0.0    0.0      0.0
  MONTH TO DATE    0.0                       0.0    0.0      0.0
  SINCE JUN 1      0.0                       0.0    0.0      0.0
  SINCE JUL 1     78.6                     100.9  -22.3     71.2
  SNOW DEPTH       0

DEGREE DAYS
 HEATING
  TODAY            0                         4     -4        0
  MONTH TO DATE   14                        16     -2        0
  SINCE JUN 1     14                        16     -2        0
  SINCE JUL 1   5071                      6102  -1031     5170

 COOLING
  TODAY            4                         2      2        4
  MONTH TO DATE    4                         8     -4       19
  SINCE JUN 1      4                         8     -4       19
  SINCE JAN 1     48                        47      1       94
..................................................................


WIND (MPH)
  HIGHEST WIND SPEED    18   HIGHEST WIND DIRECTION     S (180)
  HIGHEST GUST SPEED    25   HIGHEST GUST DIRECTION     S (200)


SKY COVER
  POSSIBLE SUNSHINE  MM
  AVERAGE SKY COVER 0.8


WEATHER CONDITIONS
 THE FOLLOWING WEATHER WAS RECORDED TODAY.
  THUNDERSTORM
  RAIN
  LIGHT RAIN
  FOG
  HAZE


RELATIVE HUMIDITY (PERCENT)
 HIGHEST    73          1200 PM
 LOWEST     40           300 AM
 AVERAGE    57

..........................................................


THE ERIE PA CLIMATE NORMALS FOR TOMORROW
                         NORMAL    RECORD    YEAR
 MAXIMUM TEMPERATURE (F)   73        94      1925
 MINIMUM TEMPERATURE (F)   55        39      1990


SUNRISE AND SUNSET
JUNE  4 2017..........SUNRISE   546 AM EDT   SUNSET   852 PM EDT
JUNE  5 2017..........SUNRISE   546 AM EDT   SUNSET   853 PM EDT


-  INDICATES NEGATIVE NUMBERS.
R  INDICATES RECORD WAS SET OR TIED.
MM INDICATES DATA IS MISSING.
T  INDICATES TRACE AMOUNT.




$$
