000
CDUS41 KCLE 190530
CLIERI


CLIMATE REPORT
NATIONAL WEATHER SERVICE CLEVELAND OH
1227 AM EST SUN NOV 19 2017


...................................

...THE ERIE PA CLIMATE SUMMARY FOR NOVEMBER 18 2017...

CLIMATE NORMAL PERIOD 1981 TO 2010
CLIMATE RECORD PERIOD 1873 TO 2017


WEATHER ITEM   OBSERVED TIME   RECORD YEAR NORMAL DEPARTURE LAST
                VALUE   (LST)  VALUE       VALUE  FROM      YEAR
                                                  NORMAL
..................................................................
TEMPERATURE (F)
 YESTERDAY
  MAXIMUM         55    941 PM  75    2016  49      6       75
  MINIMUM         40   1205 AM  14    2014  36      4       52
                                      1959
  AVERAGE         48                        42      6       64

PRECIPITATION (IN)
  YESTERDAY        0.80                      0.14   0.66     0.00
  MONTH TO DATE    5.69                      2.35   3.34     0.93
  SINCE SEP 1     13.82                     11.01   2.81    13.13
  SINCE JAN 1     45.19                     36.84   8.35    40.19

SNOWFALL (IN)
  YESTERDAY        0.0                       0.3   -0.3      0.0
  MONTH TO DATE    T                         3.5   -3.5      0.0
  SINCE SEP 1      T                         3.7   -3.7      0.0
  SINCE JUL 1      T                         3.7   -3.7      0.0
  SNOW DEPTH       0

DEGREE DAYS
 HEATING
  YESTERDAY       17                        23     -6        1
  MONTH TO DATE  388                       352     36      235
  SINCE SEP 1    709                       837   -128      511
  SINCE JUL 1    719                       855   -136      511

 COOLING
  YESTERDAY        0                         0      0        0
  MONTH TO DATE    0                         0      0        2
  SINCE SEP 1    135                        80     55      168
  SINCE JAN 1    697                       638     59     1017
..................................................................


WIND (MPH)
  HIGHEST WIND SPEED    25   HIGHEST WIND DIRECTION     S (170)
  HIGHEST GUST SPEED    37   HIGHEST GUST DIRECTION     S (160)
  AVERAGE WIND SPEED    15.7


SKY COVER
  POSSIBLE SUNSHINE  MM
  AVERAGE SKY COVER 0.8


WEATHER CONDITIONS
 THE FOLLOWING WEATHER WAS RECORDED YESTERDAY.
  RAIN
  LIGHT RAIN
  FOG


RELATIVE HUMIDITY (PERCENT)
 HIGHEST    93           100 PM
 LOWEST     49           100 AM
 AVERAGE    71

..........................................................


THE ERIE PA CLIMATE NORMALS FOR TODAY
                         NORMAL    RECORD    YEAR
 MAXIMUM TEMPERATURE (F)   49        74      1985
 MINIMUM TEMPERATURE (F)   36        12      2014


SUNRISE AND SUNSET
NOVEMBER 19 2017......SUNRISE   716 AM EST   SUNSET   456 PM EST
NOVEMBER 20 2017......SUNRISE   717 AM EST   SUNSET   455 PM EST


-  INDICATES NEGATIVE NUMBERS.
R  INDICATES RECORD WAS SET OR TIED.
MM INDICATES DATA IS MISSING.
T  INDICATES TRACE AMOUNT.




$$
