315
CDUS41 KCLE 050532
CLIERI


CLIMATE REPORT
NATIONAL WEATHER SERVICE CLEVELAND OH
131 AM EDT THU OCT 5 2017


...................................

...THE ERIE PA CLIMATE SUMMARY FOR OCTOBER 4 2017...

CLIMATE NORMAL PERIOD 1981 TO 2010
CLIMATE RECORD PERIOD 1873 TO 2017


WEATHER ITEM   OBSERVED TIME   RECORD YEAR NORMAL DEPARTURE LAST
                VALUE   (LST)  VALUE       VALUE  FROM      YEAR
                                                  NORMAL
..................................................................
TEMPERATURE (F)
 YESTERDAY
  MAXIMUM         79   1217 PM  89    1951  65     14       70
  MINIMUM         63    436 AM  30    1974  49     14       53
  AVERAGE         71                        57     14       62

PRECIPITATION (IN)
  YESTERDAY        0.30                      0.15   0.15     0.00
  MONTH TO DATE    0.30                      0.59  -0.29     0.54
  SINCE SEP 1      4.13                      5.20  -1.07     6.50
  SINCE JAN 1     35.50                     31.03   4.47    33.56

SNOWFALL (IN)
  YESTERDAY        0.0                       0.0    0.0      0.0
  MONTH TO DATE    0.0                       0.0    0.0      0.0
  SINCE SEP 1      0.0                       0.0    0.0      0.0
  SINCE JUL 1      0.0                       0.0    0.0      0.0
  SNOW DEPTH       0

DEGREE DAYS
 HEATING
  YESTERDAY        0                         9     -9        3
  MONTH TO DATE   18                        33    -15       13
  SINCE SEP 1    105                       139    -34       36
  SINCE JUL 1    115                       157    -42       36

 COOLING
  YESTERDAY        6                         1      5        0
  MONTH TO DATE    9                         4      5        0
  SINCE SEP 1    115                        75     40      136
  SINCE JAN 1    677                       633     44      985
..................................................................


WIND (MPH)
  HIGHEST WIND SPEED    18   HIGHEST WIND DIRECTION    SW (220)
  HIGHEST GUST SPEED    26   HIGHEST GUST DIRECTION    SW (220)
  AVERAGE WIND SPEED    11.2


SKY COVER
  POSSIBLE SUNSHINE  MM
  AVERAGE SKY COVER 0.7


WEATHER CONDITIONS
 THE FOLLOWING WEATHER WAS RECORDED YESTERDAY.
  THUNDERSTORM
  HEAVY RAIN
  RAIN
  LIGHT RAIN
  FOG


RELATIVE HUMIDITY (PERCENT)
 HIGHEST    84           800 PM
 LOWEST     48          1200 AM
 AVERAGE    66

..........................................................


THE ERIE PA CLIMATE NORMALS FOR TODAY
                         NORMAL    RECORD    YEAR
 MAXIMUM TEMPERATURE (F)   64        87      2007
 MINIMUM TEMPERATURE (F)   49        36      1935


SUNRISE AND SUNSET
OCTOBER  5 2017.......SUNRISE   722 AM EDT   SUNSET   655 PM EDT
OCTOBER  6 2017.......SUNRISE   723 AM EDT   SUNSET   653 PM EDT


-  INDICATES NEGATIVE NUMBERS.
R  INDICATES RECORD WAS SET OR TIED.
MM INDICATES DATA IS MISSING.
T  INDICATES TRACE AMOUNT.




$$
