000
CDUS41 KCLE 030528
CLIERI


CLIMATE REPORT
NATIONAL WEATHER SERVICE CLEVELAND OH
1227 AM EST FRI MAR 3 2017


...................................

...THE ERIE PA CLIMATE SUMMARY FOR MARCH 2 2017...

CLIMATE NORMAL PERIOD 1981 TO 2010
CLIMATE RECORD PERIOD 1873 TO 2017


WEATHER ITEM   OBSERVED TIME   RECORD YEAR NORMAL DEPARTURE LAST
                VALUE   (LST)  VALUE       VALUE  FROM      YEAR
                                                  NORMAL
..................................................................
TEMPERATURE (F)
 YESTERDAY
  MAXIMUM         37   1200 AM  70    1991  39     -2       28
  MINIMUM         26   1159 PM  -9    1980  23      3       21
  AVERAGE         32                        31      1       25

PRECIPITATION (IN)
  YESTERDAY        0.02                      0.09  -0.07      T
  MONTH TO DATE    0.17                      0.18  -0.01     0.21
  SINCE MAR 1      0.17                      0.18  -0.01     0.21
  SINCE JAN 1      7.59                      5.52   2.07     6.42

SNOWFALL (IN)
  YESTERDAY        0.4                       0.5   -0.1      0.1
  MONTH TO DATE    0.4                       1.1   -0.7      0.1
  SINCE MAR 1      0.4                       1.1   -0.7      0.1
  SINCE JUL 1     68.7                      85.1  -16.4     67.3
  SNOW DEPTH       0

DEGREE DAYS
 HEATING
  YESTERDAY       33                        34     -1       40
  MONTH TO DATE   48                        68    -20       73
  SINCE MAR 1     48                        68    -20       73
  SINCE JUL 1   3552                      4433   -881     3671

 COOLING
  YESTERDAY        0                         0      0        0
  MONTH TO DATE    0                         0      0        0
  SINCE MAR 1      0                         0      0        0
  SINCE JAN 1      0                         0      0        0
..................................................................


WIND (MPH)
  HIGHEST WIND SPEED    31   HIGHEST WIND DIRECTION     W (260)
  HIGHEST GUST SPEED    45   HIGHEST GUST DIRECTION     W (250)
  AVERAGE WIND SPEED    13.5


SKY COVER
  POSSIBLE SUNSHINE  MM
  AVERAGE SKY COVER 1.0


WEATHER CONDITIONS
 THE FOLLOWING WEATHER WAS RECORDED YESTERDAY.
  LIGHT SNOW
  FOG


RELATIVE HUMIDITY (PERCENT)
 HIGHEST    75           500 AM
 LOWEST     50          1100 PM
 AVERAGE    63

..........................................................


THE ERIE PA CLIMATE NORMALS FOR TODAY
                         NORMAL    RECORD    YEAR
 MAXIMUM TEMPERATURE (F)   39        75      1974
 MINIMUM TEMPERATURE (F)   24        -4      2014


SUNRISE AND SUNSET
MARCH  3 2017.........SUNRISE   652 AM EST   SUNSET   614 PM EST
MARCH  4 2017.........SUNRISE   651 AM EST   SUNSET   615 PM EST


-  INDICATES NEGATIVE NUMBERS.
R  INDICATES RECORD WAS SET OR TIED.
MM INDICATES DATA IS MISSING.
T  INDICATES TRACE AMOUNT.




$$
