000
CDUS41 KCLE 231113
CLIERI


CLIMATE REPORT
NATIONAL WEATHER SERVICE CLEVELAND OH
712 AM EDT SAT APR 23 2016


...................................

...THE ERIE PA CLIMATE SUMMARY FOR APRIL 22 2016...

CLIMATE NORMAL PERIOD 1981 TO 2010
CLIMATE RECORD PERIOD 1873 TO 2016


WEATHER ITEM   OBSERVED TIME   RECORD YEAR NORMAL DEPARTURE LAST
                VALUE   (LST)  VALUE       VALUE  FROM      YEAR
                                                  NORMAL
..................................................................
TEMPERATURE (F)
 YESTERDAY
  MAXIMUM         67   1215 PM  85    1902  59      8       47
  MINIMUM         48   1159 PM  26    1978  40      8       35
                                      1975
                                      1959
  AVERAGE         58                        50      8       41

PRECIPITATION (IN)
  YESTERDAY        T                         0.10  -0.10     0.06
  MONTH TO DATE    1.21                      2.50  -1.29     2.55
  SINCE MAR 1      4.37                      5.45  -1.08     4.55
  SINCE JAN 1     10.58                     10.79  -0.21    10.31

SNOWFALL (IN)
  YESTERDAY        0.0                       0.0    0.0       T
  MONTH TO DATE    2.9                       3.1   -0.2       T
  SINCE MAR 1      4.0                      16.8  -12.8     10.9
  SINCE JUL 1     71.2                     100.8  -29.6    110.3
  SNOW DEPTH       0

DEGREE DAYS
 HEATING
  YESTERDAY        7                        16     -9       24
  MONTH TO DATE  469                       429     40      337
  SINCE MAR 1   1145                      1340   -195     1383
  SINCE JUL 1   4743                      5705   -962     6259

 COOLING
  YESTERDAY        0                         0      0        0
  MONTH TO DATE    0                         0      0        0
  SINCE MAR 1      0                         1     -1        0
  SINCE JAN 1      0                         1     -1        0
..................................................................


WIND (MPH)
  HIGHEST WIND SPEED    20   HIGHEST WIND DIRECTION    NE (50)
  HIGHEST GUST SPEED    26   HIGHEST GUST DIRECTION    NE (50)
  AVERAGE WIND SPEED     9.5


SKY COVER
  POSSIBLE SUNSHINE  MM
  AVERAGE SKY COVER 0.6


WEATHER CONDITIONS
 THE FOLLOWING WEATHER WAS RECORDED YESTERDAY.
  LIGHT RAIN
  FOG
  HAZE


RELATIVE HUMIDITY (PERCENT)
 HIGHEST    83           900 PM
 LOWEST     65           200 AM
 AVERAGE    74

..........................................................


THE ERIE PA CLIMATE NORMALS FOR TODAY
                         NORMAL    RECORD    YEAR
 MAXIMUM TEMPERATURE (F)   59        84      1885
 MINIMUM TEMPERATURE (F)   41        27      1989
                                             1978
                                             1930


SUNRISE AND SUNSET
APRIL 23 2016.........SUNRISE   627 AM EDT   SUNSET   811 PM EDT
APRIL 24 2016.........SUNRISE   626 AM EDT   SUNSET   813 PM EDT


-  INDICATES NEGATIVE NUMBERS.
R  INDICATES RECORD WAS SET OR TIED.
MM INDICATES DATA IS MISSING.
T  INDICATES TRACE AMOUNT.




$$
