000
CDUS41 KCLE 052228
CLIERI


CLIMATE REPORT
NATIONAL WEATHER SERVICE CLEVELAND OH
528 PM EST THU JAN 5 2017


...................................

...THE ERIE PA CLIMATE SUMMARY FOR JANUARY 5 2017...
VALID TODAY AS OF 0500 PM LOCAL TIME.

CLIMATE NORMAL PERIOD 1981 TO 2010
CLIMATE RECORD PERIOD 1873 TO 2017


WEATHER ITEM   OBSERVED TIME   RECORD YEAR NORMAL DEPARTURE LAST
                VALUE   (LST)  VALUE       VALUE  FROM      YEAR
                                                  NORMAL
..................................................................
TEMPERATURE (F)
 TODAY
  MAXIMUM         24    105 AM  66    1997  34    -10       27
  MINIMUM         18    606 AM  -7    1904  22     -4        8
  AVERAGE         21                        28     -7       18

PRECIPITATION (IN)
  TODAY            0.11                      0.11   0.00     0.01
  MONTH TO DATE    0.80                      0.55   0.25     0.34
  SINCE DEC 1      4.68                      4.29   0.39     4.23
  SINCE JAN 1      0.80                      0.55   0.25     0.34

SNOWFALL (IN)
  TODAY            2.6                       1.0    1.6      0.2
  MONTH TO DATE    3.1                       5.2   -2.1      6.7
  SINCE DEC 1     25.3                      32.7   -7.4     11.6
  SINCE JUL 1     27.7                      41.4  -13.7     12.1
  SNOW DEPTH       2

DEGREE DAYS
 HEATING
  TODAY           44                        37      7       47
  MONTH TO DATE  163                       185    -22      197
  SINCE DEC 1   1156                      1197    -41      841
  SINCE JUL 1   1936                      2353   -417     1732

 COOLING
  TODAY            0                         0      0        0
  MONTH TO DATE    0                         0      0        0
  SINCE DEC 1      0                         0      0        0
  SINCE JAN 1      0                         0      0        0
..................................................................


WIND (MPH)
  HIGHEST WIND SPEED    28   HIGHEST WIND DIRECTION     W (260)
  HIGHEST GUST SPEED    39   HIGHEST GUST DIRECTION     W (260)


SKY COVER
  POSSIBLE SUNSHINE  MM
  AVERAGE SKY COVER 1.0


WEATHER CONDITIONS
 THE FOLLOWING WEATHER WAS RECORDED TODAY.
  LIGHT SNOW
  FOG
  HAZE


RELATIVE HUMIDITY (PERCENT)
 HIGHEST    77           500 AM
 LOWEST     71          1200 AM
 AVERAGE    74

..........................................................


THE ERIE PA CLIMATE NORMALS FOR TOMORROW
                         NORMAL    RECORD    YEAR
 MAXIMUM TEMPERATURE (F)   34        64      1946
 MINIMUM TEMPERATURE (F)   22        -9      2014


SUNRISE AND SUNSET
JANUARY  5 2017.......SUNRISE   749 AM EST   SUNSET   504 PM EST
JANUARY  6 2017.......SUNRISE   749 AM EST   SUNSET   505 PM EST


-  INDICATES NEGATIVE NUMBERS.
R  INDICATES RECORD WAS SET OR TIED.
MM INDICATES DATA IS MISSING.
T  INDICATES TRACE AMOUNT.




$$
