000
CDUS41 KCLE 262113
CLIERI


CLIMATE REPORT
NATIONAL WEATHER SERVICE CLEVELAND OH
512 PM EDT TUE SEP 26 2017


...................................

...THE ERIE PA CLIMATE SUMMARY FOR SEPTEMBER 26 2017...
VALID TODAY AS OF 0500 PM LOCAL TIME.

CLIMATE NORMAL PERIOD 1981 TO 2010
CLIMATE RECORD PERIOD 1873 TO 2017


WEATHER ITEM   OBSERVED TIME   RECORD YEAR NORMAL DEPARTURE LAST
                VALUE   (LST)  VALUE       VALUE  FROM      YEAR
                                                  NORMAL
..................................................................
TEMPERATURE (F)
 TODAY
  MAXIMUM         86    155 PM  89    1998  68     18       67
  MINIMUM         69    653 AM  36    1957  52     17       57
  AVERAGE         78                        60     18       62

PRECIPITATION (IN)
  TODAY            0.00                      0.17  -0.17     0.37
  MONTH TO DATE    3.82                      3.94  -0.12     4.84
  SINCE SEP 1      3.82                      3.94  -0.12     4.84
  SINCE JAN 1     35.19                     29.77   5.42    31.90

SNOWFALL (IN)
  TODAY            0.0                       0.0    0.0      0.0
  MONTH TO DATE    0.0                       0.0    0.0      0.0
  SINCE SEP 1      0.0                       0.0    0.0      0.0
  SINCE JUL 1      0.0                       0.0    0.0      0.0
  SNOW DEPTH       0

DEGREE DAYS
 HEATING
  TODAY            0                         6     -6        3
  MONTH TO DATE   63                        77    -14       19
  SINCE SEP 1     63                        77    -14       19
  SINCE JUL 1     73                        95    -22       19

 COOLING
  TODAY           13                         1     12        0
  MONTH TO DATE   97                        66     31      135
  SINCE SEP 1     97                        66     31      135
  SINCE JAN 1    659                       624     35      984
..................................................................


WIND (MPH)
  HIGHEST WIND SPEED    10   HIGHEST WIND DIRECTION    NW (320)
  HIGHEST GUST SPEED    13   HIGHEST GUST DIRECTION    NW (320)


SKY COVER
  POSSIBLE SUNSHINE  MM
  AVERAGE SKY COVER 0.0


WEATHER CONDITIONS
 THE FOLLOWING WEATHER WAS RECORDED TODAY.
  NO SIGNIFICANT WEATHER WAS OBSERVED.


RELATIVE HUMIDITY (PERCENT)
 HIGHEST    84           500 AM
 LOWEST     48          1100 AM
 AVERAGE    66

..........................................................


THE ERIE PA CLIMATE NORMALS FOR TOMORROW
                         NORMAL    RECORD    YEAR
 MAXIMUM TEMPERATURE (F)   68        85      1923
                                             1916
 MINIMUM TEMPERATURE (F)   52        33      1957


SUNRISE AND SUNSET
SEPTEMBER 26 2017.....SUNRISE   713 AM EDT   SUNSET   711 PM EDT
SEPTEMBER 27 2017.....SUNRISE   714 AM EDT   SUNSET   709 PM EDT


-  INDICATES NEGATIVE NUMBERS.
R  INDICATES RECORD WAS SET OR TIED.
MM INDICATES DATA IS MISSING.
T  INDICATES TRACE AMOUNT.




$$
