915
CDUS41 KCLE 110526
CLIERI


CLIMATE REPORT
NATIONAL WEATHER SERVICE CLEVELAND OH
125 AM EDT TUE APR 11 2017


...................................

...THE ERIE PA CLIMATE SUMMARY FOR APRIL 10 2017...

CLIMATE NORMAL PERIOD 1981 TO 2010
CLIMATE RECORD PERIOD 1873 TO 2017


WEATHER ITEM   OBSERVED TIME   RECORD YEAR NORMAL DEPARTURE LAST
                VALUE   (LST)  VALUE       VALUE  FROM      YEAR
                                                  NORMAL
..................................................................
TEMPERATURE (F)
 YESTERDAY
  MAXIMUM         79    525 PM  82    2011  54     25       42
  MINIMUM         57    602 PM  20    2016  36     21       20
  AVERAGE         68                        45     23       31

PRECIPITATION (IN)
  YESTERDAY        0.00                      0.12  -0.12     0.07
  MONTH TO DATE    1.31                      1.16   0.15     0.82
  SINCE MAR 1      5.40                      4.11   1.29     3.98
  SINCE JAN 1     12.82                      9.45   3.37    10.19

SNOWFALL (IN)
  YESTERDAY        0.0                       0.2   -0.2      0.2
  MONTH TO DATE    0.5                       2.0   -1.5      2.9
  SINCE MAR 1     10.3                      15.7   -5.4      4.0
  SINCE JUL 1     78.6                      99.7  -21.1     71.2
  SNOW DEPTH       0

DEGREE DAYS
 HEATING
  YESTERDAY        0                        20    -20       34
  MONTH TO DATE  161                       218    -57      284
  SINCE MAR 1   1057                      1129    -72      960
  SINCE JUL 1   4561                      5494   -933     4558

 COOLING
  YESTERDAY        3                         0      3        0
  MONTH TO DATE    3                         0      3        0
  SINCE MAR 1      3                         1      2        0
  SINCE JAN 1      3                         1      2        0
..................................................................


WIND (MPH)
  HIGHEST WIND SPEED    29   HIGHEST WIND DIRECTION     S (180)
  HIGHEST GUST SPEED    38   HIGHEST GUST DIRECTION     S (190)
  AVERAGE WIND SPEED    14.7


SKY COVER
  POSSIBLE SUNSHINE  MM
  AVERAGE SKY COVER 0.5


WEATHER CONDITIONS
 THE FOLLOWING WEATHER WAS RECORDED YESTERDAY.
  NO SIGNIFICANT WEATHER WAS OBSERVED.


RELATIVE HUMIDITY (PERCENT)
 HIGHEST    78          1100 PM
 LOWEST     24           300 AM
 AVERAGE    51

..........................................................


THE ERIE PA CLIMATE NORMALS FOR TODAY
                         NORMAL    RECORD    YEAR
 MAXIMUM TEMPERATURE (F)   54        85      1945
 MINIMUM TEMPERATURE (F)   37        17      1909


SUNRISE AND SUNSET
APRIL 11 2017.........SUNRISE   646 AM EDT   SUNSET   758 PM EDT
APRIL 12 2017.........SUNRISE   645 AM EDT   SUNSET   759 PM EDT


-  INDICATES NEGATIVE NUMBERS.
R  INDICATES RECORD WAS SET OR TIED.
MM INDICATES DATA IS MISSING.
T  INDICATES TRACE AMOUNT.




$$
