000
CDUS41 KCLE 090543
CLIERI


CLIMATE REPORT
NATIONAL WEATHER SERVICE CLEVELAND OH
143 AM EDT SAT APR 9 2016


...................................

...THE ERIE PA CLIMATE SUMMARY FOR APRIL 8 2016...

CLIMATE NORMAL PERIOD 1981 TO 2010
CLIMATE RECORD PERIOD 1873 TO 2016


WEATHER ITEM   OBSERVED TIME   RECORD YEAR NORMAL DEPARTURE LAST
                VALUE   (LST)  VALUE       VALUE  FROM      YEAR
                                                  NORMAL
..................................................................
TEMPERATURE (F)
 YESTERDAY
  MAXIMUM         39    200 PM  78    2001  53    -14       60
                                      1991
  MINIMUM         30    351 AM  12    1982  36     -6       34
  AVERAGE         35                        44     -9       47

PRECIPITATION (IN)
  YESTERDAY        0.02                      0.12  -0.10     0.24
  MONTH TO DATE    0.66                      0.92  -0.26     1.05
  SINCE MAR 1      3.82                      3.87  -0.05     3.05
  SINCE JAN 1     10.03                      9.21   0.82     8.81

SNOWFALL (IN)
  YESTERDAY        0.6                       0.2    0.4      0.0
  MONTH TO DATE    1.8                       1.7    0.1      0.0
  SINCE MAR 1      2.9                      15.4  -12.5     10.9
  SINCE JUL 1     70.1                      99.4  -29.3    110.3
  SNOW DEPTH       0

DEGREE DAYS
 HEATING
  YESTERDAY       30                        21      9       18
  MONTH TO DATE  216                       178     38      161
  SINCE MAR 1    892                      1089   -197     1207
  SINCE JUL 1   4490                      5454   -964     6083

 COOLING
  YESTERDAY        0                         0      0        0
  MONTH TO DATE    0                         0      0        0
  SINCE MAR 1      0                         1     -1        0
  SINCE JAN 1      0                         1     -1        0
..................................................................


WIND (MPH)
  HIGHEST WIND SPEED    22   HIGHEST WIND DIRECTION     W (270)
  HIGHEST GUST SPEED    33   HIGHEST GUST DIRECTION     W (270)
  AVERAGE WIND SPEED    12.2


SKY COVER
  POSSIBLE SUNSHINE  MM
  AVERAGE SKY COVER 0.9


WEATHER CONDITIONS
 THE FOLLOWING WEATHER WAS RECORDED YESTERDAY.
  LIGHT SNOW
  FOG


RELATIVE HUMIDITY (PERCENT)
 HIGHEST    85           400 AM
 LOWEST     56           400 PM
 AVERAGE    71

..........................................................


THE ERIE PA CLIMATE NORMALS FOR TODAY
                         NORMAL    RECORD    YEAR
 MAXIMUM TEMPERATURE (F)   54        79      1969
 MINIMUM TEMPERATURE (F)   36        17      1977
                                             1972
                                             1958


SUNRISE AND SUNSET
APRIL  9 2016.........SUNRISE   649 AM EDT   SUNSET   756 PM EDT
APRIL 10 2016.........SUNRISE   647 AM EDT   SUNSET   757 PM EDT


-  INDICATES NEGATIVE NUMBERS.
R  INDICATES RECORD WAS SET OR TIED.
MM INDICATES DATA IS MISSING.
T  INDICATES TRACE AMOUNT.




$$
