000
CDUS41 KCLE 300530
CLIERI


CLIMATE REPORT
NATIONAL WEATHER SERVICE CLEVELAND OH
1229 AM EST TUE JAN 30 2018


...................................

...THE ERIE PA CLIMATE SUMMARY FOR JANUARY 29 2018...

CLIMATE NORMAL PERIOD 1981 TO 2010
CLIMATE RECORD PERIOD 1873 TO 2018


WEATHER ITEM   OBSERVED TIME   RECORD YEAR NORMAL DEPARTURE LAST
                VALUE   (LST)  VALUE       VALUE  FROM      YEAR
                                                  NORMAL
..................................................................
TEMPERATURE (F)
 YESTERDAY
  MAXIMUM         35    146 PM  65    1914  34      1       31
  MINIMUM         24   1159 PM -10    1977  20      4       25
  AVERAGE         30                        27      3       28

PRECIPITATION (IN)
  YESTERDAY        0.10                      0.08   0.02     0.13
  MONTH TO DATE    2.55                      2.79  -0.24     4.42
  SINCE DEC 1     10.10                      6.53   3.57     8.30
  SINCE JAN 1      2.55                      2.79  -0.24     4.42

SNOWFALL (IN)
  YESTERDAY        1.4                       0.9    0.5      1.9
  MONTH TO DATE   19.6                      28.0   -8.4     25.4
  SINCE DEC 1    140.5                      55.5   85.0     47.6
  SINCE JUL 1    141.0                      64.2   76.8     50.0
  SNOW DEPTH       0

DEGREE DAYS
 HEATING
  YESTERDAY       35                        38     -3       37
  MONTH TO DATE 1122                      1094     28      900
  SINCE DEC 1   2251                      2106    145     1893
  SINCE JUL 1   3248                      3262    -14     2673

 COOLING
  YESTERDAY        0                         0      0        0
  MONTH TO DATE    0                         0      0        0
  SINCE DEC 1      0                         0      0        0
  SINCE JAN 1      0                         0      0        0
..................................................................


WIND (MPH)
  HIGHEST WIND SPEED    21   HIGHEST WIND DIRECTION     N (10)
  HIGHEST GUST SPEED    29   HIGHEST GUST DIRECTION     N (360)
  AVERAGE WIND SPEED    11.7


SKY COVER
  POSSIBLE SUNSHINE  MM
  AVERAGE SKY COVER 0.8


WEATHER CONDITIONS
 THE FOLLOWING WEATHER WAS RECORDED YESTERDAY.
  LIGHT SNOW
  FOG
  HAZE


RELATIVE HUMIDITY (PERCENT)
 HIGHEST    92           800 PM
 LOWEST     75          1100 AM
 AVERAGE    84

..........................................................


THE ERIE PA CLIMATE NORMALS FOR TODAY
                         NORMAL    RECORD    YEAR
 MAXIMUM TEMPERATURE (F)   34        65      2013
 MINIMUM TEMPERATURE (F)   20        -4      1915


SUNRISE AND SUNSET
JANUARY 30 2018.......SUNRISE   736 AM EST   SUNSET   533 PM EST
JANUARY 31 2018.......SUNRISE   735 AM EST   SUNSET   534 PM EST


-  INDICATES NEGATIVE NUMBERS.
R  INDICATES RECORD WAS SET OR TIED.
MM INDICATES DATA IS MISSING.
T  INDICATES TRACE AMOUNT.




$$
