000
CDUS41 KCLE 120543
CLIERI


CLIMATE REPORT
NATIONAL WEATHER SERVICE CLEVELAND OH
130 AM EDT TUE APR 12 2016


...................................

...THE ERIE PA CLIMATE SUMMARY FOR APRIL 11 2016...

CLIMATE NORMAL PERIOD 1981 TO 2010
CLIMATE RECORD PERIOD 1873 TO 2016


WEATHER ITEM   OBSERVED TIME   RECORD YEAR NORMAL DEPARTURE LAST
                VALUE   (LST)  VALUE       VALUE  FROM      YEAR
                                                  NORMAL
..................................................................
TEMPERATURE (F)
 YESTERDAY
  MAXIMUM         55    346 PM  85    1945  54      1       50
  MINIMUM         41   1159 PM  17    1909  37      4       35
  AVERAGE         48                        46      2       43

PRECIPITATION (IN)
  YESTERDAY        0.39                      0.12   0.27     0.03
  MONTH TO DATE    1.21                      1.28  -0.07     1.66
  SINCE MAR 1      4.37                      4.23   0.14     3.66
  SINCE JAN 1     10.58                      9.57   1.01     9.42

SNOWFALL (IN)
  YESTERDAY        0.0                       0.1   -0.1      0.0
  MONTH TO DATE    2.9                       2.1    0.8      0.0
  SINCE MAR 1      4.0                      15.8  -11.8     10.9
  SINCE JUL 1     71.2                      99.8  -28.6    110.3
  SNOW DEPTH       0

DEGREE DAYS
 HEATING
  YESTERDAY       17                        20     -3       22
  MONTH TO DATE  301                       238     63      209
  SINCE MAR 1    977                      1149   -172     1255
  SINCE JUL 1   4575                      5514   -939     6131

 COOLING
  YESTERDAY        0                         0      0        0
  MONTH TO DATE    0                         0      0        0
  SINCE MAR 1      0                         1     -1        0
  SINCE JAN 1      0                         1     -1        0
..................................................................


WIND (MPH)
  HIGHEST WIND SPEED    28   HIGHEST WIND DIRECTION     S (180)
  HIGHEST GUST SPEED    37   HIGHEST GUST DIRECTION     S (180)
  AVERAGE WIND SPEED    16.1


SKY COVER
  POSSIBLE SUNSHINE  MM
  AVERAGE SKY COVER 1.0


WEATHER CONDITIONS
 THE FOLLOWING WEATHER WAS RECORDED YESTERDAY.
  LIGHT RAIN
  FOG
  HAZE


RELATIVE HUMIDITY (PERCENT)
 HIGHEST    89          1200 PM
 LOWEST     66           800 AM
 AVERAGE    78

..........................................................


THE ERIE PA CLIMATE NORMALS FOR TODAY
                         NORMAL    RECORD    YEAR
 MAXIMUM TEMPERATURE (F)   55        85      2001
 MINIMUM TEMPERATURE (F)   37        17      1874


SUNRISE AND SUNSET
APRIL 12 2016.........SUNRISE   644 AM EDT   SUNSET   759 PM EDT
APRIL 13 2016.........SUNRISE   643 AM EDT   SUNSET   800 PM EDT


-  INDICATES NEGATIVE NUMBERS.
R  INDICATES RECORD WAS SET OR TIED.
MM INDICATES DATA IS MISSING.
T  INDICATES TRACE AMOUNT.




$$
