000
CDUS41 KCLE 012113
CLIERI


CLIMATE REPORT
NATIONAL WEATHER SERVICE CLEVELAND OH
512 PM EDT SAT JUL 1 2017


...................................

...THE ERIE PA CLIMATE SUMMARY FOR JULY 1 2017...
VALID TODAY AS OF 0500 PM LOCAL TIME.

CLIMATE NORMAL PERIOD 1981 TO 2010
CLIMATE RECORD PERIOD 1873 TO 2017


WEATHER ITEM   OBSERVED TIME   RECORD YEAR NORMAL DEPARTURE LAST
                VALUE   (LST)  VALUE       VALUE  FROM      YEAR
                                                  NORMAL
..................................................................
TEMPERATURE (F)
 TODAY
  MAXIMUM         79    306 PM  91    1959  79      0       74
                                      1956
                                      1931
  MINIMUM         68    904 AM  48    1965  62      6       63
  AVERAGE         74                        71      3       69

PRECIPITATION (IN)
  TODAY            0.20                      0.12   0.08     0.10
  MONTH TO DATE    0.20                      0.12   0.08     0.10
  SINCE JUN 1      8.66                      3.88   4.78     1.94
  SINCE JAN 1     28.65                     18.94   9.71    14.71

SNOWFALL (IN)
  TODAY            0.0                       0.0    0.0      0.0
  MONTH TO DATE    0.0                       0.0    0.0      0.0
  SINCE JUN 1      0.0                       0.0    0.0      0.0
  SINCE JUL 1      0.0                       0.0    0.0      0.0
  SNOW DEPTH       0

DEGREE DAYS
 HEATING
  TODAY            0                         1     -1        0
  MONTH TO DATE    0                         1     -1        0
  SINCE JUN 1     48                        62    -14       40
  SINCE JUL 1      0                         1     -1        0

 COOLING
  TODAY            9                         6      3        4
  MONTH TO DATE    9                         6      3        4
  SINCE JUN 1    156                       129     27      155
  SINCE JAN 1    200                       168     32      230
..................................................................


WIND (MPH)
  HIGHEST WIND SPEED    17   HIGHEST WIND DIRECTION     W (260)
  HIGHEST GUST SPEED    25   HIGHEST GUST DIRECTION     W (250)


SKY COVER
  POSSIBLE SUNSHINE  MM
  AVERAGE SKY COVER 0.5


WEATHER CONDITIONS
 THE FOLLOWING WEATHER WAS RECORDED TODAY.
  HEAVY RAIN
  RAIN
  LIGHT RAIN
  FOG


RELATIVE HUMIDITY (PERCENT)
 HIGHEST    93           100 AM
 LOWEST     69           300 PM
 AVERAGE    81

..........................................................


THE ERIE PA CLIMATE NORMALS FOR TOMORROW
                         NORMAL    RECORD    YEAR
 MAXIMUM TEMPERATURE (F)   79        94      1963
 MINIMUM TEMPERATURE (F)   63        45      1957


SUNRISE AND SUNSET
JULY  1 2017..........SUNRISE   549 AM EDT   SUNSET   900 PM EDT
JULY  2 2017..........SUNRISE   549 AM EDT   SUNSET   900 PM EDT


-  INDICATES NEGATIVE NUMBERS.
R  INDICATES RECORD WAS SET OR TIED.
MM INDICATES DATA IS MISSING.
T  INDICATES TRACE AMOUNT.




$$
