000
CDUS41 KCLE 052211
CLIERI


CLIMATE REPORT
NATIONAL WEATHER SERVICE CLEVELAND OH
510 PM EST SUN MAR 5 2017


...................................

...THE ERIE PA CLIMATE SUMMARY FOR MARCH 5 2017...
VALID TODAY AS OF 0500 PM LOCAL TIME.

CLIMATE NORMAL PERIOD 1981 TO 2010
CLIMATE RECORD PERIOD 1873 TO 2017


WEATHER ITEM   OBSERVED TIME   RECORD YEAR NORMAL DEPARTURE LAST
                VALUE   (LST)  VALUE       VALUE  FROM      YEAR
                                                  NORMAL
..................................................................
TEMPERATURE (F)
 TODAY
  MAXIMUM         43    359 PM  76    2004  40      3       34
  MINIMUM         14    712 AM   1    2015  24    -10       20
  AVERAGE         29                        32     -3       27

PRECIPITATION (IN)
  TODAY            0.00                      0.09  -0.09     0.01
  MONTH TO DATE    0.26                      0.46  -0.20     0.30
  SINCE MAR 1      0.26                      0.46  -0.20     0.30
  SINCE JAN 1      7.68                      5.80   1.88     6.51

SNOWFALL (IN)
  TODAY            0.0                       0.6   -0.6      0.1
  MONTH TO DATE    2.2                       2.8   -0.6      1.1
  SINCE MAR 1      2.2                       2.8   -0.6      1.1
  SINCE JUL 1     70.5                      86.8  -16.3     68.3
  SNOW DEPTH       0

DEGREE DAYS
 HEATING
  TODAY           36                        33      3       38
  MONTH TO DATE  168                       168      0      189
  SINCE MAR 1    168                       168      0      189
  SINCE JUL 1   3672                      4533   -861     3787

 COOLING
  TODAY            0                         0      0        0
  MONTH TO DATE    0                         0      0        0
  SINCE MAR 1      0                         0      0        0
  SINCE JAN 1      0                         0      0        0
..................................................................


WIND (MPH)
  HIGHEST WIND SPEED    14   HIGHEST WIND DIRECTION    SE (130)
  HIGHEST GUST SPEED    19   HIGHEST GUST DIRECTION     S (160)


SKY COVER
  POSSIBLE SUNSHINE  MM
  AVERAGE SKY COVER 0.0


WEATHER CONDITIONS
 THE FOLLOWING WEATHER WAS RECORDED TODAY.
  NO SIGNIFICANT WEATHER WAS OBSERVED.


RELATIVE HUMIDITY (PERCENT)
 HIGHEST    67          1200 AM
 LOWEST     20           300 PM
 AVERAGE    44

..........................................................


THE ERIE PA CLIMATE NORMALS FOR TOMORROW
                         NORMAL    RECORD    YEAR
 MAXIMUM TEMPERATURE (F)   40        72      1946
 MINIMUM TEMPERATURE (F)   24        -1      1901


SUNRISE AND SUNSET
MARCH  5 2017.........SUNRISE   649 AM EST   SUNSET   616 PM EST
MARCH  6 2017.........SUNRISE   647 AM EST   SUNSET   617 PM EST


-  INDICATES NEGATIVE NUMBERS.
R  INDICATES RECORD WAS SET OR TIED.
MM INDICATES DATA IS MISSING.
T  INDICATES TRACE AMOUNT.




$$
