000
CDUS41 KCLE 310604
CLIERI


CLIMATE REPORT
NATIONAL WEATHER SERVICE CLEVELAND OH
203 AM EDT FRI MAR 31 2017


...................................

...THE ERIE PA CLIMATE SUMMARY FOR MARCH 30 2017...

CLIMATE NORMAL PERIOD 1981 TO 2010
CLIMATE RECORD PERIOD 1873 TO 2017


WEATHER ITEM   OBSERVED TIME   RECORD YEAR NORMAL DEPARTURE LAST
                VALUE   (LST)  VALUE       VALUE  FROM      YEAR
                                                  NORMAL
..................................................................
TEMPERATURE (F)
 YESTERDAY
  MAXIMUM         44   1024 PM  82    1998  49     -5       67
  MINIMUM         37   1117 AM  15    1887  32      5       29
  AVERAGE         41                        41      0       48

PRECIPITATION (IN)
  YESTERDAY        1.26                      0.10   1.16      T
  MONTH TO DATE    3.29                      2.84   0.45     2.90
  SINCE MAR 1      3.29                      2.84   0.45     2.90
  SINCE JAN 1     10.71                      8.18   2.53     9.11

SNOWFALL (IN)
  YESTERDAY        0.0                       0.3   -0.3      0.0
  MONTH TO DATE    9.8                      13.5   -3.7      1.1
  SINCE MAR 1      9.8                      13.5   -3.7      1.1
  SINCE JUL 1     78.1                      97.5  -19.4     68.3
  SNOW DEPTH       0

DEGREE DAYS
 HEATING
  YESTERDAY       24                        24      0       17
  MONTH TO DATE  875                       887    -12      672
  SINCE MAR 1    875                       887    -12      672
  SINCE JUL 1   4379                      5252   -873     4270

 COOLING
  YESTERDAY        0                         0      0        0
  MONTH TO DATE    0                         0      0        0
  SINCE MAR 1      0                         0      0        0
  SINCE JAN 1      0                         0      0        0
..................................................................


WIND (MPH)
  HIGHEST WIND SPEED    28   HIGHEST WIND DIRECTION    SE (140)
  HIGHEST GUST SPEED    36   HIGHEST GUST DIRECTION     S (160)
  AVERAGE WIND SPEED     9.1


SKY COVER
  POSSIBLE SUNSHINE  MM
  AVERAGE SKY COVER 0.9


WEATHER CONDITIONS
 THE FOLLOWING WEATHER WAS RECORDED YESTERDAY.
  THUNDERSTORM
  HEAVY RAIN
  RAIN
  LIGHT RAIN
  FOG


RELATIVE HUMIDITY (PERCENT)
 HIGHEST    85          1100 AM
 LOWEST     57          1200 AM
 AVERAGE    71

..........................................................


THE ERIE PA CLIMATE NORMALS FOR TODAY
                         NORMAL    RECORD    YEAR
 MAXIMUM TEMPERATURE (F)   50        82      1998
 MINIMUM TEMPERATURE (F)   33         9      1923


SUNRISE AND SUNSET
MARCH 31 2017.........SUNRISE   705 AM EDT   SUNSET   746 PM EDT
APRIL  1 2017.........SUNRISE   703 AM EDT   SUNSET   747 PM EDT


-  INDICATES NEGATIVE NUMBERS.
R  INDICATES RECORD WAS SET OR TIED.
MM INDICATES DATA IS MISSING.
T  INDICATES TRACE AMOUNT.




$$
