000
CDUS41 KCLE 282114
CLIERI


CLIMATE REPORT
NATIONAL WEATHER SERVICE CLEVELAND OH
513 PM EDT MON AUG 28 2017


...................................

...THE ERIE PA CLIMATE SUMMARY FOR AUGUST 28 2017...
VALID TODAY AS OF 0500 PM LOCAL TIME.

CLIMATE NORMAL PERIOD 1981 TO 2010
CLIMATE RECORD PERIOD 1873 TO 2017


WEATHER ITEM   OBSERVED TIME   RECORD YEAR NORMAL DEPARTURE LAST
                VALUE   (LST)  VALUE       VALUE  FROM      YEAR
                                                  NORMAL
..................................................................
TEMPERATURE (F)
 TODAY
  MAXIMUM         79    315 PM  93    1926  77      2       85
  MINIMUM         63    700 AM  47    1887  61      2       73
  AVERAGE         71                        69      2       79

PRECIPITATION (IN)
  TODAY            T                         0.11  -0.11     0.00
  MONTH TO DATE    2.18                      3.14  -0.96     6.11
  SINCE JUN 1     11.38                     10.44   0.94    12.28
  SINCE JAN 1     31.37                     25.50   5.87    25.05

SNOWFALL (IN)
  TODAY            0.0                       0.0    0.0      0.0
  MONTH TO DATE    0.0                       0.0    0.0      0.0
  SINCE JUN 1      0.0                       0.0    0.0      0.0
  SINCE JUL 1      0.0                       0.0    0.0      0.0
  SNOW DEPTH       0

DEGREE DAYS
 HEATING
  TODAY            0                         1     -1        0
  MONTH TO DATE    8                         3      5        0
  SINCE JUN 1     56                        71    -15       40
  SINCE JUL 1      8                        10     -2        0

 COOLING
  TODAY            6                         5      1       14
  MONTH TO DATE  162                       170     -8      315
  SINCE JUN 1    511                       506      5      753
  SINCE JAN 1    555                       545     10      828
..................................................................


WIND (MPH)
  HIGHEST WIND SPEED    21   HIGHEST WIND DIRECTION     S (160)
  HIGHEST GUST SPEED    30   HIGHEST GUST DIRECTION    SE (140)


SKY COVER
  POSSIBLE SUNSHINE  MM
  AVERAGE SKY COVER 0.5


WEATHER CONDITIONS
 THE FOLLOWING WEATHER WAS RECORDED TODAY.
  LIGHT RAIN
  HAZE


RELATIVE HUMIDITY (PERCENT)
 HIGHEST    73          1200 AM
 LOWEST     47           200 PM
 AVERAGE    60

..........................................................


THE ERIE PA CLIMATE NORMALS FOR TOMORROW
                         NORMAL    RECORD    YEAR
 MAXIMUM TEMPERATURE (F)   77        93      1953
 MINIMUM TEMPERATURE (F)   61        37      1982


SUNRISE AND SUNSET
AUGUST 28 2017........SUNRISE   642 AM EDT   SUNSET   801 PM EDT
AUGUST 29 2017........SUNRISE   643 AM EDT   SUNSET   759 PM EDT


-  INDICATES NEGATIVE NUMBERS.
R  INDICATES RECORD WAS SET OR TIED.
MM INDICATES DATA IS MISSING.
T  INDICATES TRACE AMOUNT.




$$
