153
CDUS41 KCLE 070533
CLIERI


CLIMATE REPORT
NATIONAL WEATHER SERVICE CLEVELAND OH
1231 AM EST WED DEC 7 2016


...................................

...THE ERIE PA CLIMATE SUMMARY FOR DECEMBER 6 2016...

CLIMATE NORMAL PERIOD 1981 TO 2010
CLIMATE RECORD PERIOD 1873 TO 2016


WEATHER ITEM   OBSERVED TIME   RECORD YEAR NORMAL DEPARTURE LAST
                VALUE   (LST)  VALUE       VALUE  FROM      YEAR
                                                  NORMAL
..................................................................
TEMPERATURE (F)
 YESTERDAY
  MAXIMUM         41   1159 PM  69    1998  41      0       49
  MINIMUM         32    530 AM  12    1926  30      2       27
                                      1886
                                      1885
  AVERAGE         37                        35      2       38

PRECIPITATION (IN)
  YESTERDAY        0.38                      0.13   0.25     0.00
  MONTH TO DATE    1.28                      0.75   0.53     0.65
  SINCE DEC 1      1.28                      0.75   0.53     0.65
  SINCE JAN 1     43.06                     39.17   3.89    34.13

SNOWFALL (IN)
  YESTERDAY        0.0                       0.7   -0.7      0.0
  MONTH TO DATE    T                         3.9   -3.9      0.4
  SINCE DEC 1      T                         3.9   -3.9      0.4
  SINCE JUL 1      2.4                      12.6  -10.2      0.9
  SNOW DEPTH       0

DEGREE DAYS
 HEATING
  YESTERDAY       28                        30     -2       27
  MONTH TO DATE  154                       172    -18      150
  SINCE DEC 1    154                       172    -18      150
  SINCE JUL 1    934                      1328   -394     1041

 COOLING
  YESTERDAY        0                         0      0        0
  MONTH TO DATE    0                         0      0        0
  SINCE DEC 1      0                         0      0        0
  SINCE JAN 1   1017                       638    379      773
..................................................................


WIND (MPH)
  HIGHEST WIND SPEED    20   HIGHEST WIND DIRECTION    SW (210)
  HIGHEST GUST SPEED    27   HIGHEST GUST DIRECTION    SW (210)
  AVERAGE WIND SPEED     9.1


SKY COVER
  POSSIBLE SUNSHINE  MM
  AVERAGE SKY COVER 0.6


WEATHER CONDITIONS
 THE FOLLOWING WEATHER WAS RECORDED YESTERDAY.
  LIGHT RAIN
  FOG
  HAZE


RELATIVE HUMIDITY (PERCENT)
 HIGHEST    92          1100 PM
 LOWEST     59          1100 AM
 AVERAGE    76

..........................................................


THE ERIE PA CLIMATE NORMALS FOR TODAY
                         NORMAL    RECORD    YEAR
 MAXIMUM TEMPERATURE (F)   41        69      1998
 MINIMUM TEMPERATURE (F)   29         6      1885


SUNRISE AND SUNSET
DECEMBER  7 2016......SUNRISE   736 AM EST   SUNSET   449 PM EST
DECEMBER  8 2016......SUNRISE   737 AM EST   SUNSET   449 PM EST


-  INDICATES NEGATIVE NUMBERS.
R  INDICATES RECORD WAS SET OR TIED.
MM INDICATES DATA IS MISSING.
T  INDICATES TRACE AMOUNT.




$$
