000
CDUS41 KCLE 252112
CLIERI


CLIMATE REPORT
NATIONAL WEATHER SERVICE CLEVELAND OH
511 PM EDT THU MAY 25 2017


...................................

...THE ERIE PA CLIMATE SUMMARY FOR MAY 25 2017...
VALID TODAY AS OF 0500 PM LOCAL TIME.

CLIMATE NORMAL PERIOD 1981 TO 2010
CLIMATE RECORD PERIOD 1873 TO 2017


WEATHER ITEM   OBSERVED TIME   RECORD YEAR NORMAL DEPARTURE LAST
                VALUE   (LST)  VALUE       VALUE  FROM      YEAR
                                                  NORMAL
..................................................................
TEMPERATURE (F)
 TODAY
  MAXIMUM         61    334 PM  89    1975  69     -8       82
  MINIMUM         56   1144 AM  31    1956  51      5       61
  AVERAGE         59                        60     -1       72

PRECIPITATION (IN)
  TODAY            0.70                      0.12   0.58     0.00
  MONTH TO DATE    4.38                      2.76   1.62     1.56
  SINCE MAR 1     11.85                      9.04   2.81     6.55
  SINCE JAN 1     19.27                     14.38   4.89    12.76

SNOWFALL (IN)
  TODAY            0.0                       0.0    0.0      0.0
  MONTH TO DATE    0.0                       0.0    0.0       T
  SINCE MAR 1     10.3                      16.9   -6.6      4.0
  SINCE JUL 1     78.6                     100.9  -22.3     71.2
  SNOW DEPTH       0

DEGREE DAYS
 HEATING
  TODAY            6                         6      0        0
  MONTH TO DATE  260                       235     25      269
  SINCE MAR 1   1536                      1689   -153     1572
  SINCE JUL 1   5040                      6054  -1014     5170

 COOLING
  TODAY            0                         2     -2        7
  MONTH TO DATE   29                        21      8       11
  SINCE MAR 1     38                        28     10       11
  SINCE JAN 1     38                        28     10       11
..................................................................


WIND (MPH)
  HIGHEST WIND SPEED    24   HIGHEST WIND DIRECTION    SE (140)
  HIGHEST GUST SPEED    35   HIGHEST GUST DIRECTION    SE (140)


SKY COVER
  POSSIBLE SUNSHINE  MM
  AVERAGE SKY COVER 1.0


WEATHER CONDITIONS
 THE FOLLOWING WEATHER WAS RECORDED TODAY.
  HEAVY RAIN
  RAIN
  LIGHT RAIN
  FOG


RELATIVE HUMIDITY (PERCENT)
 HIGHEST    93          1200 AM
 LOWEST     78           200 AM
 AVERAGE    86

..........................................................


THE ERIE PA CLIMATE NORMALS FOR TOMORROW
                         NORMAL    RECORD    YEAR
 MAXIMUM TEMPERATURE (F)   70        90      1944
 MINIMUM TEMPERATURE (F)   52        34      1969


SUNRISE AND SUNSET
MAY 25 2017...........SUNRISE   551 AM EDT   SUNSET   845 PM EDT
MAY 26 2017...........SUNRISE   551 AM EDT   SUNSET   845 PM EDT


-  INDICATES NEGATIVE NUMBERS.
R  INDICATES RECORD WAS SET OR TIED.
MM INDICATES DATA IS MISSING.
T  INDICATES TRACE AMOUNT.




$$
