000
CDUS41 KCLE 290534
CLIERI


CLIMATE REPORT
NATIONAL WEATHER SERVICE CLEVELAND OH
134 AM EDT TUE JUL 29 2014


...................................

...THE ERIE PA CLIMATE SUMMARY FOR JULY 28 2014...

CLIMATE NORMAL PERIOD 1981 TO 2010
CLIMATE RECORD PERIOD 1873 TO 2014


WEATHER ITEM   OBSERVED TIME   RECORD YEAR NORMAL DEPARTURE LAST
                VALUE   (LST)  VALUE       VALUE  FROM      YEAR
                                                  NORMAL
..................................................................
TEMPERATURE (F)
 YESTERDAY
  MAXIMUM         70    314 PM  94    1993  80    -10       70
  MINIMUM         60   1159 PM  50    1972  64     -4       62
  AVERAGE         65                        72     -7       66

PRECIPITATION (IN)
  YESTERDAY        0.10                      0.12  -0.02     0.32
  MONTH TO DATE    3.11                      3.18  -0.07     5.60
  SINCE JUN 1      8.10                      6.94   1.16    12.88
  SINCE JAN 1     24.25                     22.00   2.25    30.11

SNOWFALL (IN)
  YESTERDAY        0.0                       0.0    0.0      0.0
  MONTH TO DATE    0.0                       0.0    0.0      0.0
  SINCE JUN 1      0.0                       0.0    0.0      0.0
  SINCE JUL 1      0.0                       0.0    0.0      0.0
  SNOW DEPTH       0

DEGREE DAYS
 HEATING
  YESTERDAY        0                         0      0        0
  MONTH TO DATE    5                         2      3        3
  SINCE JUN 1     35                        63    -28       71
  SINCE JUL 1      5                         2      3        3

 COOLING
  YESTERDAY        0                         7     -7        1
  MONTH TO DATE  142                       194    -52      240
  SINCE JUN 1    307                       317    -10      358
  SINCE JAN 1    346                       356    -10      443
..................................................................


WIND (MPH)
  HIGHEST WIND SPEED    22   HIGHEST WIND DIRECTION    NW (300)
  HIGHEST GUST SPEED    33   HIGHEST GUST DIRECTION    NW (300)
  AVERAGE WIND SPEED    11.4


SKY COVER
  POSSIBLE SUNSHINE  MM
  AVERAGE SKY COVER 1.0


WEATHER CONDITIONS
 THE FOLLOWING WEATHER WAS RECORDED YESTERDAY.
  THUNDERSTORM
  RAIN
  LIGHT RAIN
  FOG


RELATIVE HUMIDITY (PERCENT)
 HIGHEST    93           100 AM
 LOWEST     59           300 PM
 AVERAGE    76

..........................................................


THE ERIE PA CLIMATE NORMALS FOR TODAY
                         NORMAL    RECORD    YEAR
 MAXIMUM TEMPERATURE (F)   80        92      1940
 MINIMUM TEMPERATURE (F)   64        50      1972


SUNRISE AND SUNSET
JULY 29 2014..........SUNRISE   611 AM EDT   SUNSET   843 PM EDT
JULY 30 2014..........SUNRISE   612 AM EDT   SUNSET   842 PM EDT


-  INDICATES NEGATIVE NUMBERS.
R  INDICATES RECORD WAS SET OR TIED.
MM INDICATES DATA IS MISSING.
T  INDICATES TRACE AMOUNT.




$$
