000
CDUS41 KCLE 122230
CLIERI


CLIMATE REPORT
NATIONAL WEATHER SERVICE CLEVELAND OH
530 PM EST MON FEB 12 2018


...................................

...THE ERIE PA CLIMATE SUMMARY FOR FEBRUARY 12 2018...
VALID TODAY AS OF 0500 PM LOCAL TIME.

CLIMATE NORMAL PERIOD 1981 TO 2010
CLIMATE RECORD PERIOD 1873 TO 2018


WEATHER ITEM   OBSERVED TIME   RECORD YEAR NORMAL DEPARTURE LAST
                VALUE   (LST)  VALUE       VALUE  FROM      YEAR
                                                  NORMAL
..................................................................
TEMPERATURE (F)
 TODAY
  MAXIMUM         28   1238 AM  69    1999  35     -7       39
  MINIMUM         22    741 AM -10    1917  21      1       30
  AVERAGE         25                        28     -3       35

PRECIPITATION (IN)
  TODAY            0.00                      0.08  -0.08     0.57
  MONTH TO DATE    1.27                      0.99   0.28     1.64
  SINCE DEC 1     11.54                      7.68   3.86    10.40
  SINCE JAN 1      3.99                      3.94   0.05     6.52

SNOWFALL (IN)
  TODAY            0.0                       0.6   -0.6      0.7
  MONTH TO DATE   11.0                       8.4    2.6      7.1
  SINCE DEC 1    154.3                      65.5   88.8     62.7
  SINCE JUL 1    154.8                      74.2   80.6     65.1
  SNOW DEPTH       3

DEGREE DAYS
 HEATING
  TODAY           40                        37      3       30
  MONTH TO DATE  493                       453     40      398
  SINCE DEC 1   2827                      2635    192     2369
  SINCE JUL 1   3824                      3791     33     3149

 COOLING
  TODAY            0                         0      0        0
  MONTH TO DATE    0                         0      0        0
  SINCE DEC 1      0                         0      0        0
  SINCE JAN 1      0                         0      0        0
..................................................................


WIND (MPH)
  HIGHEST WIND SPEED    14   HIGHEST WIND DIRECTION     W (280)
  HIGHEST GUST SPEED    19   HIGHEST GUST DIRECTION     W (260)


SKY COVER
  POSSIBLE SUNSHINE  MM
  AVERAGE SKY COVER 0.3


WEATHER CONDITIONS
 THE FOLLOWING WEATHER WAS RECORDED TODAY.
  FOG


RELATIVE HUMIDITY (PERCENT)
 HIGHEST    85          1200 AM
 LOWEST     62           500 PM
 AVERAGE    74

..........................................................


THE ERIE PA CLIMATE NORMALS FOR TOMORROW
                         NORMAL    RECORD    YEAR
 MAXIMUM TEMPERATURE (F)   35        63      1990
 MINIMUM TEMPERATURE (F)   21       -10      1914


SUNRISE AND SUNSET
FEBRUARY 12 2018......SUNRISE   721 AM EST   SUNSET   550 PM EST
FEBRUARY 13 2018......SUNRISE   719 AM EST   SUNSET   551 PM EST


-  INDICATES NEGATIVE NUMBERS.
R  INDICATES RECORD WAS SET OR TIED.
MM INDICATES DATA IS MISSING.
T  INDICATES TRACE AMOUNT.




$$
