000
CDUS41 KCLE 182226
CLIERI


CLIMATE REPORT
NATIONAL WEATHER SERVICE CLEVELAND OH
526 PM EST TUE NOV 18 2014


...................................

...THE ERIE PA CLIMATE SUMMARY FOR NOVEMBER 18 2014...
VALID TODAY AS OF 0500 PM LOCAL TIME.

CLIMATE NORMAL PERIOD 1981 TO 2010
CLIMATE RECORD PERIOD 1873 TO 2014


WEATHER ITEM   OBSERVED TIME   RECORD YEAR NORMAL DEPARTURE LAST
                VALUE   (LST)  VALUE       VALUE  FROM      YEAR
                                                  NORMAL
..................................................................
TEMPERATURE (F)
 TODAY
  MAXIMUM         20    243 PM  73    1958  49    -29       55
  MINIMUM         14R   701 AM  14    1959  36    -22       38
  AVERAGE         17                        42    -25       47

PRECIPITATION (IN)
  TODAY            T                         0.14  -0.14     0.01
  MONTH TO DATE    2.46                      2.35   0.11     3.20
  SINCE SEP 1      9.54                     11.01  -1.47    13.39
  SINCE JAN 1     37.25                     36.84   0.41    47.26

SNOWFALL (IN)
  TODAY            0.3                       0.3    0.0      0.0
  MONTH TO DATE   17.8                       3.5   14.3      3.1
  SINCE SEP 1     17.8                       3.7   14.1      3.4
  SINCE JUL 1     17.8                       3.7   14.1      3.4
  SNOW DEPTH       5

DEGREE DAYS
 HEATING
  TODAY           48                        23     25       18
  MONTH TO DATE  428                       352     76      358
  SINCE SEP 1    857                       837     20      790
  SINCE JUL 1    875                       855     20      802

 COOLING
  TODAY            0                         0      0        0
  MONTH TO DATE    0                         0      0        0
  SINCE SEP 1     87                        80      7       85
  SINCE JAN 1    603                       638    -35      706
..................................................................


WIND (MPH)
  HIGHEST WIND SPEED    32   HIGHEST WIND DIRECTION    SW (210)
  HIGHEST GUST SPEED    43   HIGHEST GUST DIRECTION    SW (210)


SKY COVER
  POSSIBLE SUNSHINE  MM
  AVERAGE SKY COVER 0.9


WEATHER CONDITIONS
 THE FOLLOWING WEATHER WAS RECORDED TODAY.
  SNOW
  LIGHT SNOW
  HAZE


RELATIVE HUMIDITY (PERCENT)
 HIGHEST    67           200 AM
 LOWEST     56           100 AM
 AVERAGE    62

..........................................................


THE ERIE PA CLIMATE NORMALS FOR TOMORROW
                         NORMAL    RECORD    YEAR
 MAXIMUM TEMPERATURE (F)   49        74      1985
 MINIMUM TEMPERATURE (F)   36        14      1886


SUNRISE AND SUNSET
NOVEMBER 18 2014......SUNRISE   714 AM EST   SUNSET   457 PM EST
NOVEMBER 19 2014......SUNRISE   716 AM EST   SUNSET   456 PM EST


-  INDICATES NEGATIVE NUMBERS.
R  INDICATES RECORD WAS SET OR TIED.
MM INDICATES DATA IS MISSING.
T  INDICATES TRACE AMOUNT.




$$
