000
CDUS41 KCLE 300526
CLIERI


CLIMATE REPORT
NATIONAL WEATHER SERVICE CLEVELAND OH
125 AM EDT TUE JUN 30 2015


...................................

...THE ERIE PA CLIMATE SUMMARY FOR JUNE 29 2015...

CLIMATE NORMAL PERIOD 1981 TO 2010
CLIMATE RECORD PERIOD 1873 TO 2015


WEATHER ITEM   OBSERVED TIME   RECORD YEAR NORMAL DEPARTURE LAST
                VALUE   (LST)  VALUE       VALUE  FROM      YEAR
                                                  NORMAL
..................................................................
TEMPERATURE (F)
 YESTERDAY
  MAXIMUM         77    146 PM  90    1948  79     -2       86
                                      1947
                                      1934
  MINIMUM         56    302 AM  49    1919  62     -6       71
                                      1885
  AVERAGE         67                        70     -3       79

PRECIPITATION (IN)
  YESTERDAY        T                         0.13  -0.13     0.80
  MONTH TO DATE    4.96                      3.64   1.32     4.99
  SINCE JUN 1      4.96                      3.64   1.32     4.99
  SINCE JAN 1     19.15                     18.70   0.45    21.14

SNOWFALL (IN)
  YESTERDAY        0.0                       0.0    0.0      0.0
  MONTH TO DATE    0.0                       0.0    0.0      0.0
  SINCE JUN 1      0.0                       0.0    0.0      0.0
  SINCE JUL 1    110.3                     100.9    9.4    138.4
  SNOW DEPTH       0

DEGREE DAYS
 HEATING
  YESTERDAY        0                         1     -1        0
  MONTH TO DATE   37                        61    -24       30
  SINCE JUN 1     37                        61    -24       30
  SINCE JUL 1   6651                      6147    504     6757

 COOLING
  YESTERDAY        2                         6     -4       14
  MONTH TO DATE   98                       117    -19      150
  SINCE JUN 1     98                       117    -19      150
  SINCE JAN 1    210                       156     54      189
..................................................................


WIND (MPH)
  HIGHEST WIND SPEED    14   HIGHEST WIND DIRECTION     S (190)
  HIGHEST GUST SPEED    17   HIGHEST GUST DIRECTION     S (200)
  AVERAGE WIND SPEED     5.2


SKY COVER
  POSSIBLE SUNSHINE  MM
  AVERAGE SKY COVER 0.6


WEATHER CONDITIONS
 THE FOLLOWING WEATHER WAS RECORDED YESTERDAY.
  LIGHT RAIN


RELATIVE HUMIDITY (PERCENT)
 HIGHEST    86           300 AM
 LOWEST     43           200 PM
 AVERAGE    65

..........................................................


THE ERIE PA CLIMATE NORMALS FOR TODAY
                         NORMAL    RECORD    YEAR
 MAXIMUM TEMPERATURE (F)   79        92      1930
 MINIMUM TEMPERATURE (F)   62        49      2010


SUNRISE AND SUNSET
JUNE 30 2015..........SUNRISE   548 AM EDT   SUNSET   901 PM EDT
JULY  1 2015..........SUNRISE   549 AM EDT   SUNSET   900 PM EDT


-  INDICATES NEGATIVE NUMBERS.
R  INDICATES RECORD WAS SET OR TIED.
MM INDICATES DATA IS MISSING.
T  INDICATES TRACE AMOUNT.




$$
