000
CDUS41 KCLE 170545
CLIERI


CLIMATE REPORT
NATIONAL WEATHER SERVICE CLEVELAND OH
145 AM EDT SUN SEP 17 2017


...................................

...THE ERIE PA CLIMATE SUMMARY FOR SEPTEMBER 16 2017...

CLIMATE NORMAL PERIOD 1981 TO 2010
CLIMATE RECORD PERIOD 1873 TO 2017


WEATHER ITEM   OBSERVED TIME   RECORD YEAR NORMAL DEPARTURE LAST
                VALUE   (LST)  VALUE       VALUE  FROM      YEAR
                                                  NORMAL
..................................................................
TEMPERATURE (F)
 YESTERDAY
  MAXIMUM         75    349 PM  93    1939  72      3       77
  MINIMUM         60    410 AM  39    1966  56      4       52
  AVERAGE         68                        64      4       65

PRECIPITATION (IN)
  YESTERDAY        0.00                      0.16  -0.16     0.00
  MONTH TO DATE    3.82                      2.27   1.55     2.66
  SINCE SEP 1      3.82                      2.27   1.55     2.66
  SINCE JAN 1     35.19                     28.10   7.09    29.72

SNOWFALL (IN)
  YESTERDAY        0.0                       0.0    0.0      0.0
  MONTH TO DATE    0.0                       0.0    0.0      0.0
  SINCE SEP 1      0.0                       0.0    0.0      0.0
  SINCE JUL 1      0.0                       0.0    0.0      0.0
  SNOW DEPTH       0

DEGREE DAYS
 HEATING
  YESTERDAY        0                         3     -3        0
  MONTH TO DATE   63                        30     33        4
  SINCE SEP 1     63                        30     33        4
  SINCE JUL 1     73                        48     25        4

 COOLING
  YESTERDAY        3                         2      1        0
  MONTH TO DATE   16                        51    -35       86
  SINCE SEP 1     16                        51    -35       86
  SINCE JAN 1    578                       609    -31      935
..................................................................


WIND (MPH)
  HIGHEST WIND SPEED     9   HIGHEST WIND DIRECTION    NE (50)
  HIGHEST GUST SPEED    11   HIGHEST GUST DIRECTION     N (340)
  AVERAGE WIND SPEED     3.2


SKY COVER
  POSSIBLE SUNSHINE  MM
  AVERAGE SKY COVER 0.0


WEATHER CONDITIONS
 THE FOLLOWING WEATHER WAS RECORDED YESTERDAY.
  FOG


RELATIVE HUMIDITY (PERCENT)
 HIGHEST    93          1100 PM
 LOWEST     68          1100 AM
 AVERAGE    81

..........................................................


THE ERIE PA CLIMATE NORMALS FOR TODAY
                         NORMAL    RECORD    YEAR
 MAXIMUM TEMPERATURE (F)   72        88      1955
                                             1942
 MINIMUM TEMPERATURE (F)   56        35      1959


SUNRISE AND SUNSET
SEPTEMBER 17 2017.....SUNRISE   703 AM EDT   SUNSET   726 PM EDT
SEPTEMBER 18 2017.....SUNRISE   704 AM EDT   SUNSET   725 PM EDT


-  INDICATES NEGATIVE NUMBERS.
R  INDICATES RECORD WAS SET OR TIED.
MM INDICATES DATA IS MISSING.
T  INDICATES TRACE AMOUNT.




$$
