000
CDUS41 KCLE 130526
CLIERI


CLIMATE REPORT
NATIONAL WEATHER SERVICE CLEVELAND OH
1225 AM EST FRI JAN 13 2017


...................................

...THE ERIE PA CLIMATE SUMMARY FOR JANUARY 12 2017...

CLIMATE NORMAL PERIOD 1981 TO 2010
CLIMATE RECORD PERIOD 1873 TO 2017


WEATHER ITEM   OBSERVED TIME   RECORD YEAR NORMAL DEPARTURE LAST
                VALUE   (LST)  VALUE       VALUE  FROM      YEAR
                                                  NORMAL
..................................................................
TEMPERATURE (F)
 YESTERDAY
  MAXIMUM         59    253 AM  68    1890  34     25       30
  MINIMUM         32   1159 PM  -8    1918  21     11       17
  AVERAGE         46                        27     19       24

PRECIPITATION (IN)
  YESTERDAY        0.90                      0.10   0.80     0.19
  MONTH TO DATE    2.83                      1.27   1.56     1.19
  SINCE DEC 1      6.71                      5.01   1.70     5.08
  SINCE JAN 1      2.83                      1.27   1.56     1.19

SNOWFALL (IN)
  YESTERDAY        0.0                       1.1   -1.1      3.6
  MONTH TO DATE   20.2                      12.3    7.9     13.5
  SINCE DEC 1     42.4                      39.8    2.6     18.4
  SINCE JUL 1     44.8                      48.5   -3.7     18.9
  SNOW DEPTH       0

DEGREE DAYS
 HEATING
  YESTERDAY       19                        38    -19       41
  MONTH TO DATE  424                       448    -24      428
  SINCE DEC 1   1417                      1460    -43     1072
  SINCE JUL 1   2197                      2616   -419     1963

 COOLING
  YESTERDAY        0                         0      0        0
  MONTH TO DATE    0                         0      0        0
  SINCE DEC 1      0                         0      0        0
  SINCE JAN 1      0                         0      0        0
..................................................................


WIND (MPH)
  HIGHEST WIND SPEED    31   HIGHEST WIND DIRECTION     S (200)
  HIGHEST GUST SPEED    44   HIGHEST GUST DIRECTION     S (200)
  AVERAGE WIND SPEED    11.0


SKY COVER
  POSSIBLE SUNSHINE  MM
  AVERAGE SKY COVER 1.0


WEATHER CONDITIONS
 THE FOLLOWING WEATHER WAS RECORDED YESTERDAY.
  RAIN
  LIGHT RAIN
  FOG
  FOG W/VISIBILITY <= 1/4 MILE


RELATIVE HUMIDITY (PERCENT)
 HIGHEST   100           700 PM
 LOWEST     82          1000 PM
 AVERAGE    91

..........................................................


THE ERIE PA CLIMATE NORMALS FOR TODAY
                         NORMAL    RECORD    YEAR
 MAXIMUM TEMPERATURE (F)   34        70      2005
 MINIMUM TEMPERATURE (F)   21        -9      1912


SUNRISE AND SUNSET
JANUARY 13 2017.......SUNRISE   747 AM EST   SUNSET   512 PM EST
JANUARY 14 2017.......SUNRISE   747 AM EST   SUNSET   513 PM EST


-  INDICATES NEGATIVE NUMBERS.
R  INDICATES RECORD WAS SET OR TIED.
MM INDICATES DATA IS MISSING.
T  INDICATES TRACE AMOUNT.




$$
