261
CDUS41 KCLE 222110
CLIERI


CLIMATE REPORT
NATIONAL WEATHER SERVICE CLEVELAND OH
510 PM EDT THU JUN 22 2017


...................................

...THE ERIE PA CLIMATE SUMMARY FOR JUNE 22 2017...
VALID TODAY AS OF 0500 PM LOCAL TIME.

CLIMATE NORMAL PERIOD 1981 TO 2010
CLIMATE RECORD PERIOD 1873 TO 2017


WEATHER ITEM   OBSERVED TIME   RECORD YEAR NORMAL DEPARTURE LAST
                VALUE   (LST)  VALUE       VALUE  FROM      YEAR
                                                  NORMAL
..................................................................
TEMPERATURE (F)
 TODAY
  MAXIMUM         85    342 PM  94    1988  78      7       78
  MINIMUM         56    414 AM  44    1958  61     -5       62
  AVERAGE         71                        69      2       70

PRECIPITATION (IN)
  TODAY            0.18                      0.12   0.06     0.00
  MONTH TO DATE    6.12                      2.76   3.36     1.07
  SINCE JUN 1      6.12                      2.76   3.36     1.07
  SINCE JAN 1     26.11                     17.82   8.29    13.84

SNOWFALL (IN)
  TODAY            0.0                       0.0    0.0      0.0
  MONTH TO DATE    0.0                       0.0    0.0      0.0
  SINCE JUN 1      0.0                       0.0    0.0      0.0
  SINCE JUL 1     78.6                     100.9  -22.3     71.2
  SNOW DEPTH       0

DEGREE DAYS
 HEATING
  TODAY            0                         1     -1        0
  MONTH TO DATE   39                        54    -15       40
  SINCE JUN 1     39                        54    -15       40
  SINCE JUL 1   5096                      6140  -1044     5210

 COOLING
  TODAY            6                         5      1        5
  MONTH TO DATE  116                        77     39      104
  SINCE JUN 1    116                        77     39      104
  SINCE JAN 1    160                       116     44      179
..................................................................


WIND (MPH)
  HIGHEST WIND SPEED    20   HIGHEST WIND DIRECTION    SW (220)
  HIGHEST GUST SPEED    24   HIGHEST GUST DIRECTION    SW (220)


SKY COVER
  POSSIBLE SUNSHINE  MM
  AVERAGE SKY COVER 0.2


WEATHER CONDITIONS
 THE FOLLOWING WEATHER WAS RECORDED TODAY.
  THUNDERSTORM
  HEAVY RAIN
  LIGHT RAIN


RELATIVE HUMIDITY (PERCENT)
 HIGHEST    86          1200 AM
 LOWEST     53           900 AM
 AVERAGE    70

..........................................................


THE ERIE PA CLIMATE NORMALS FOR TOMORROW
                         NORMAL    RECORD    YEAR
 MAXIMUM TEMPERATURE (F)   78        92      1964
                                             1948
 MINIMUM TEMPERATURE (F)   61        45      1963
                                             1918


SUNRISE AND SUNSET
JUNE 22 2017..........SUNRISE   545 AM EDT   SUNSET   900 PM EDT
JUNE 23 2017..........SUNRISE   546 AM EDT   SUNSET   900 PM EDT


-  INDICATES NEGATIVE NUMBERS.
R  INDICATES RECORD WAS SET OR TIED.
MM INDICATES DATA IS MISSING.
T  INDICATES TRACE AMOUNT.




$$
