000
CDUS41 KCLE 140529
CLIERI


CLIMATE REPORT
NATIONAL WEATHER SERVICE CLEVELAND OH
128 AM EDT MON APR 14 2014


...................................

...THE ERIE PA CLIMATE SUMMARY FOR APRIL 13 2014...

CLIMATE NORMAL PERIOD 1981 TO 2010
CLIMATE RECORD PERIOD 1873 TO 2014


WEATHER ITEM   OBSERVED TIME   RECORD YEAR NORMAL DEPARTURE LAST
                VALUE   (LST)  VALUE       VALUE  FROM      YEAR
                                                  NORMAL
..................................................................
TEMPERATURE (F)
 YESTERDAY
  MAXIMUM         80    525 PM  81    1945  55     25       44
  MINIMUM         45    525 AM  21    1950  37      8       37
  AVERAGE         63                        46     17       41

PRECIPITATION (IN)
  YESTERDAY        T                         0.12  -0.12     0.11
  MONTH TO DATE    1.65                      1.52   0.13     1.23
  SINCE MAR 1      4.82                      4.47   0.35     3.83
  SINCE JAN 1     10.73                      9.81   0.92    10.34

SNOWFALL (IN)
  YESTERDAY        0.0                       0.1   -0.1      0.0
  MONTH TO DATE    T                         2.4   -2.4       T
  SINCE MAR 1     17.6                      16.1    1.5     25.2
  SINCE JUL 1    137.2                     100.1   37.1    104.5
  SNOW DEPTH       0

DEGREE DAYS
 HEATING
  YESTERDAY        2                        19    -17       24
  MONTH TO DATE  241                       276    -35      310
  SINCE MAR 1   1380                      1187    193     1305
  SINCE JUL 1   6201                      5552    649     5399

 COOLING
  YESTERDAY        0                         0      0        0
  MONTH TO DATE    0                         0      0        0
  SINCE MAR 1      0                         1     -1        0
  SINCE JAN 1      0                         1     -1        0
..................................................................


WIND (MPH)
  HIGHEST WIND SPEED    29   HIGHEST WIND DIRECTION    SW (210)
  HIGHEST GUST SPEED    37   HIGHEST GUST DIRECTION    SW (210)
  AVERAGE WIND SPEED    11.0


SKY COVER
  POSSIBLE SUNSHINE  MM
  AVERAGE SKY COVER 0.4


WEATHER CONDITIONS
 THE FOLLOWING WEATHER WAS RECORDED YESTERDAY.
  LIGHT RAIN
  HAZE


RELATIVE HUMIDITY (PERCENT)
 HIGHEST    71           600 AM
 LOWEST     24          1200 AM
 AVERAGE    48

..........................................................


THE ERIE PA CLIMATE NORMALS FOR TODAY
                         NORMAL    RECORD    YEAR
 MAXIMUM TEMPERATURE (F)   56        86      1883
 MINIMUM TEMPERATURE (F)   38        21      1975
                                             1950


SUNRISE AND SUNSET
APRIL 14 2014.........SUNRISE   642 AM EDT   SUNSET   801 PM EDT
APRIL 15 2014.........SUNRISE   640 AM EDT   SUNSET   802 PM EDT


-  INDICATES NEGATIVE NUMBERS.
R  INDICATES RECORD WAS SET OR TIED.
MM INDICATES DATA IS MISSING.
T  INDICATES TRACE AMOUNT.




$$
