000
CDUS41 KCLE 190527
CLIERI


CLIMATE REPORT
NATIONAL WEATHER SERVICE CLEVELAND OH
1227 AM EST FRI DEC 19 2014


...................................

...THE ERIE PA CLIMATE SUMMARY FOR DECEMBER 18 2014...

CLIMATE NORMAL PERIOD 1981 TO 2010
CLIMATE RECORD PERIOD 1873 TO 2014


WEATHER ITEM   OBSERVED TIME   RECORD YEAR NORMAL DEPARTURE LAST
                VALUE   (LST)  VALUE       VALUE  FROM      YEAR
                                                  NORMAL
..................................................................
TEMPERATURE (F)
 YESTERDAY
  MAXIMUM         33    838 PM  60    1967  37     -4       30
  MINIMUM         31   1135 PM   0    1919  26      5       26
  AVERAGE         32                        31      1       28

PRECIPITATION (IN)
  YESTERDAY        0.02                      0.12  -0.10     0.11
  MONTH TO DATE    1.79                      2.23  -0.44     2.24
  SINCE DEC 1      1.79                      2.23  -0.44     2.24
  SINCE JAN 1     40.02                     40.65  -0.63    50.74

SNOWFALL (IN)
  YESTERDAY        0.3                       1.0   -0.7      1.5
  MONTH TO DATE    3.7                      14.3  -10.6     32.8
  SINCE DEC 1      3.7                      14.3  -10.6     32.8
  SINCE JUL 1     28.7                      23.0    5.7     48.4
  SNOW DEPTH       T

DEGREE DAYS
 HEATING
  YESTERDAY       33                        34     -1       37
  MONTH TO DATE  523                       554    -31      644
  SINCE DEC 1    523                       554    -31      644
  SINCE JUL 1   1737                      1710     27     1843

 COOLING
  YESTERDAY        0                         0      0        0
  MONTH TO DATE    0                         0      0        0
  SINCE DEC 1      0                         0      0        0
  SINCE JAN 1    603                       638    -35      706
..................................................................


WIND (MPH)
  HIGHEST WIND SPEED    20   HIGHEST WIND DIRECTION     W (280)
  HIGHEST GUST SPEED    29   HIGHEST GUST DIRECTION     W (290)
  AVERAGE WIND SPEED    11.2


SKY COVER
  POSSIBLE SUNSHINE  MM
  AVERAGE SKY COVER 1.0


WEATHER CONDITIONS
 THE FOLLOWING WEATHER WAS RECORDED YESTERDAY.
  LT FREEZING RAIN
  LIGHT SNOW
  FOG
  HAZE


RELATIVE HUMIDITY (PERCENT)
 HIGHEST    78           500 AM
 LOWEST     63          1200 AM
 AVERAGE    71

..........................................................


THE ERIE PA CLIMATE NORMALS FOR TODAY
                         NORMAL    RECORD    YEAR
 MAXIMUM TEMPERATURE (F)   37        61      1957
 MINIMUM TEMPERATURE (F)   25         4      1919


SUNRISE AND SUNSET
DECEMBER 19 2014......SUNRISE   745 AM EST   SUNSET   451 PM EST
DECEMBER 20 2014......SUNRISE   745 AM EST   SUNSET   452 PM EST


-  INDICATES NEGATIVE NUMBERS.
R  INDICATES RECORD WAS SET OR TIED.
MM INDICATES DATA IS MISSING.
T  INDICATES TRACE AMOUNT.




$$
