000
CDUS41 KCLE 010546
CLIERI


CLIMATE REPORT
NATIONAL WEATHER SERVICE CLEVELAND OH
145 AM EDT MON JUN 1 2015


...................................

...THE ERIE PA CLIMATE SUMMARY FOR MAY 31 2015...

CLIMATE NORMAL PERIOD 1981 TO 2010
CLIMATE RECORD PERIOD 1873 TO 2015


WEATHER ITEM   OBSERVED TIME   RECORD YEAR NORMAL DEPARTURE LAST
                VALUE   (LST)  VALUE       VALUE  FROM      YEAR
                                                  NORMAL
..................................................................
TEMPERATURE (F)
 YESTERDAY
  MAXIMUM         67   1235 AM  90    2011  71     -4       72
  MINIMUM         46   1157 PM  38    2001  53     -7       52
  AVERAGE         57                        62     -5       62

PRECIPITATION (IN)
  YESTERDAY        1.01                      0.12   0.89     0.00
  MONTH TO DATE    3.46                      3.44   0.02     3.25
  SINCE MAR 1      8.43                      9.72  -1.29    10.24
  SINCE JAN 1     14.19                     15.06  -0.87    16.15

SNOWFALL (IN)
  YESTERDAY       MM                         0.0   MM        0.0
  MONTH TO DATE    0.0                       T      0.0      0.0
  SINCE MAR 1     10.9                      16.9   -6.0     18.8
  SINCE JUL 1    110.3                     100.9    9.4    138.4
  SNOW DEPTH       0

DEGREE DAYS
 HEATING
  YESTERDAY        8                         5      3        3
  MONTH TO DATE  162                       267   -105      237
  SINCE MAR 1   1738                      1721     17     1906
  SINCE JUL 1   6614                      6086    528     6727

 COOLING
  YESTERDAY        0                         2     -2        0
  MONTH TO DATE  112                        32     80       39
  SINCE MAR 1    112                        39     73       39
  SINCE JAN 1    112                        39     73       39
..................................................................


WIND (MPH)
  HIGHEST WIND SPEED    33   HIGHEST WIND DIRECTION    NE (50)
  HIGHEST GUST SPEED    43   HIGHEST GUST DIRECTION    NE (60)
  AVERAGE WIND SPEED    21.3


SKY COVER
  POSSIBLE SUNSHINE  MM
  AVERAGE SKY COVER 0.9


WEATHER CONDITIONS
 THE FOLLOWING WEATHER WAS RECORDED YESTERDAY.
  HEAVY RAIN
  RAIN
  LIGHT RAIN
  FOG


RELATIVE HUMIDITY (PERCENT)
 HIGHEST    93           200 AM
 LOWEST     83           200 PM
 AVERAGE    88

..........................................................


THE ERIE PA CLIMATE NORMALS FOR TODAY
                         NORMAL    RECORD    YEAR
 MAXIMUM TEMPERATURE (F)   72        94      1934
 MINIMUM TEMPERATURE (F)   54        37      1966


SUNRISE AND SUNSET
JUNE  1 2015..........SUNRISE   548 AM EDT   SUNSET   850 PM EDT
JUNE  2 2015..........SUNRISE   547 AM EDT   SUNSET   851 PM EDT


-  INDICATES NEGATIVE NUMBERS.
R  INDICATES RECORD WAS SET OR TIED.
MM INDICATES DATA IS MISSING.
T  INDICATES TRACE AMOUNT.




$$
