000
CDUS41 KCLE 100545
CLIERI


CLIMATE REPORT
NATIONAL WEATHER SERVICE CLEVELAND OH
145 AM EDT THU AUG 10 2017


...................................

...THE ERIE PA CLIMATE SUMMARY FOR AUGUST 9 2017...

CLIMATE NORMAL PERIOD 1981 TO 2010
CLIMATE RECORD PERIOD 1873 TO 2017


WEATHER ITEM   OBSERVED TIME   RECORD YEAR NORMAL DEPARTURE LAST
                VALUE   (LST)  VALUE       VALUE  FROM      YEAR
                                                  NORMAL
..................................................................
TEMPERATURE (F)
 YESTERDAY
  MAXIMUM         81   1143 AM  90    2009  79      2       89
  MINIMUM         61    607 AM  51    1989  63     -2       67
                                      1958
                                      1922
  AVERAGE         71                        71      0       78

PRECIPITATION (IN)
  YESTERDAY        0.00                      0.12  -0.12     2.08
  MONTH TO DATE    0.48                      1.05  -0.57     2.10
  SINCE JUN 1      9.68                      8.35   1.33     8.27
  SINCE JAN 1     29.67                     23.41   6.26    21.04

SNOWFALL (IN)
  YESTERDAY        0.0                       0.0    0.0      0.0
  MONTH TO DATE    0.0                       0.0    0.0      0.0
  SINCE JUN 1      0.0                       0.0    0.0      0.0
  SINCE JUL 1      0.0                       0.0    0.0      0.0
  SNOW DEPTH       0

DEGREE DAYS
 HEATING
  YESTERDAY        0                         0      0        0
  MONTH TO DATE    0                         0      0        0
  SINCE JUN 1     48                        68    -20       40
  SINCE JUL 1      0                         7     -7        0

 COOLING
  YESTERDAY        6                         6      0       13
  MONTH TO DATE   52                        62    -10       94
  SINCE JUN 1    401                       398      3      532
  SINCE JAN 1    445                       437      8      607
..................................................................


WIND (MPH)
  HIGHEST WIND SPEED    14   HIGHEST WIND DIRECTION    SW (220)
  HIGHEST GUST SPEED    18   HIGHEST GUST DIRECTION    SW (220)
  AVERAGE WIND SPEED     7.4


SKY COVER
  POSSIBLE SUNSHINE  MM
  AVERAGE SKY COVER 0.1


WEATHER CONDITIONS
 THE FOLLOWING WEATHER WAS RECORDED YESTERDAY.
  NO SIGNIFICANT WEATHER WAS OBSERVED.


RELATIVE HUMIDITY (PERCENT)
 HIGHEST    81          1000 PM
 LOWEST     47          1000 AM
 AVERAGE    64

..........................................................


THE ERIE PA CLIMATE NORMALS FOR TODAY
                         NORMAL    RECORD    YEAR
 MAXIMUM TEMPERATURE (F)   79        90      1944
 MINIMUM TEMPERATURE (F)   63        46      1972


SUNRISE AND SUNSET
AUGUST 10 2017........SUNRISE   623 AM EDT   SUNSET   828 PM EDT
AUGUST 11 2017........SUNRISE   625 AM EDT   SUNSET   826 PM EDT


-  INDICATES NEGATIVE NUMBERS.
R  INDICATES RECORD WAS SET OR TIED.
MM INDICATES DATA IS MISSING.
T  INDICATES TRACE AMOUNT.




$$
