000
CDUS41 KCLE 142216
CLIERI


CLIMATE REPORT
NATIONAL WEATHER SERVICE CLEVELAND OH
515 PM EST TUE FEB 14 2017


...................................

...THE ERIE PA CLIMATE SUMMARY FOR FEBRUARY 14 2017...
VALID TODAY AS OF 0500 PM LOCAL TIME.

CLIMATE NORMAL PERIOD 1981 TO 2010
CLIMATE RECORD PERIOD 1873 TO 2017


WEATHER ITEM   OBSERVED TIME   RECORD YEAR NORMAL DEPARTURE LAST
                VALUE   (LST)  VALUE       VALUE  FROM      YEAR
                                                  NORMAL
..................................................................
TEMPERATURE (F)
 TODAY
  MAXIMUM         47    115 PM  59    1946  35     12       18
                                      1938
  MINIMUM         25   1217 AM -10    1979  21      4       10
  AVERAGE         36                        28      8       14

PRECIPITATION (IN)
  TODAY            0.00                      0.08  -0.08     0.02
  MONTH TO DATE    1.65                      1.16   0.49     1.55
  SINCE DEC 1     10.41                      7.85   2.56     7.82
  SINCE JAN 1      6.53                      4.11   2.42     3.93

SNOWFALL (IN)
  TODAY            0.0                       0.7   -0.7      0.4
  MONTH TO DATE    7.4                       9.7   -2.3     13.2
  SINCE DEC 1     63.0                      66.8   -3.8     56.5
  SINCE JUL 1     65.4                      75.5  -10.1     57.0
  SNOW DEPTH       T

DEGREE DAYS
 HEATING
  TODAY           29                        37     -8       51
  MONTH TO DATE  464                       527    -63      484
  SINCE DEC 1   2435                      2709   -274     2247
  SINCE JUL 1   3215                      3865   -650     3138

 COOLING
  TODAY            0                         0      0        0
  MONTH TO DATE    0                         0      0        0
  SINCE DEC 1      0                         0      0        0
  SINCE JAN 1      0                         0      0        0
..................................................................


WIND (MPH)
  HIGHEST WIND SPEED    23   HIGHEST WIND DIRECTION    SW (220)
  HIGHEST GUST SPEED    31   HIGHEST GUST DIRECTION    SW (230)


SKY COVER
  POSSIBLE SUNSHINE  MM
  AVERAGE SKY COVER 0.0


WEATHER CONDITIONS
 THE FOLLOWING WEATHER WAS RECORDED TODAY.
  NO SIGNIFICANT WEATHER WAS OBSERVED.


RELATIVE HUMIDITY (PERCENT)
 HIGHEST    74          1200 AM
 LOWEST     45           100 PM
 AVERAGE    60

..........................................................


THE ERIE PA CLIMATE NORMALS FOR TOMORROW
                         NORMAL    RECORD    YEAR
 MAXIMUM TEMPERATURE (F)   35        65      1954
 MINIMUM TEMPERATURE (F)   21        -9      2015
                                             1943


SUNRISE AND SUNSET
FEBRUARY 14 2017......SUNRISE   718 AM EST   SUNSET   553 PM EST
FEBRUARY 15 2017......SUNRISE   716 AM EST   SUNSET   554 PM EST


-  INDICATES NEGATIVE NUMBERS.
R  INDICATES RECORD WAS SET OR TIED.
MM INDICATES DATA IS MISSING.
T  INDICATES TRACE AMOUNT.




$$
