000
CDUS41 KCLE 170529
CLIERI


CLIMATE REPORT
NATIONAL WEATHER SERVICE CLEVELAND OH
1228 AM EST SAT FEB 17 2018


...................................

...THE ERIE PA CLIMATE SUMMARY FOR FEBRUARY 16 2018...

CLIMATE NORMAL PERIOD 1981 TO 2010
CLIMATE RECORD PERIOD 1873 TO 2018


WEATHER ITEM   OBSERVED TIME   RECORD YEAR NORMAL DEPARTURE LAST
                VALUE   (LST)  VALUE       VALUE  FROM      YEAR
                                                  NORMAL
..................................................................
TEMPERATURE (F)
 YESTERDAY
  MAXIMUM         48   1213 AM  70    1883  36     12       28
  MINIMUM         21   1122 PM -18    2015  21      0       24
  AVERAGE         35                        28      7       26

PRECIPITATION (IN)
  YESTERDAY        T                         0.08  -0.08     0.04
  MONTH TO DATE    1.92                      1.33   0.59     1.83
  SINCE DEC 1     12.19                      8.02   4.17    10.59
  SINCE JAN 1      4.64                      4.28   0.36     6.71

SNOWFALL (IN)
  YESTERDAY        0.0                       0.6   -0.6      0.8
  MONTH TO DATE   11.0                      10.9    0.1      9.8
  SINCE DEC 1    154.3                      68.0   86.3     65.4
  SINCE JUL 1    154.8                      76.7   78.1     67.8
  SNOW DEPTH       0

DEGREE DAYS
 HEATING
  YESTERDAY       30                        37     -7       39
  MONTH TO DATE  604                       601      3      534
  SINCE DEC 1   2938                      2783    155     2505
  SINCE JUL 1   3935                      3939     -4     3285

 COOLING
  YESTERDAY        0                         0      0        0
  MONTH TO DATE    0                         0      0        0
  SINCE DEC 1      0                         0      0        0
  SINCE JAN 1      0                         0      0        0
..................................................................


WIND (MPH)
  HIGHEST WIND SPEED    17   HIGHEST WIND DIRECTION    NW (300)
  HIGHEST GUST SPEED    25   HIGHEST GUST DIRECTION     W (290)
  AVERAGE WIND SPEED     8.5


SKY COVER
  POSSIBLE SUNSHINE  MM
  AVERAGE SKY COVER 0.8


WEATHER CONDITIONS
 THE FOLLOWING WEATHER WAS RECORDED YESTERDAY.
  LIGHT RAIN
  FOG
  FOG W/VISIBILITY <= 1/4 MILE


RELATIVE HUMIDITY (PERCENT)
 HIGHEST    93          1200 AM
 LOWEST     58           700 PM
 AVERAGE    76

..........................................................


THE ERIE PA CLIMATE NORMALS FOR TODAY
                         NORMAL    RECORD    YEAR
 MAXIMUM TEMPERATURE (F)   36        62      2006
 MINIMUM TEMPERATURE (F)   21       -12      1973


SUNRISE AND SUNSET
FEBRUARY 17 2018......SUNRISE   714 AM EST   SUNSET   556 PM EST
FEBRUARY 18 2018......SUNRISE   712 AM EST   SUNSET   557 PM EST


-  INDICATES NEGATIVE NUMBERS.
R  INDICATES RECORD WAS SET OR TIED.
MM INDICATES DATA IS MISSING.
T  INDICATES TRACE AMOUNT.




$$
