000
CDUS41 KCLE 142211
CLIERI


CLIMATE REPORT
NATIONAL WEATHER SERVICE CLEVELAND OH
511 PM EST TUE NOV 14 2017


...................................

...THE ERIE PA CLIMATE SUMMARY FOR NOVEMBER 14 2017...
VALID TODAY AS OF 0500 PM LOCAL TIME.

CLIMATE NORMAL PERIOD 1981 TO 2010
CLIMATE RECORD PERIOD 1873 TO 2017


WEATHER ITEM   OBSERVED TIME   RECORD YEAR NORMAL DEPARTURE LAST
                VALUE   (LST)  VALUE       VALUE  FROM      YEAR
                                                  NORMAL
..................................................................
TEMPERATURE (F)
 TODAY
  MAXIMUM         45    252 PM  73    1994  51     -6       58
  MINIMUM         38    752 AM  18    1905  37      1       38
  AVERAGE         42                        44     -2       48

PRECIPITATION (IN)
  TODAY            T                         0.14  -0.14     0.00
  MONTH TO DATE    4.44                      1.81   2.63     0.93
  SINCE SEP 1     12.57                     10.47   2.10    13.13
  SINCE JAN 1     43.94                     36.30   7.64    40.19

SNOWFALL (IN)
  TODAY            0.0                       0.3   -0.3      0.0
  MONTH TO DATE    T                         2.5   -2.5      0.0
  SINCE SEP 1      T                         2.7   -2.7      0.0
  SINCE JUL 1      T                         2.7   -2.7      0.0
  SNOW DEPTH       0

DEGREE DAYS
 HEATING
  TODAY           23                        21      2       17
  MONTH TO DATE  295                       264     31      185
  SINCE SEP 1    616                       749   -133      461
  SINCE JUL 1    626                       767   -141      461

 COOLING
  TODAY            0                         0      0        0
  MONTH TO DATE    0                         0      0        2
  SINCE SEP 1    135                        80     55      168
  SINCE JAN 1    697                       638     59     1017
..................................................................


WIND (MPH)
  HIGHEST WIND SPEED     9   HIGHEST WIND DIRECTION    NW (330)
  HIGHEST GUST SPEED    12   HIGHEST GUST DIRECTION    NW (310)


SKY COVER
  POSSIBLE SUNSHINE  MM
  AVERAGE SKY COVER 1.0


WEATHER CONDITIONS
 THE FOLLOWING WEATHER WAS RECORDED TODAY.
  NO SIGNIFICANT WEATHER WAS OBSERVED.


RELATIVE HUMIDITY (PERCENT)
 HIGHEST    85          1200 AM
 LOWEST     53           100 PM
 AVERAGE    69

..........................................................


THE ERIE PA CLIMATE NORMALS FOR TOMORROW
                         NORMAL    RECORD    YEAR
 MAXIMUM TEMPERATURE (F)   50        73      1927
 MINIMUM TEMPERATURE (F)   37        16      1933


SUNRISE AND SUNSET
NOVEMBER 14 2017......SUNRISE   710 AM EST   SUNSET   500 PM EST
NOVEMBER 15 2017......SUNRISE   711 AM EST   SUNSET   459 PM EST


-  INDICATES NEGATIVE NUMBERS.
R  INDICATES RECORD WAS SET OR TIED.
MM INDICATES DATA IS MISSING.
T  INDICATES TRACE AMOUNT.




$$
